{"id":32,"date":"2010-10-03T05:11:36","date_gmt":"2010-10-03T05:11:36","guid":{"rendered":"https:\/\/aapars.com\/jacques-landry\/?page_id=2"},"modified":"2021-05-23T13:25:48","modified_gmt":"2021-05-23T17:25:48","slug":"profil","status":"publish","type":"page","link":"https:\/\/aapars.com\/pauline-lysight\/","title":{"rendered":"Pauline Lysight"},"content":{"rendered":"<p><a href=\"https:\/\/aapars.com\/pauline-lysight\/files\/2011\/01\/pllysight.jpg\"><img loading=\"lazy\" decoding=\"async\" class=\"alignnone size-full wp-image-40\" src=\"https:\/\/aapars.com\/pauline-lysight\/files\/2011\/01\/pllysight.jpg\" alt=\"Pauline Lysight\" width=\"128\" height=\"210\" \/><\/a><\/p>\n\n<table id=\"tablepress-1\" class=\"tablepress tablepress-id-1\">\n<tbody class=\"row-striping\">\n<tr class=\"row-1\">\n\t<td class=\"column-1\">Technique :<\/td><td class=\"column-2\">Huile, Aquarelle, Dessin, Fusain, Pastel<\/td>\n<\/tr>\n<tr class=\"row-2\">\n\t<td class=\"column-1\">Affiliations professionelles :<\/td><td class=\"column-2\">AAPARS, CAPSQ<br \/>\n<\/td>\n<\/tr>\n<tr class=\"row-3\">\n\t<td class=\"column-1\">T\u00e9l\u00e9phone :<\/td><td class=\"column-2\">450-616-3776<\/td>\n<\/tr>\n<tr class=\"row-4\">\n\t<td class=\"column-1\">Courriel :<\/td><td class=\"column-2\"><a href=\"mailto:polenchka@hotmail.com\">polenchka@hotmail.com<\/a><\/td>\n<\/tr>\n<tr class=\"row-5\">\n\t<td class=\"column-1\">Site internet:<\/td><td class=\"column-2\"><a href=\"http:\/\/aapars.com\/pauline-lysight\">aapars.com\/pauline-lysight<\/a><\/td>\n<\/tr>\n<\/tbody>\n<\/table>\n<!-- #tablepress-1 from cache -->\n<h2>D\u00e9marche<\/h2>\n<p>Un rayon du couchant embrase la torche de la phragmite&#8230; fugace fragment de perfection. La couleur, ses contours, ses textures, ses humeurs&#8230; comme un appel des tr\u00e9fonds de l&#8217;enfance qui se heurte au temps et retentit en \u00e9chos de plus en plus pressants : saisir la couleur dans ses latences et ses mouvances, en sonder le spectre et en soutirer les ombres et les lumi\u00e8res qui animent les vies.<\/p>\n<p>Pauline Lysight est n\u00e9e au pays de la lumi\u00e8re qui r\u00e9v\u00e8le tout. L&#8217;Abitibi, son berceau, fief incontest\u00e9 de la grande nature, l&#8217;inspire toujours comme aux beaux jours de son enfance o\u00f9 la pulsion de dessiner l&#8217;animait sans r\u00e9pit. Les r\u00eaves prenaient les couleurs des beaux-arts et l&#8217;humble r\u00e9alit\u00e9 de la grande famille ne faisait qu&#8217;exacerber ce d\u00e9sir qui s&#8217;est finalement \u00e9panoui en 1978 o\u00f9 l&#8217;huile s&#8217;est av\u00e9r\u00e9e la complice absolue de son talent. Douce conqu\u00eate du m\u00e9dium qui marie souplesse, chaleur et luxuriance.<\/p>\n<p>En 1984, Pauline d\u00e9couvre la ma\u00eetresse capricieuse, preste et vaporeuse qu&#8217;est l&#8217;aquarelle. Elle aime sa transparence et sa luminosit\u00e9. Mais son premier amour, l&#8217;huile, revient constamment la hanter et elle s&#8217;y soumet avec la m\u00eame docilit\u00e9 qu&#8217;\u00e0 ses premi\u00e8res exp\u00e9riences. En 1988, Pierre Brault lui r\u00e9v\u00e8le un autre secret d&#8217;elle-m\u00eame : le portrait dans son instant pr\u00e9sent, dans son \u00e9tat d&#8217;\u00e2me, dans son sentiment. La toile comme un visage d&#8217;o\u00f9 glisse une larme ou \u00e9clate un rire.<\/p>\n<p>Les toiles r\u00e9alis\u00e9es par Pauline Lysight portent une signature unique : le fondu des couleurs dans un continuum \u00e0 la fois naturel et fascinant. Sur la toile, le regard rencontre le mouvement des couleurs qui se fusionnent et se d\u00e9ploient. Une exp\u00e9rience tout \u00e0 fait exclusive.<\/p>\n<p>Collections priv\u00e9es en France, aux \u00c9tats-Unis et au Canada.<\/p>\n<h2>Formation<\/h2>\n\n<table id=\"tablepress-2\" class=\"tablepress tablepress-id-2\">\n<thead>\n<tr class=\"row-1\">\n\t<th class=\"column-1\">Ann\u00e9e<\/th><th class=\"column-2\">Institution\/Professeur<\/th><th class=\"column-3\">Programme<\/th>\n<\/tr>\n<\/thead>\n<tbody class=\"row-striping\">\n<tr class=\"row-2\">\n\t<td class=\"column-1\">2011<\/td><td class=\"column-2\">Chalet Marie-Victorin de St-Bruno<\/td><td class=\"column-3\">Huile \u00e0 la spatule avec Yves Ayotte (atelier)<\/td>\n<\/tr>\n<tr class=\"row-3\">\n\t<td class=\"column-1\">2011<\/td><td class=\"column-2\">Centre communautaire de St-Bruno<\/td><td class=\"column-3\">Acrylique et collage de papiers japonais avec \u00c9dith R\u00e9my (atelier)<\/td>\n<\/tr>\n<tr class=\"row-4\">\n\t<td class=\"column-1\">2011<\/td><td class=\"column-2\">Centre communautaire de St-Bruno<\/td><td class=\"column-3\">Marouflage avec Louisa Nicol (atelier)<\/td>\n<\/tr>\n<tr class=\"row-5\">\n\t<td class=\"column-1\">2010<\/td><td class=\"column-2\">Vieille Gare de St-Bruno<\/td><td class=\"column-3\">Les secrets de la composition avec Carole Bonneau (atelier)<\/td>\n<\/tr>\n<tr class=\"row-6\">\n\t<td class=\"column-1\">2010<\/td><td class=\"column-2\">Centre communautaire de St-Bruno<\/td><td class=\"column-3\">Huile \u00e0 la spatule avec Yves Ayotte (atelier) - (th\u00e8se-antith\u00e8se-synth\u00e8se)<\/td>\n<\/tr>\n<tr class=\"row-7\">\n\t<td class=\"column-1\">2010<\/td><td class=\"column-2\">Atelier Le Versant \u00e0 Mont St-Hilaire<\/td><td class=\"column-3\">Cr\u00e9ativit\u00e9 et composition avec Pierrette Voghel (acrylique et techniques mixtes) (atelier)<\/td>\n<\/tr>\n<tr class=\"row-8\">\n\t<td class=\"column-1\">2009<\/td><td class=\"column-2\">Atelier de Tania Lebedeff \u00e0 Mont St-Hilaire<\/td><td class=\"column-3\">Cr\u00e9ativit\u00e9 avec Tania Lebedeff (atelier)<\/td>\n<\/tr>\n<tr class=\"row-9\">\n\t<td class=\"column-1\">2008<\/td><td class=\"column-2\">AAPARS, St-Bruno<\/td><td class=\"column-3\">Mediums mixtes avec Ursula Lampron (atelier)<\/td>\n<\/tr>\n<tr class=\"row-10\">\n\t<td class=\"column-1\">2006 \u00e0 2011<\/td><td class=\"column-2\">AAPARS, St-Bruno<\/td><td class=\"column-3\">Expos\u00e9s techniques de l'AAPARS<br \/>\r\n<\/td>\n<\/tr>\n<tr class=\"row-11\">\n\t<td class=\"column-1\">2006<\/td><td class=\"column-2\">AAPARS, St-Bruno<\/td><td class=\"column-3\">Aquarelle par \u00e9mergence avec Ir\u00e8ne Desgroseillers-Hall\u00e9 (atelier)<\/td>\n<\/tr>\n<tr class=\"row-12\">\n\t<td class=\"column-1\">2004-2005-2006-2010-2011-2012<\/td><td class=\"column-2\">AAPARS, St-Bruno<\/td><td class=\"column-3\">Ateliers de mod\u00e8les vivants(perfectionnement en dessin)<\/td>\n<\/tr>\n<tr class=\"row-13\">\n\t<td class=\"column-1\">2004<\/td><td class=\"column-2\">Le Centre d'art visuel Westmount<\/td><td class=\"column-3\">Peinture d\u00e9corative et faux fini avec Christine Redfern<\/td>\n<\/tr>\n<tr class=\"row-14\">\n\t<td class=\"column-1\">2004<\/td><td class=\"column-2\">AAPARS, St-Bruno<\/td><td class=\"column-3\">Personnages \u00e0 l'huile avec Lise Auger (atelier)<\/td>\n<\/tr>\n<tr class=\"row-15\">\n\t<td class=\"column-1\">1993-1994-2005-2011<\/td><td class=\"column-2\">\u00c9cole de sculpture de Benoi Desch\u00eane \u00e0 St-Jean-Port-Joli<\/td><td class=\"column-3\">Sculpture sur bois avec Benoi Desch\u00eane, ma\u00eetre sculpteur<\/td>\n<\/tr>\n<tr class=\"row-16\">\n\t<td class=\"column-1\">1988-1989<\/td><td class=\"column-2\">Centre communautaire de St-Hubert<\/td><td class=\"column-3\">Portrait avec Pierre Brault (fusain, sanguine, huile)<\/td>\n<\/tr>\n<tr class=\"row-17\">\n\t<td class=\"column-1\">1987<\/td><td class=\"column-2\">Ville de St-Bruno<\/td><td class=\"column-3\">Dessin avec Alberto Buscio et Pierre Duhamel<\/td>\n<\/tr>\n<tr class=\"row-18\">\n\t<td class=\"column-1\">1984 \u00e0 1999<\/td><td class=\"column-2\">AAPARS, St-Bruno<\/td><td class=\"column-3\">Expos\u00e9s techniques de l'AAPARS<\/td>\n<\/tr>\n<tr class=\"row-19\">\n\t<td class=\"column-1\">1984 et 1987<\/td><td class=\"column-2\">St-Bruno, Ste-Julie, Beloeil, Mont St-Hilaire<\/td><td class=\"column-3\">Aquarelle avec Roland Palmaerts (sessions compl\u00e8tes en studio, plus ateliers de fin de semaine \u00e0 peindre sur le vif \u00e0 l'ext\u00e9rieur)<\/td>\n<\/tr>\n<tr class=\"row-20\">\n\t<td class=\"column-1\">1983-1984-1985<\/td><td class=\"column-2\">C\u00e9gep du Vieux-Montr\u00e9al<\/td><td class=\"column-3\">Arts plastiques<\/td>\n<\/tr>\n<tr class=\"row-21\">\n\t<td class=\"column-1\">1983-1984<\/td><td class=\"column-2\">C\u00e9gep du Vieux-Montr\u00e9al<\/td><td class=\"column-3\">Dessin et croquis sur le vif avec Solange L\u00e9veill\u00e9<\/td>\n<\/tr>\n<tr class=\"row-22\">\n\t<td class=\"column-1\">1981-1982<\/td><td class=\"column-2\">Vieux Presbyt\u00e8re de St-Bruno<\/td><td class=\"column-3\">Huile avec Pierre Duhamel<\/td>\n<\/tr>\n<tr class=\"row-23\">\n\t<td class=\"column-1\">1978-1979-1980<\/td><td class=\"column-2\">Vieux Presbyt\u00e8re de St-Bruno<\/td><td class=\"column-3\">Huile avec Pauline Durand<\/td>\n<\/tr>\n<\/tbody>\n<\/table>\n<!-- #tablepress-2 from cache -->\n<h2>Expositions<\/h2>\n\n<table id=\"tablepress-3\" class=\"tablepress tablepress-id-3 tbody-has-connected-cells\">\n<thead>\n<tr class=\"row-1\">\n\t<th class=\"column-1\">Ann\u00e9e<\/th><th class=\"column-2\">Nom<\/th><th class=\"column-3\">Endroit<\/th>\n<\/tr>\n<\/thead>\n<tbody class=\"row-striping\">\n<tr class=\"row-2\">\n\t<td colspan=\"3\" class=\"column-1\">Individuelles<\/td>\n<\/tr>\n<tr class=\"row-3\">\n\t<td class=\"column-1\"> 2008-2009<\/td><td class=\"column-2\">Exposition solo de personnages et paysages<\/td><td class=\"column-3\">La Rose des Vents, \u00c9vain (Rouyn-Noranda) QC<\/td>\n<\/tr>\n<tr class=\"row-4\">\n\t<td colspan=\"3\" class=\"column-1\">Duo<\/td>\n<\/tr>\n<tr class=\"row-5\">\n\t<td class=\"column-1\">2009 (8 juillet-11 octobre)<\/td><td class=\"column-2\">\u00c9loge \u00e0 la vie - Exposition en duo avec l'artiste-peintre Monique Latendresse<\/td><td class=\"column-3\">Palais des arts Harricana, Amos, QC<\/td>\n<\/tr>\n<tr class=\"row-6\">\n\t<td class=\"column-1\">1990 (6-29 avril)<\/td><td class=\"column-2\">Exposition en duo avec l'artiste-peintre Monique Latendresse<\/td><td class=\"column-3\">Galerie du Centre socio-culturel d'Amos, QC<\/td>\n<\/tr>\n<tr class=\"row-7\">\n\t<td colspan=\"3\" class=\"column-1\">Collectives<\/td>\n<\/tr>\n<tr class=\"row-8\">\n\t<td class=\"column-1\">2011 (octobre)<\/td><td class=\"column-2\">Expo-concours automnale de l'AAPARS<\/td><td class=\"column-3\">Centre Marcel-Dulude, Saint-Bruno-de-Montarville, QC<\/td>\n<\/tr>\n<tr class=\"row-9\">\n\t<td class=\"column-1\">2011 (30 avril-1 mai)<\/td><td class=\"column-2\">Exposition printani\u00e8re de l'AAPARS<\/td><td class=\"column-3\">Centre civique, Mont-Saint-Hilaire, QC<\/td>\n<\/tr>\n<tr class=\"row-10\">\n\t<td class=\"column-1\">2011 (16-17 avril)<\/td><td class=\"column-2\">Exposition  <Tomber des nus> de l'AAPARS<\/td><td class=\"column-3\">Chalet Marie-Victorin, Saint-Bruno-de-Montarville, QC<\/td>\n<\/tr>\n<tr class=\"row-11\">\n\t<td class=\"column-1\">2010 (28-30 octobre)<\/td><td class=\"column-2\">Expo-concours du CAPSQ (Cercle des artistes peintres et sculpteurs du Qu\u00e9bec)<\/td><td class=\"column-3\">Centre culturel Brancusi, Montr\u00e9al, QC<\/td>\n<\/tr>\n<tr class=\"row-12\">\n\t<td class=\"column-1\">2010 (16-17 octobre)<\/td><td class=\"column-2\">Expo-concours automnale de l'AAPARS<\/td><td class=\"column-3\">Centre Marcel-Dulude, Saint-Bruno-de-Montarville, QC<\/td>\n<\/tr>\n<tr class=\"row-13\">\n\t<td class=\"column-1\">2010 (7-31 octobre)<\/td><td class=\"column-2\">Expo-concours du Mus\u00e9e des beaux-arts de Mont-Saint-Hilaire <\/td><td class=\"column-3\">Mus\u00e9e des beaux-arts de Mont-Saint-Hilaire, QC<\/td>\n<\/tr>\n<tr class=\"row-14\">\n\t<td class=\"column-1\">2010 (mai)<\/td><td class=\"column-2\">Exposition printani\u00e8re de l'AAPARS<\/td><td class=\"column-3\">Centre civique, Mont-Saint-Hilaire, QC<\/td>\n<\/tr>\n<tr class=\"row-15\">\n\t<td class=\"column-1\"> 2010 (mars)<\/td><td class=\"column-2\">Exposition de l'AAPARS<\/td><td class=\"column-3\">Promenades St-Bruno, Saint-Bruno-de-Montarville, QC<\/td>\n<\/tr>\n<tr class=\"row-16\">\n\t<td class=\"column-1\"> 2008 (3-4 mai)<\/td><td class=\"column-2\">Exposition printani\u00e8re de l'AAPARS<\/td><td class=\"column-3\">Maison \u00c9thier, St-Basile-Le-Grand, QC<\/td>\n<\/tr>\n<tr class=\"row-17\">\n\t<td class=\"column-1\">1989 (3 juin)<\/td><td class=\"column-2\">Exposition champ\u00eatre de l'AAPARS<\/td><td class=\"column-3\">Lac du Village, Saint-Bruno-de-Montarville, QC<\/td>\n<\/tr>\n<tr class=\"row-18\">\n\t<td class=\"column-1\"> 1989 29-30 avril)<\/td><td class=\"column-2\">Le Festival F\u00eate-Art avec Roland Palmaerts<\/td><td class=\"column-3\">Ar\u00e9na Rosanne-Laflamme, Saint-Hubert , QC<\/td>\n<\/tr>\n<tr class=\"row-19\">\n\t<td class=\"column-1\"> 1987 (30 avril-27 mai)<\/td><td class=\"column-2\">Exposition d'oeuvres \u00e0 l'aquarelle des \u00e9l\u00e8ves de Roland Palmaerts<\/td><td class=\"column-3\">Galerie d'art Aline Dallaire, Longueuil, QC<\/td>\n<\/tr>\n<tr class=\"row-20\">\n\t<td class=\"column-1\"> 1979<\/td><td class=\"column-2\">Exposition d'automne des \u00e9l\u00e8ves de Pauline Durand<\/td><td class=\"column-3\">Vieux Presbyt\u00e8re, Saint-Bruno-de-Montarville, QC<\/td>\n<\/tr>\n<tr class=\"row-21\">\n\t<td class=\"column-1\"><\/td><td class=\"column-2\"><\/td><td class=\"column-3\"><\/td>\n<\/tr>\n<\/tbody>\n<\/table>\n<!-- #tablepress-3 from cache -->\n<h2>Galeries<\/h2>\n\n<table id=\"tablepress-4\" class=\"tablepress tablepress-id-4\">\n<thead>\n<tr class=\"row-1\">\n\t<th class=\"column-1\">Nom de la galerie<\/th><th class=\"column-2\">Lieu<\/th>\n<\/tr>\n<\/thead>\n<tbody class=\"row-striping\">\n<tr class=\"row-2\">\n\t<td class=\"column-1\">Galerie d'art Aline Dallaire<\/td><td class=\"column-2\">Longueuil (Qu\u00e9bec)<br \/>\r\n30 avril au 27 mai 1987<\/td>\n<\/tr>\n<tr class=\"row-3\">\n\t<td class=\"column-1\">Galerie d'Art Les 3D<\/td><td class=\"column-2\">Saint-Hyacinthe (Qu\u00e9bec)<br \/>\r\n2009-2010-2011-2012<\/td>\n<\/tr>\n<tr class=\"row-4\">\n\t<td class=\"column-1\">Galerie du Centre socio-culturel<\/td><td class=\"column-2\">Amos (Qu\u00e9bec)<br \/>\r\n6 au 29 avril 1990<\/td>\n<\/tr>\n<tr class=\"row-5\">\n\t<td class=\"column-1\">La Rose des Vents<\/td><td class=\"column-2\">\u00c9vain (Rouyn-Noranda)(Qu\u00e9bec)<br \/>\r\n2008-2009<\/td>\n<\/tr>\n<tr class=\"row-6\">\n\t<td class=\"column-1\">Palais des arts Harricana<\/td><td class=\"column-2\">Amos (Qu\u00e9bec)<br \/>\r\n8 juillet au 11 octobre 2009<\/td>\n<\/tr>\n<tr class=\"row-7\">\n\t<td class=\"column-1\">La Fontaine des Arts<\/td><td class=\"column-2\">Rouyn-Noranda (Qu\u00e9bec)<br \/>\r\noctobre 2009 \u00e0 ao\u00fbt 2010<\/td>\n<\/tr>\n<\/tbody>\n<\/table>\n<!-- #tablepress-4 from cache -->\n<h2>M\u00e9dias<\/h2>\n\n<table id=\"tablepress-7\" class=\"tablepress tablepress-id-7\">\n<thead>\n<tr class=\"row-1\">\n\t<th class=\"column-1\">Ann\u00e9e<\/th><th class=\"column-2\">Titre<\/th><th class=\"column-3\">Auteur<\/th><th class=\"column-4\">Source<\/th>\n<\/tr>\n<\/thead>\n<tbody class=\"row-striping\">\n<tr class=\"row-2\">\n\t<td class=\"column-1\">2011<\/td><td class=\"column-2\">Magazin'Art<br \/>\r\nNo 1  Automne 2011, no 93<\/td><td class=\"column-3\">AAPARS<\/td><td class=\"column-4\">\u00c9dition internationale<\/td>\n<\/tr>\n<tr class=\"row-3\">\n\t<td class=\"column-1\">2009-2010<\/td><td class=\"column-2\">Guide de Roussan - Peintres du Qu\u00e9bec<\/td><td class=\"column-3\">Marc de Roussan<\/td><td class=\"column-4\">\u00c9ditions de La Roche<\/td>\n<\/tr>\n<tr class=\"row-4\">\n\t<td class=\"column-1\">2004 (janvier)<\/td><td class=\"column-2\">Babill'AAPARS - Artiste du mois<\/td><td class=\"column-3\">AAPARS<\/td><td class=\"column-4\"><\/td>\n<\/tr>\n<\/tbody>\n<\/table>\n<!-- #tablepress-7 from cache -->\n<h2>Implication b\u00e9n\u00e9vole au sein de l&#8217;AAPARS<\/h2>\n<p>Directrice \u00e0 la formation et membre du conseil d&#8217;administration.<\/p>\n<p>Responsable des ateliers libres de peinture du mercredi.<\/p>\n<p>Co-responsable des ateliers de mod\u00e8les vivants du vendredi.<\/p>\n","protected":false},"excerpt":{"rendered":"<p>D\u00e9marche Un rayon du couchant embrase la torche de la phragmite&#8230; fugace fragment de perfection. La couleur, ses contours, ses textures, ses humeurs&#8230; comme un appel des tr\u00e9fonds de l&#8217;enfance qui se heurte au temps et retentit en \u00e9chos de plus en plus pressants : saisir la couleur dans ses latences et ses mouvances, en &#8230; <\/p>\n<p class=\"read-more-container\"><a title=\"Pauline Lysight\" class=\"read-more button\" href=\"https:\/\/aapars.com\/pauline-lysight\/#more-32\" aria-label=\"En savoir plus sur Pauline Lysight\">Lire plus<\/a><\/p>\n","protected":false},"author":52,"featured_media":0,"parent":0,"menu_order":0,"comment_status":"closed","ping_status":"closed","template":"","meta":{"_s2mail":"","ngg_post_thumbnail":0,"iawp_total_views":97,"footnotes":""},"class_list":["post-32","page","type-page","status-publish"],"yoast_head":"<!-- This site is optimized with the Yoast SEO plugin v27.5 - https:\/\/yoast.com\/product\/yoast-seo-wordpress\/ -->\n<title>Pauline Lysight - Pauline Lysight - Un site de la galerie virtuelle de l\u2019AAPARS<\/title>\n<meta name=\"description\" content=\"D\u00e9marche Un rayon du couchant embrase la torche de la phragmite... fugace fragment de perfection. La couleur, ses contours, ses textures, ses humeurs...\" \/>\n<meta name=\"robots\" content=\"index, follow, max-snippet:-1, max-image-preview:large, max-video-preview:-1\" \/>\n<link rel=\"canonical\" href=\"https:\/\/aapars.com\/pauline-lysight\/\" \/>\n<meta property=\"og:locale\" content=\"fr_FR\" \/>\n<meta property=\"og:type\" content=\"article\" \/>\n<meta property=\"og:title\" content=\"Pauline Lysight - Pauline Lysight - Un site de la galerie virtuelle de l\u2019AAPARS\" \/>\n<meta property=\"og:description\" content=\"D\u00e9marche Un rayon du couchant embrase la torche de la phragmite... fugace fragment de perfection. La couleur, ses contours, ses textures, ses humeurs...\" \/>\n<meta property=\"og:url\" content=\"https:\/\/aapars.com\/pauline-lysight\/\" \/>\n<meta property=\"og:site_name\" content=\"Pauline Lysight\" \/>\n<meta property=\"article:modified_time\" content=\"2021-05-23T17:25:48+00:00\" \/>\n<meta property=\"og:image\" content=\"https:\/\/aapars.com\/pauline-lysight\/files\/2011\/01\/pllysight.jpg\" \/>\n<meta name=\"twitter:label1\" content=\"Dur\u00e9e de lecture estim\u00e9e\" \/>\n\t<meta name=\"twitter:data1\" content=\"2 minutes\" \/>\n<script type=\"application\/ld+json\" class=\"yoast-schema-graph\">{\"@context\":\"https:\\\/\\\/schema.org\",\"@graph\":[{\"@type\":\"WebPage\",\"@id\":\"https:\\\/\\\/aapars.com\\\/pauline-lysight\\\/\",\"url\":\"https:\\\/\\\/aapars.com\\\/pauline-lysight\\\/\",\"name\":\"Pauline Lysight - Pauline Lysight - Un site de la galerie virtuelle de l\u2019AAPARS\",\"isPartOf\":{\"@id\":\"https:\\\/\\\/aapars.com\\\/pauline-lysight\\\/#website\"},\"primaryImageOfPage\":{\"@id\":\"https:\\\/\\\/aapars.com\\\/pauline-lysight\\\/#primaryimage\"},\"image\":{\"@id\":\"https:\\\/\\\/aapars.com\\\/pauline-lysight\\\/#primaryimage\"},\"thumbnailUrl\":\"https:\\\/\\\/aapars.com\\\/pauline-lysight\\\/files\\\/2011\\\/01\\\/pllysight.jpg\",\"datePublished\":\"2010-10-03T05:11:36+00:00\",\"dateModified\":\"2021-05-23T17:25:48+00:00\",\"description\":\"D\u00e9marche Un rayon du couchant embrase la torche de la phragmite... fugace fragment de perfection. La couleur, ses contours, ses textures, ses humeurs...\",\"breadcrumb\":{\"@id\":\"https:\\\/\\\/aapars.com\\\/pauline-lysight\\\/#breadcrumb\"},\"inLanguage\":\"fr-FR\",\"potentialAction\":[{\"@type\":\"ReadAction\",\"target\":[\"https:\\\/\\\/aapars.com\\\/pauline-lysight\\\/\"]}]},{\"@type\":\"ImageObject\",\"inLanguage\":\"fr-FR\",\"@id\":\"https:\\\/\\\/aapars.com\\\/pauline-lysight\\\/#primaryimage\",\"url\":\"https:\\\/\\\/aapars.com\\\/pauline-lysight\\\/files\\\/2011\\\/01\\\/pllysight.jpg\",\"contentUrl\":\"https:\\\/\\\/aapars.com\\\/pauline-lysight\\\/files\\\/2011\\\/01\\\/pllysight.jpg\",\"width\":128,\"height\":210,\"caption\":\"Pauline Lysight\"},{\"@type\":\"BreadcrumbList\",\"@id\":\"https:\\\/\\\/aapars.com\\\/pauline-lysight\\\/#breadcrumb\",\"itemListElement\":[{\"@type\":\"ListItem\",\"position\":1,\"name\":\"Accueil\",\"item\":\"https:\\\/\\\/aapars.com\\\/pauline-lysight\\\/\"},{\"@type\":\"ListItem\",\"position\":2,\"name\":\"Pauline Lysight\"}]},{\"@type\":\"WebSite\",\"@id\":\"https:\\\/\\\/aapars.com\\\/pauline-lysight\\\/#website\",\"url\":\"https:\\\/\\\/aapars.com\\\/pauline-lysight\\\/\",\"name\":\"Pauline Lysight\",\"description\":\"Un site de la galerie virtuelle de l\u2019AAPARS\",\"publisher\":{\"@id\":\"https:\\\/\\\/aapars.com\\\/pauline-lysight\\\/#organization\"},\"potentialAction\":[{\"@type\":\"SearchAction\",\"target\":{\"@type\":\"EntryPoint\",\"urlTemplate\":\"https:\\\/\\\/aapars.com\\\/pauline-lysight\\\/?s={search_term_string}\"},\"query-input\":{\"@type\":\"PropertyValueSpecification\",\"valueRequired\":true,\"valueName\":\"search_term_string\"}}],\"inLanguage\":\"fr-FR\"},{\"@type\":\"Organization\",\"@id\":\"https:\\\/\\\/aapars.com\\\/pauline-lysight\\\/#organization\",\"name\":\"Pauline Lysight\",\"url\":\"https:\\\/\\\/aapars.com\\\/pauline-lysight\\\/\",\"logo\":{\"@type\":\"ImageObject\",\"inLanguage\":\"fr-FR\",\"@id\":\"https:\\\/\\\/aapars.com\\\/pauline-lysight\\\/#\\\/schema\\\/logo\\\/image\\\/\",\"url\":\"https:\\\/\\\/aapars.com\\\/pauline-lysight\\\/files\\\/2012\\\/04\\\/logo-aapars-@2x.png\",\"contentUrl\":\"https:\\\/\\\/aapars.com\\\/pauline-lysight\\\/files\\\/2012\\\/04\\\/logo-aapars-@2x.png\",\"width\":560,\"height\":306,\"caption\":\"Pauline Lysight\"},\"image\":{\"@id\":\"https:\\\/\\\/aapars.com\\\/pauline-lysight\\\/#\\\/schema\\\/logo\\\/image\\\/\"}}]}<\/script>\n<!-- \/ Yoast SEO plugin. -->","yoast_head_json":{"title":"Pauline Lysight - Pauline Lysight - Un site de la galerie virtuelle de l\u2019AAPARS","description":"D\u00e9marche Un rayon du couchant embrase la torche de la phragmite... fugace fragment de perfection. La couleur, ses contours, ses textures, ses humeurs...","robots":{"index":"index","follow":"follow","max-snippet":"max-snippet:-1","max-image-preview":"max-image-preview:large","max-video-preview":"max-video-preview:-1"},"canonical":"https:\/\/aapars.com\/pauline-lysight\/","og_locale":"fr_FR","og_type":"article","og_title":"Pauline Lysight - Pauline Lysight - Un site de la galerie virtuelle de l\u2019AAPARS","og_description":"D\u00e9marche Un rayon du couchant embrase la torche de la phragmite... fugace fragment de perfection. La couleur, ses contours, ses textures, ses humeurs...","og_url":"https:\/\/aapars.com\/pauline-lysight\/","og_site_name":"Pauline Lysight","article_modified_time":"2021-05-23T17:25:48+00:00","og_image":[{"url":"https:\/\/aapars.com\/pauline-lysight\/files\/2011\/01\/pllysight.jpg","type":"","width":"","height":""}],"twitter_misc":{"Dur\u00e9e de lecture estim\u00e9e":"2 minutes"},"schema":{"@context":"https:\/\/schema.org","@graph":[{"@type":"WebPage","@id":"https:\/\/aapars.com\/pauline-lysight\/","url":"https:\/\/aapars.com\/pauline-lysight\/","name":"Pauline Lysight - Pauline Lysight - Un site de la galerie virtuelle de l\u2019AAPARS","isPartOf":{"@id":"https:\/\/aapars.com\/pauline-lysight\/#website"},"primaryImageOfPage":{"@id":"https:\/\/aapars.com\/pauline-lysight\/#primaryimage"},"image":{"@id":"https:\/\/aapars.com\/pauline-lysight\/#primaryimage"},"thumbnailUrl":"https:\/\/aapars.com\/pauline-lysight\/files\/2011\/01\/pllysight.jpg","datePublished":"2010-10-03T05:11:36+00:00","dateModified":"2021-05-23T17:25:48+00:00","description":"D\u00e9marche Un rayon du couchant embrase la torche de la phragmite... fugace fragment de perfection. La couleur, ses contours, ses textures, ses humeurs...","breadcrumb":{"@id":"https:\/\/aapars.com\/pauline-lysight\/#breadcrumb"},"inLanguage":"fr-FR","potentialAction":[{"@type":"ReadAction","target":["https:\/\/aapars.com\/pauline-lysight\/"]}]},{"@type":"ImageObject","inLanguage":"fr-FR","@id":"https:\/\/aapars.com\/pauline-lysight\/#primaryimage","url":"https:\/\/aapars.com\/pauline-lysight\/files\/2011\/01\/pllysight.jpg","contentUrl":"https:\/\/aapars.com\/pauline-lysight\/files\/2011\/01\/pllysight.jpg","width":128,"height":210,"caption":"Pauline Lysight"},{"@type":"BreadcrumbList","@id":"https:\/\/aapars.com\/pauline-lysight\/#breadcrumb","itemListElement":[{"@type":"ListItem","position":1,"name":"Accueil","item":"https:\/\/aapars.com\/pauline-lysight\/"},{"@type":"ListItem","position":2,"name":"Pauline Lysight"}]},{"@type":"WebSite","@id":"https:\/\/aapars.com\/pauline-lysight\/#website","url":"https:\/\/aapars.com\/pauline-lysight\/","name":"Pauline Lysight","description":"Un site de la galerie virtuelle de l\u2019AAPARS","publisher":{"@id":"https:\/\/aapars.com\/pauline-lysight\/#organization"},"potentialAction":[{"@type":"SearchAction","target":{"@type":"EntryPoint","urlTemplate":"https:\/\/aapars.com\/pauline-lysight\/?s={search_term_string}"},"query-input":{"@type":"PropertyValueSpecification","valueRequired":true,"valueName":"search_term_string"}}],"inLanguage":"fr-FR"},{"@type":"Organization","@id":"https:\/\/aapars.com\/pauline-lysight\/#organization","name":"Pauline Lysight","url":"https:\/\/aapars.com\/pauline-lysight\/","logo":{"@type":"ImageObject","inLanguage":"fr-FR","@id":"https:\/\/aapars.com\/pauline-lysight\/#\/schema\/logo\/image\/","url":"https:\/\/aapars.com\/pauline-lysight\/files\/2012\/04\/logo-aapars-@2x.png","contentUrl":"https:\/\/aapars.com\/pauline-lysight\/files\/2012\/04\/logo-aapars-@2x.png","width":560,"height":306,"caption":"Pauline Lysight"},"image":{"@id":"https:\/\/aapars.com\/pauline-lysight\/#\/schema\/logo\/image\/"}}]}},"_links":{"self":[{"href":"https:\/\/aapars.com\/pauline-lysight\/wp-json\/wp\/v2\/pages\/32","targetHints":{"allow":["GET"]}}],"collection":[{"href":"https:\/\/aapars.com\/pauline-lysight\/wp-json\/wp\/v2\/pages"}],"about":[{"href":"https:\/\/aapars.com\/pauline-lysight\/wp-json\/wp\/v2\/types\/page"}],"author":[{"embeddable":true,"href":"https:\/\/aapars.com\/pauline-lysight\/wp-json\/wp\/v2\/users\/52"}],"replies":[{"embeddable":true,"href":"https:\/\/aapars.com\/pauline-lysight\/wp-json\/wp\/v2\/comments?post=32"}],"version-history":[{"count":0,"href":"https:\/\/aapars.com\/pauline-lysight\/wp-json\/wp\/v2\/pages\/32\/revisions"}],"wp:attachment":[{"href":"https:\/\/aapars.com\/pauline-lysight\/wp-json\/wp\/v2\/media?parent=32"}],"curies":[{"name":"wp","href":"https:\/\/api.w.org\/{rel}","templated":true}]}}