{"id":2,"date":"2010-10-03T05:11:36","date_gmt":"2010-10-03T09:11:36","guid":{"rendered":"https:\/\/aapars.com\/jacques-landry\/?page_id=2"},"modified":"2024-08-18T22:16:04","modified_gmt":"2024-08-19T02:16:04","slug":"accueil","status":"publish","type":"page","link":"https:\/\/aapars.com\/nicole-moretti\/","title":{"rendered":"Nicole Moretti"},"content":{"rendered":"<figure id=\"attachment_478\" aria-describedby=\"caption-attachment-478\" style=\"width: 190px\" class=\"wp-caption alignnone\"><img loading=\"lazy\" decoding=\"async\" class=\"size-thumbnail wp-image-478\" src=\"https:\/\/aapars.com\/nicole-moretti\/files\/2024\/01\/IMG_1753-200x200.jpeg\" alt=\"\" width=\"200\" height=\"200\"\/><figcaption id=\"caption-attachment-478\" class=\"wp-caption-text\">Nicole_Moretti<\/figcaption><\/figure>\n\n<table id=\"tablepress-1\" class=\"tablepress tablepress-id-1\">\n<tbody class=\"row-striping\">\n<tr class=\"row-1\">\n\t<td class=\"column-1\">Technique :<\/td><td class=\"column-2\">Acrylique et Huile<\/td>\n<\/tr>\n<tr class=\"row-2\">\n\t<td class=\"column-1\">Affiliations professionelles :<\/td><td class=\"column-2\">Association des artistes peintres affili\u00e9s de la Rive-sud (AAPARS)<\/td>\n<\/tr>\n<tr class=\"row-3\">\n\t<td class=\"column-1\">T\u00e9l\u00e9phone :<\/td><td class=\"column-2\">(514) 756-6721<\/td>\n<\/tr>\n<tr class=\"row-4\">\n\t<td class=\"column-1\">Courriel :<\/td><td class=\"column-2\"><a href=\"mailto:nmoretti31@gmail.com\">nmoretti31@gmail.com<\/a><\/td>\n<\/tr>\n<tr class=\"row-5\">\n\t<td class=\"column-1\">Site Internet :<\/td><td class=\"column-2\"><\/td>\n<\/tr>\n<\/tbody>\n<\/table>\n\n<h2>Qui suis-je?\u2026<\/h2>\n<p>Je m\u2019appelle Nicole Moretti,<\/p>\n<p>N\u00e9e \u00e0 Montr\u00e9al, le 31 d\u00e9cembre 1956. J\u2019ai grandi et demeure toujours \u00e0 Laval. Je suis une artiste autodidacte qui a suivi un chemin artistique des plus inspirants.<\/p>\n<p>Passionn\u00e9e par les arts, j\u2019ai explor\u00e9 divers m\u00e9diums tels que l\u2019aquarelle, l\u2019encre, le pastel, l\u2019acrylique et l\u2019huile. Cherchant sans cesse \u00e0 me perfectionner, j\u2019ai suivi de nombreux cours et ateliers pour affiner mon art et d\u00e9velopper mon style. Je travaille principalement \u00e0 l\u2019acrylique bien que j\u2019utilise \u00e9galement l\u2019huile et la cire froide.<br \/>\nL\u2019acrylique me convient parfaitement en raison de ses possibilit\u00e9s techniques vari\u00e9es. Cette peinture me permet une grande libert\u00e9 dans la gestuelle, offrant transparence et superposition.<br \/>\n<span style=\"font-size: inherit\">J\u2019affectionne particuli\u00e8rement la peinture abstraite car elle me permet d\u2019exprimer ce que mon \u00e2me, mon \u00eatre ressent dans l\u2019instant pr\u00e9sent. Les couleurs, les formes, la composition se pr\u00e9cises au fur et \u00e0 mesure du processus. Je me laisse guider par mon intuition. <\/span><span style=\"font-size: inherit\">Formes, couleurs, textures, lignes\u2026.Jouer avec tous ces \u00e9l\u00e9ments devient un pur bonheur. Je n\u2019ai pas d\u2019attente. Je me prends au jeu, le temps s\u2019\u00e9coule, je suis dans ma bulle. C\u2019est une sorte de m\u00e9ditation en action.<\/span><\/p>\n<p>La nature et les voyages sont des sources essentielles d\u2019inspiration pour mes \u0153uvres.<\/p>\n<p>En esp\u00e9rant inspirer et \u00e9mouvoir ceux qui regarde mes \u0153uvres, je continue de peindre avec passion et d\u00e9termination, offrant au monde un fragment de mon \u00e2me \u00e0 travers chaque cr\u00e9ation.<\/p>\n<p>&nbsp;<\/p>\n<p>&nbsp;<\/p>\n<h2><u>Formation<\/u><\/h2>\n\n<table id=\"tablepress-2\" class=\"tablepress tablepress-id-2\">\n<thead>\n<tr class=\"row-1\">\n\t<th class=\"column-1\">Annn\u00e9e<\/th><th class=\"column-2\">Institution\/Professeur<\/th><th class=\"column-3\">Programme<\/th>\n<\/tr>\n<\/thead>\n<tbody class=\"row-striping\">\n<tr class=\"row-2\">\n\t<td class=\"column-1\">2022\/2023<\/td><td class=\"column-2\">Les ateliers Carol Bernier par Carol Bernier<\/td><td class=\"column-3\">Accompagnement \u00e0 la cr\u00e9ation <\/td>\n<\/tr>\n<tr class=\"row-3\">\n\t<td class=\"column-1\">2022<\/td><td class=\"column-2\">Mus\u00e9e des beaux-arts de Montr\u00e9al par Andr\u00e9 Pijet<\/td><td class=\"column-3\">Pastel sec<\/td>\n<\/tr>\n<tr class=\"row-4\">\n\t<td class=\"column-1\">2020<\/td><td class=\"column-2\">Les ateliers Carol Bernier par Carol Bernier<\/td><td class=\"column-3\">Nature morte<\/td>\n<\/tr>\n<tr class=\"row-5\">\n\t<td class=\"column-1\">2020<\/td><td class=\"column-2\">\u00c9cole d\u2019art St-Sauveur par Caroline Archambault <\/td><td class=\"column-3\">Paysage abstrait<\/td>\n<\/tr>\n<tr class=\"row-6\">\n\t<td class=\"column-1\">2018<\/td><td class=\"column-2\">Andr\u00e9e Desrochers<\/td><td class=\"column-3\">Aquarelle<\/td>\n<\/tr>\n<tr class=\"row-7\">\n\t<td class=\"column-1\">2017<\/td><td class=\"column-2\">Mus\u00e9e des beaux-arts de Montr\u00e9al par Claude-Aim\u00e9e Villeneuve<\/td><td class=\"column-3\">La couleur<\/td>\n<\/tr>\n<tr class=\"row-8\">\n\t<td class=\"column-1\">2017<\/td><td class=\"column-2\">Mus\u00e9e des beaux-arts de Montr\u00e9al par Mary Hayes<\/td><td class=\"column-3\">Dessin<\/td>\n<\/tr>\n<tr class=\"row-9\">\n\t<td class=\"column-1\">2016<\/td><td class=\"column-2\">Mus\u00e9e des beaux-arts de Montr\u00e9al par M\u00e9lanie Matthews<\/td><td class=\"column-3\">Peinture \u00e0 l\u2019acrylique<\/td>\n<\/tr>\n<tr class=\"row-10\">\n\t<td class=\"column-1\">2016<\/td><td class=\"column-2\">Mus\u00e9e des beaux-arts de Montr\u00e9al par Heather Midori Yamada<\/td><td class=\"column-3\">Peinture spontan\u00e9e et m\u00e9ditation en pleine conscience <\/td>\n<\/tr>\n<tr class=\"row-11\">\n\t<td class=\"column-1\">2016<\/td><td class=\"column-2\">Mus\u00e9e des beaux-arts de Montr\u00e9al par M\u00e9lanie Matthews<\/td><td class=\"column-3\">Peinture \u00e0 l\u2019acrylique <\/td>\n<\/tr>\n<tr class=\"row-12\">\n\t<td class=\"column-1\">2014-2016<\/td><td class=\"column-2\">Les ateliers Carol Bernier par Carol Bernier<\/td><td class=\"column-3\">Explorations et d\u00e9couvertes 1, 2 et 3<\/td>\n<\/tr>\n<\/tbody>\n<\/table>\n\n<h2>Expositions<\/h2>\n\n<table id=\"tablepress-3\" class=\"tablepress tablepress-id-3\">\n<thead>\n<tr class=\"row-1\">\n\t<th class=\"column-1\">Ann\u00e9e<\/th><th class=\"column-2\">Nom<\/th><th class=\"column-3\">Endroit<\/th>\n<\/tr>\n<\/thead>\n<tbody class=\"row-striping\">\n<tr class=\"row-2\">\n\t<td class=\"column-1\">Collectives<\/td><td class=\"column-2\"><\/td><td class=\"column-3\"><\/td>\n<\/tr>\n<tr class=\"row-3\">\n\t<td class=\"column-1\"><\/td><td class=\"column-2\"><\/td><td class=\"column-3\"><\/td>\n<\/tr>\n<tr class=\"row-4\">\n\t<td class=\"column-1\">Octobre 2023<\/td><td class=\"column-2\">Expo concours AAPARS<\/td><td class=\"column-3\">St-Bruno<\/td>\n<\/tr>\n<tr class=\"row-5\">\n\t<td class=\"column-1\">Avril\/mai 2023<br \/>\n<\/td><td class=\"column-2\">Maison de la culture Mercier<\/td><td class=\"column-3\">Montr\u00e9al <\/td>\n<\/tr>\n<tr class=\"row-6\">\n\t<td class=\"column-1\">Avril 2023<\/td><td class=\"column-2\">Expo galerie AAPARS<\/td><td class=\"column-3\">La Prairie<\/td>\n<\/tr>\n<tr class=\"row-7\">\n\t<td class=\"column-1\">Mai 2021<\/td><td class=\"column-2\">Festivit\u00e9s culturelles de la ville de Montr\u00e9al <\/td><td class=\"column-3\">Exposition virtuelle <\/td>\n<\/tr>\n<tr class=\"row-8\">\n\t<td class=\"column-1\">Mars 2019<\/td><td class=\"column-2\">The art club CVE<\/td><td class=\"column-3\">Floride, USA<\/td>\n<\/tr>\n<tr class=\"row-9\">\n\t<td class=\"column-1\">Janvier 2019<\/td><td class=\"column-2\">Carrefour des artistes peintres<\/td><td class=\"column-3\">Deerfield beach, Floride, USA<\/td>\n<\/tr>\n<tr class=\"row-10\">\n\t<td class=\"column-1\">Mars\/avril 2018<\/td><td class=\"column-2\">Expo winners<\/td><td class=\"column-3\">Floride, USA<\/td>\n<\/tr>\n<tr class=\"row-11\">\n\t<td class=\"column-1\">Mars 2018<\/td><td class=\"column-2\">The art club CVE<\/td><td class=\"column-3\">Floride, USA<\/td>\n<\/tr>\n<\/tbody>\n<\/table>\n\n<h2>Reconnaissances<\/h2>\n\n<table id=\"tablepress-5\" class=\"tablepress tablepress-id-5\">\n<thead>\n<tr class=\"row-1\">\n\t<th class=\"column-1\">Ann\u00e9e<\/th><th class=\"column-2\">Nom<\/th><th class=\"column-3\">Endroit de remise<\/th>\n<\/tr>\n<\/thead>\n<tbody class=\"row-striping\">\n<tr class=\"row-2\">\n\t<td class=\"column-1\">2018<\/td><td class=\"column-2\">The art club CVE   Exposition collective avec jury<br \/>\n1er Prix Acrylic for Blooming (\u00e9panouissement)<\/td><td class=\"column-3\">Floride, USA<\/td>\n<\/tr>\n<\/tbody>\n<\/table>\n\n<h2>&nbsp;<\/h2>\n<h2>&nbsp;<\/h2>\n","protected":false},"excerpt":{"rendered":"<p>Qui suis-je?\u2026 Je m\u2019appelle Nicole Moretti, N\u00e9e \u00e0 Montr\u00e9al, le 31 d\u00e9cembre 1956. J\u2019ai grandi et demeure toujours \u00e0 Laval. Je suis une artiste autodidacte qui a suivi un chemin artistique des plus inspirants. Passionn\u00e9e par les arts, j\u2019ai explor\u00e9 divers m\u00e9diums tels que l\u2019aquarelle, l\u2019encre, le pastel, l\u2019acrylique et l\u2019huile. Cherchant sans cesse \u00e0 &#8230; <\/p>\n<p class=\"read-more-container\"><a title=\"Nicole Moretti\" class=\"read-more button\" href=\"https:\/\/aapars.com\/nicole-moretti\/#more-2\" aria-label=\"En savoir plus sur Nicole Moretti\">Lire plus<\/a><\/p>\n","protected":false},"author":3908,"featured_media":0,"parent":0,"menu_order":0,"comment_status":"closed","ping_status":"closed","template":"","meta":{"_s2mail":"yes","ngg_post_thumbnail":0,"iawp_total_views":169,"footnotes":""},"class_list":["post-2","page","type-page","status-publish"],"yoast_head":"<!-- This site is optimized with the Yoast SEO plugin v27.3 - https:\/\/yoast.com\/product\/yoast-seo-wordpress\/ -->\n<title>Nicole Moretti | Un site de la galerie virtuelle de l&#039;AAPARS<\/title>\n<meta name=\"description\" content=\"Qui suis-je?\u2026 Je m\u2019appelle Nicole Moretti, N\u00e9e \u00e0 Montr\u00e9al, le 31 d\u00e9cembre 1956. J\u2019ai grandi et demeure toujours \u00e0 Laval. Je suis une artiste autodidacte\" \/>\n<meta name=\"robots\" content=\"index, follow, max-snippet:-1, max-image-preview:large, max-video-preview:-1\" \/>\n<link rel=\"canonical\" href=\"https:\/\/aapars.com\/nicole-moretti\/\" \/>\n<meta property=\"og:locale\" content=\"fr_FR\" \/>\n<meta property=\"og:type\" content=\"article\" \/>\n<meta property=\"og:title\" content=\"Nicole Moretti | Un site de la galerie virtuelle de l&#039;AAPARS\" \/>\n<meta property=\"og:description\" content=\"Qui suis-je?\u2026 Je m\u2019appelle Nicole Moretti, N\u00e9e \u00e0 Montr\u00e9al, le 31 d\u00e9cembre 1956. J\u2019ai grandi et demeure toujours \u00e0 Laval. Je suis une artiste autodidacte\" \/>\n<meta property=\"og:url\" content=\"https:\/\/aapars.com\/nicole-moretti\/\" \/>\n<meta property=\"og:site_name\" content=\"Nicole Moretti\" \/>\n<meta property=\"article:modified_time\" content=\"2024-08-19T02:16:04+00:00\" \/>\n<meta property=\"og:image\" content=\"https:\/\/aapars.com\/nicole-moretti\/files\/2024\/01\/IMG_1753-200x200.jpeg\" \/>\n<meta name=\"twitter:label1\" content=\"Dur\u00e9e de lecture estim\u00e9e\" \/>\n\t<meta name=\"twitter:data1\" content=\"2 minutes\" \/>\n<script type=\"application\/ld+json\" class=\"yoast-schema-graph\">{\"@context\":\"https:\\\/\\\/schema.org\",\"@graph\":[{\"@type\":\"WebPage\",\"@id\":\"https:\\\/\\\/aapars.com\\\/nicole-moretti\\\/\",\"url\":\"https:\\\/\\\/aapars.com\\\/nicole-moretti\\\/\",\"name\":\"Nicole Moretti | Un site de la galerie virtuelle de l&#039;AAPARS\",\"isPartOf\":{\"@id\":\"https:\\\/\\\/aapars.com\\\/nicole-moretti\\\/#website\"},\"primaryImageOfPage\":{\"@id\":\"https:\\\/\\\/aapars.com\\\/nicole-moretti\\\/#primaryimage\"},\"image\":{\"@id\":\"https:\\\/\\\/aapars.com\\\/nicole-moretti\\\/#primaryimage\"},\"thumbnailUrl\":\"https:\\\/\\\/aapars.com\\\/nicole-moretti\\\/files\\\/2024\\\/01\\\/IMG_1753-200x200.jpeg\",\"datePublished\":\"2010-10-03T09:11:36+00:00\",\"dateModified\":\"2024-08-19T02:16:04+00:00\",\"description\":\"Qui suis-je?\u2026 Je m\u2019appelle Nicole Moretti, N\u00e9e \u00e0 Montr\u00e9al, le 31 d\u00e9cembre 1956. J\u2019ai grandi et demeure toujours \u00e0 Laval. Je suis une artiste autodidacte\",\"breadcrumb\":{\"@id\":\"https:\\\/\\\/aapars.com\\\/nicole-moretti\\\/#breadcrumb\"},\"inLanguage\":\"fr-FR\",\"potentialAction\":[{\"@type\":\"ReadAction\",\"target\":[\"https:\\\/\\\/aapars.com\\\/nicole-moretti\\\/\"]}]},{\"@type\":\"ImageObject\",\"inLanguage\":\"fr-FR\",\"@id\":\"https:\\\/\\\/aapars.com\\\/nicole-moretti\\\/#primaryimage\",\"url\":\"https:\\\/\\\/aapars.com\\\/nicole-moretti\\\/files\\\/2024\\\/01\\\/IMG_1753.jpeg\",\"contentUrl\":\"https:\\\/\\\/aapars.com\\\/nicole-moretti\\\/files\\\/2024\\\/01\\\/IMG_1753.jpeg\",\"width\":1252,\"height\":1517,\"caption\":\"Nicole_Moretti\"},{\"@type\":\"BreadcrumbList\",\"@id\":\"https:\\\/\\\/aapars.com\\\/nicole-moretti\\\/#breadcrumb\",\"itemListElement\":[{\"@type\":\"ListItem\",\"position\":1,\"name\":\"Accueil\",\"item\":\"https:\\\/\\\/aapars.com\\\/nicole-moretti\\\/\"},{\"@type\":\"ListItem\",\"position\":2,\"name\":\"Nicole Moretti\"}]},{\"@type\":\"WebSite\",\"@id\":\"https:\\\/\\\/aapars.com\\\/nicole-moretti\\\/#website\",\"url\":\"https:\\\/\\\/aapars.com\\\/nicole-moretti\\\/\",\"name\":\"Nicole Moretti\",\"description\":\"Un site de la galerie virtuelle de l&#039;AAPARS\",\"publisher\":{\"@id\":\"https:\\\/\\\/aapars.com\\\/nicole-moretti\\\/#\\\/schema\\\/person\\\/67e727643cc38d6d0d58bde5c504a2f5\"},\"potentialAction\":[{\"@type\":\"SearchAction\",\"target\":{\"@type\":\"EntryPoint\",\"urlTemplate\":\"https:\\\/\\\/aapars.com\\\/nicole-moretti\\\/?s={search_term_string}\"},\"query-input\":{\"@type\":\"PropertyValueSpecification\",\"valueRequired\":true,\"valueName\":\"search_term_string\"}}],\"inLanguage\":\"fr-FR\"},{\"@type\":[\"Person\",\"Organization\"],\"@id\":\"https:\\\/\\\/aapars.com\\\/nicole-moretti\\\/#\\\/schema\\\/person\\\/67e727643cc38d6d0d58bde5c504a2f5\",\"name\":\"Jean Test\",\"image\":{\"@type\":\"ImageObject\",\"inLanguage\":\"fr-FR\",\"@id\":\"https:\\\/\\\/aapars.com\\\/nicole-moretti\\\/files\\\/2012\\\/04\\\/logo-aapars-@2x.png\",\"url\":\"https:\\\/\\\/aapars.com\\\/nicole-moretti\\\/files\\\/2012\\\/04\\\/logo-aapars-@2x.png\",\"contentUrl\":\"https:\\\/\\\/aapars.com\\\/nicole-moretti\\\/files\\\/2012\\\/04\\\/logo-aapars-@2x.png\",\"width\":560,\"height\":306,\"caption\":\"Jean Test\"},\"logo\":{\"@id\":\"https:\\\/\\\/aapars.com\\\/nicole-moretti\\\/files\\\/2012\\\/04\\\/logo-aapars-@2x.png\"}}]}<\/script>\n<!-- \/ Yoast SEO plugin. -->","yoast_head_json":{"title":"Nicole Moretti | Un site de la galerie virtuelle de l&#039;AAPARS","description":"Qui suis-je?\u2026 Je m\u2019appelle Nicole Moretti, N\u00e9e \u00e0 Montr\u00e9al, le 31 d\u00e9cembre 1956. J\u2019ai grandi et demeure toujours \u00e0 Laval. Je suis une artiste autodidacte","robots":{"index":"index","follow":"follow","max-snippet":"max-snippet:-1","max-image-preview":"max-image-preview:large","max-video-preview":"max-video-preview:-1"},"canonical":"https:\/\/aapars.com\/nicole-moretti\/","og_locale":"fr_FR","og_type":"article","og_title":"Nicole Moretti | Un site de la galerie virtuelle de l&#039;AAPARS","og_description":"Qui suis-je?\u2026 Je m\u2019appelle Nicole Moretti, N\u00e9e \u00e0 Montr\u00e9al, le 31 d\u00e9cembre 1956. J\u2019ai grandi et demeure toujours \u00e0 Laval. Je suis une artiste autodidacte","og_url":"https:\/\/aapars.com\/nicole-moretti\/","og_site_name":"Nicole Moretti","article_modified_time":"2024-08-19T02:16:04+00:00","og_image":[{"url":"https:\/\/aapars.com\/nicole-moretti\/files\/2024\/01\/IMG_1753-200x200.jpeg","type":"","width":"","height":""}],"twitter_misc":{"Dur\u00e9e de lecture estim\u00e9e":"2 minutes"},"schema":{"@context":"https:\/\/schema.org","@graph":[{"@type":"WebPage","@id":"https:\/\/aapars.com\/nicole-moretti\/","url":"https:\/\/aapars.com\/nicole-moretti\/","name":"Nicole Moretti | Un site de la galerie virtuelle de l&#039;AAPARS","isPartOf":{"@id":"https:\/\/aapars.com\/nicole-moretti\/#website"},"primaryImageOfPage":{"@id":"https:\/\/aapars.com\/nicole-moretti\/#primaryimage"},"image":{"@id":"https:\/\/aapars.com\/nicole-moretti\/#primaryimage"},"thumbnailUrl":"https:\/\/aapars.com\/nicole-moretti\/files\/2024\/01\/IMG_1753-200x200.jpeg","datePublished":"2010-10-03T09:11:36+00:00","dateModified":"2024-08-19T02:16:04+00:00","description":"Qui suis-je?\u2026 Je m\u2019appelle Nicole Moretti, N\u00e9e \u00e0 Montr\u00e9al, le 31 d\u00e9cembre 1956. J\u2019ai grandi et demeure toujours \u00e0 Laval. Je suis une artiste autodidacte","breadcrumb":{"@id":"https:\/\/aapars.com\/nicole-moretti\/#breadcrumb"},"inLanguage":"fr-FR","potentialAction":[{"@type":"ReadAction","target":["https:\/\/aapars.com\/nicole-moretti\/"]}]},{"@type":"ImageObject","inLanguage":"fr-FR","@id":"https:\/\/aapars.com\/nicole-moretti\/#primaryimage","url":"https:\/\/aapars.com\/nicole-moretti\/files\/2024\/01\/IMG_1753.jpeg","contentUrl":"https:\/\/aapars.com\/nicole-moretti\/files\/2024\/01\/IMG_1753.jpeg","width":1252,"height":1517,"caption":"Nicole_Moretti"},{"@type":"BreadcrumbList","@id":"https:\/\/aapars.com\/nicole-moretti\/#breadcrumb","itemListElement":[{"@type":"ListItem","position":1,"name":"Accueil","item":"https:\/\/aapars.com\/nicole-moretti\/"},{"@type":"ListItem","position":2,"name":"Nicole Moretti"}]},{"@type":"WebSite","@id":"https:\/\/aapars.com\/nicole-moretti\/#website","url":"https:\/\/aapars.com\/nicole-moretti\/","name":"Nicole Moretti","description":"Un site de la galerie virtuelle de l&#039;AAPARS","publisher":{"@id":"https:\/\/aapars.com\/nicole-moretti\/#\/schema\/person\/67e727643cc38d6d0d58bde5c504a2f5"},"potentialAction":[{"@type":"SearchAction","target":{"@type":"EntryPoint","urlTemplate":"https:\/\/aapars.com\/nicole-moretti\/?s={search_term_string}"},"query-input":{"@type":"PropertyValueSpecification","valueRequired":true,"valueName":"search_term_string"}}],"inLanguage":"fr-FR"},{"@type":["Person","Organization"],"@id":"https:\/\/aapars.com\/nicole-moretti\/#\/schema\/person\/67e727643cc38d6d0d58bde5c504a2f5","name":"Jean Test","image":{"@type":"ImageObject","inLanguage":"fr-FR","@id":"https:\/\/aapars.com\/nicole-moretti\/files\/2012\/04\/logo-aapars-@2x.png","url":"https:\/\/aapars.com\/nicole-moretti\/files\/2012\/04\/logo-aapars-@2x.png","contentUrl":"https:\/\/aapars.com\/nicole-moretti\/files\/2012\/04\/logo-aapars-@2x.png","width":560,"height":306,"caption":"Jean Test"},"logo":{"@id":"https:\/\/aapars.com\/nicole-moretti\/files\/2012\/04\/logo-aapars-@2x.png"}}]}},"_links":{"self":[{"href":"https:\/\/aapars.com\/nicole-moretti\/wp-json\/wp\/v2\/pages\/2","targetHints":{"allow":["GET"]}}],"collection":[{"href":"https:\/\/aapars.com\/nicole-moretti\/wp-json\/wp\/v2\/pages"}],"about":[{"href":"https:\/\/aapars.com\/nicole-moretti\/wp-json\/wp\/v2\/types\/page"}],"author":[{"embeddable":true,"href":"https:\/\/aapars.com\/nicole-moretti\/wp-json\/wp\/v2\/users\/3908"}],"replies":[{"embeddable":true,"href":"https:\/\/aapars.com\/nicole-moretti\/wp-json\/wp\/v2\/comments?post=2"}],"version-history":[{"count":11,"href":"https:\/\/aapars.com\/nicole-moretti\/wp-json\/wp\/v2\/pages\/2\/revisions"}],"predecessor-version":[{"id":542,"href":"https:\/\/aapars.com\/nicole-moretti\/wp-json\/wp\/v2\/pages\/2\/revisions\/542"}],"wp:attachment":[{"href":"https:\/\/aapars.com\/nicole-moretti\/wp-json\/wp\/v2\/media?parent=2"}],"curies":[{"name":"wp","href":"https:\/\/api.w.org\/{rel}","templated":true}]}}