{"id":30,"date":"2010-10-03T05:11:36","date_gmt":"2010-10-03T05:11:36","guid":{"rendered":"https:\/\/aapars.com\/jacques-landry\/?page_id=2"},"modified":"2025-08-22T10:29:26","modified_gmt":"2025-08-22T14:29:26","slug":"accueil","status":"publish","type":"page","link":"https:\/\/aapars.com\/micheline-briere\/","title":{"rendered":"MichBie"},"content":{"rendered":"<p><img loading=\"lazy\" decoding=\"async\" class=\"alignnone size-full wp-image-331\" src=\"https:\/\/aapars.com\/micheline-briere\/files\/2024\/10\/MichBie-recadre.jpg\" alt=\"\" width=\"150\" height=\"150\"><\/p>\n\n<table id=\"tablepress-1\" class=\"tablepress tablepress-id-1\">\n<tbody class=\"row-striping\">\n<tr class=\"row-1\">\n\t<td class=\"column-1\">Technique :<\/td><td class=\"column-2\">Huile, acrylique, faux-vitrail, techniques mixtes<\/td>\n<\/tr>\n<tr class=\"row-2\">\n\t<td class=\"column-1\">Affiliations professionelles :<\/td><td class=\"column-2\">AAPARS, Gallea, Bromont en Arts<\/td>\n<\/tr>\n<tr class=\"row-3\">\n\t<td class=\"column-1\">T\u00e9l\u00e9phone :<\/td><td class=\"column-2\">450-800-3582, 450-779-2170<\/td>\n<\/tr>\n<tr class=\"row-4\">\n\t<td class=\"column-1\">Courriel :<\/td><td class=\"column-2\"><a href=\"mailto:michbiea@gmail.com\">michbiea.2022@gmail.com<\/a><\/td>\n<\/tr>\n<tr class=\"row-5\">\n\t<td class=\"column-1\">Site Internet :<\/td><td class=\"column-2\"><a href=\"http:\/\/www.behance.net\/michelinebriere\" rel=\"noopener\" target=\"_blank\">behance.net\/michelinebriere<\/a><\/td>\n<\/tr>\n<\/tbody>\n<\/table>\n<!-- #tablepress-1 from cache -->\n<h2>D\u00e9marche<\/h2>\n<p style=\"text-align: left\">Micheline Bri\u00e8re, alias MichBie, est une artiste autodidacte qui peint principalement \u00e0 l\u2019huile, tout en explorant l\u2019acrylique et le faux-vitrail.<br \/>\nSon approche se distingue par l\u2019utilisation de vieux bois de grange, un mat\u00e9riau vivant dont les veines profondes dictent le geste et<br \/>\nenrichissent la texture de ses \u0153uvres.<\/p>\n<p style=\"text-align: left\">Elle a d\u00e9velopp\u00e9 une technique unique pour apprivoiser cette mati\u00e8re brute, l\u2019int\u00e9grant comme un \u00e9l\u00e9ment essentiel de son processus cr\u00e9atif.<br \/>\nSa d\u00e9marche repose sur une exploration constante, non comme une dispersion, mais comme une recherche de sinc\u00e9rit\u00e9 artistique. Chaque sujet, chaque technique est pour elle une fa\u00e7on d\u2019exprimer l\u2019\u00e9motion sous toutes ses formes, \u00e0 l\u2019image des exp\u00e9riences humaines : uniques, mouvantes et profond\u00e9ment personnelles.<br \/>\nLib\u00e9r\u00e9e des conventions, MichBie cr\u00e9e dans un dialogue intuitif avec la mati\u00e8re et l\u2019instant, laissant au spectateur la libert\u00e9 d\u2019interpr\u00e9ter et de se connecter \u00e0 ses \u0153uvres.&nbsp;<\/p>\n<p>&nbsp;<\/p>\n<p>&nbsp;<\/p>\n<p>&nbsp;<\/p>\n<h2>Formation<\/h2>\n<p>Micheline Bri\u00e8re, connue sous le nom d&#8217;artiste MichBie, s&#8217;est d&#8217;abord fait conna\u00eetre dans le monde de la musique apr\u00e8s avoir obtenu son DEC dans ce domaine. Cependant, une autre forme d&#8217;expression artistique l&#8217;appelait : la peinture. Autodidacte, elle a<br \/>\ncommenc\u00e9 \u00e0 explorer ce nouveau moyen d&#8217;expression avec une audace et une passion d\u00e9bordante.&nbsp;<\/p>\n<p>La d\u00e9marche de MichBie est lib\u00e9r\u00e9e des conventions. Elle cr\u00e9e dans un dialogue intuitif avec la mati\u00e8re et l&#8217;instant, laissant au spectateur la libert\u00e9 d&#8217;interpr\u00e9ter et de se connecter \u00e0 ses \u0153uvres. Le figuratif et la nature sont ses principales sources<br \/>\nd&#8217;inspiration, les mat\u00e9riaux nobles, comme le vieux bois, l&#8217;attirent, l&#8217;univers et les animaux prennent vie dans ses \u0153uvres.<\/p>\n<p>Au fil des ann\u00e9es, le talent de MichBie a \u00e9t\u00e9 reconnu lors de plusieurs expositions importantes. Elle a notamment particip\u00e9 au Symposium des Galeries St-Hyacinthe et au Symposium des Arts de Bromont, o\u00f9 son travail a \u00e9t\u00e9 largement appr\u00e9ci\u00e9. Elle<br \/>\nexpose aussi dans de grandes RPA par le biais de Gallea.<\/p>\n<p>En fin de compte, l&#8217;objectif de MichBie est de susciter une \u00e9motion \u00e0 travers son art. Chaque coup de pinceau, chaque choix de couleur, chaque texture est une invitation \u00e0 ressentir et \u00e0 interagir avec l&#8217;\u0153uvre. Pour elle, l&#8217;art est un langage universel qui a le<br \/>\npouvoir de toucher chacun de nous, peu importe notre origine ou notre histoire. C&#8217;est cet \u00e9change \u00e9motionnel, cette connexion humaine, qui motive MichBie \u00e0 continuer \u00e0 cr\u00e9er et \u00e0 partager son travail avec le monde.<\/p>\n","protected":false},"excerpt":{"rendered":"<p>D\u00e9marche Micheline Bri\u00e8re, alias MichBie, est une artiste autodidacte qui peint principalement \u00e0 l\u2019huile, tout en explorant l\u2019acrylique et le faux-vitrail. Son approche se distingue par l\u2019utilisation de vieux bois de grange, un mat\u00e9riau vivant dont les veines profondes dictent le geste et enrichissent la texture de ses \u0153uvres. Elle a d\u00e9velopp\u00e9 une technique unique &#8230; <\/p>\n<p class=\"read-more-container\"><a title=\"MichBie\" class=\"read-more button\" href=\"https:\/\/aapars.com\/micheline-briere\/#more-30\" aria-label=\"En savoir plus sur MichBie\">Lire plus<\/a><\/p>\n","protected":false},"author":4218,"featured_media":0,"parent":0,"menu_order":0,"comment_status":"closed","ping_status":"closed","template":"","meta":{"_s2mail":"yes","ngg_post_thumbnail":0,"iawp_total_views":66,"footnotes":""},"class_list":["post-30","page","type-page","status-publish"],"yoast_head":"<!-- This site is optimized with the Yoast SEO plugin v27.3 - https:\/\/yoast.com\/product\/yoast-seo-wordpress\/ -->\n<title>Micheline Bri\u00e8re | Un site de la galerie virtuelle de l&#039;AAPARS<\/title>\n<meta name=\"description\" content=\"D\u00e9marche Micheline Bri\u00e8re, alias MichBie, est une artiste autodidacte qui peint principalement \u00e0 l\u2019huile, tout en explorant l\u2019acrylique et le\" \/>\n<meta name=\"robots\" content=\"index, follow, max-snippet:-1, max-image-preview:large, max-video-preview:-1\" \/>\n<link rel=\"canonical\" href=\"https:\/\/aapars.com\/micheline-briere\/\" \/>\n<meta property=\"og:locale\" content=\"fr_FR\" \/>\n<meta property=\"og:type\" content=\"article\" \/>\n<meta property=\"og:title\" content=\"Micheline Bri\u00e8re | Un site de la galerie virtuelle de l&#039;AAPARS\" \/>\n<meta property=\"og:description\" content=\"D\u00e9marche Micheline Bri\u00e8re, alias MichBie, est une artiste autodidacte qui peint principalement \u00e0 l\u2019huile, tout en explorant l\u2019acrylique et le\" \/>\n<meta property=\"og:url\" content=\"https:\/\/aapars.com\/micheline-briere\/\" \/>\n<meta property=\"og:site_name\" content=\"Micheline Bri\u00e8re\" \/>\n<meta property=\"article:modified_time\" content=\"2025-08-22T14:29:26+00:00\" \/>\n<meta property=\"og:image\" content=\"https:\/\/aapars.com\/micheline-briere\/files\/2024\/10\/MichBie-recadre.jpg\" \/>\n\t<meta property=\"og:image:width\" content=\"150\" \/>\n\t<meta property=\"og:image:height\" content=\"150\" \/>\n\t<meta property=\"og:image:type\" content=\"image\/jpeg\" \/>\n<meta name=\"twitter:label1\" content=\"Dur\u00e9e de lecture estim\u00e9e\" \/>\n\t<meta name=\"twitter:data1\" content=\"3 minutes\" \/>\n<script type=\"application\/ld+json\" class=\"yoast-schema-graph\">{\"@context\":\"https:\\\/\\\/schema.org\",\"@graph\":[{\"@type\":\"WebPage\",\"@id\":\"https:\\\/\\\/aapars.com\\\/micheline-briere\\\/\",\"url\":\"https:\\\/\\\/aapars.com\\\/micheline-briere\\\/\",\"name\":\"Micheline Bri\u00e8re | Un site de la galerie virtuelle de l&#039;AAPARS\",\"isPartOf\":{\"@id\":\"https:\\\/\\\/aapars.com\\\/micheline-briere\\\/#website\"},\"primaryImageOfPage\":{\"@id\":\"https:\\\/\\\/aapars.com\\\/micheline-briere\\\/#primaryimage\"},\"image\":{\"@id\":\"https:\\\/\\\/aapars.com\\\/micheline-briere\\\/#primaryimage\"},\"thumbnailUrl\":\"https:\\\/\\\/aapars.com\\\/micheline-briere\\\/files\\\/2024\\\/10\\\/MichBie-recadre.jpg\",\"datePublished\":\"2010-10-03T05:11:36+00:00\",\"dateModified\":\"2025-08-22T14:29:26+00:00\",\"description\":\"D\u00e9marche Micheline Bri\u00e8re, alias MichBie, est une artiste autodidacte qui peint principalement \u00e0 l\u2019huile, tout en explorant l\u2019acrylique et le\",\"breadcrumb\":{\"@id\":\"https:\\\/\\\/aapars.com\\\/micheline-briere\\\/#breadcrumb\"},\"inLanguage\":\"fr-FR\",\"potentialAction\":[{\"@type\":\"ReadAction\",\"target\":[\"https:\\\/\\\/aapars.com\\\/micheline-briere\\\/\"]}]},{\"@type\":\"ImageObject\",\"inLanguage\":\"fr-FR\",\"@id\":\"https:\\\/\\\/aapars.com\\\/micheline-briere\\\/#primaryimage\",\"url\":\"https:\\\/\\\/aapars.com\\\/micheline-briere\\\/files\\\/2024\\\/10\\\/MichBie-recadre.jpg\",\"contentUrl\":\"https:\\\/\\\/aapars.com\\\/micheline-briere\\\/files\\\/2024\\\/10\\\/MichBie-recadre.jpg\",\"width\":150,\"height\":150},{\"@type\":\"BreadcrumbList\",\"@id\":\"https:\\\/\\\/aapars.com\\\/micheline-briere\\\/#breadcrumb\",\"itemListElement\":[{\"@type\":\"ListItem\",\"position\":1,\"name\":\"Accueil\",\"item\":\"https:\\\/\\\/aapars.com\\\/micheline-briere\\\/\"},{\"@type\":\"ListItem\",\"position\":2,\"name\":\"MichBie\"}]},{\"@type\":\"WebSite\",\"@id\":\"https:\\\/\\\/aapars.com\\\/micheline-briere\\\/#website\",\"url\":\"https:\\\/\\\/aapars.com\\\/micheline-briere\\\/\",\"name\":\"Micheline Bri\u00e8re\",\"description\":\"Un site de la galerie virtuelle de l&#039;AAPARS\",\"publisher\":{\"@id\":\"https:\\\/\\\/aapars.com\\\/micheline-briere\\\/#\\\/schema\\\/person\\\/67e727643cc38d6d0d58bde5c504a2f5\"},\"potentialAction\":[{\"@type\":\"SearchAction\",\"target\":{\"@type\":\"EntryPoint\",\"urlTemplate\":\"https:\\\/\\\/aapars.com\\\/micheline-briere\\\/?s={search_term_string}\"},\"query-input\":{\"@type\":\"PropertyValueSpecification\",\"valueRequired\":true,\"valueName\":\"search_term_string\"}}],\"inLanguage\":\"fr-FR\"},{\"@type\":[\"Person\",\"Organization\"],\"@id\":\"https:\\\/\\\/aapars.com\\\/micheline-briere\\\/#\\\/schema\\\/person\\\/67e727643cc38d6d0d58bde5c504a2f5\",\"name\":\"Jean Test\",\"image\":{\"@type\":\"ImageObject\",\"inLanguage\":\"fr-FR\",\"@id\":\"https:\\\/\\\/aapars.com\\\/micheline-briere\\\/files\\\/2024\\\/10\\\/logo-aapars-@2x.png\",\"url\":\"https:\\\/\\\/aapars.com\\\/micheline-briere\\\/files\\\/2024\\\/10\\\/logo-aapars-@2x.png\",\"contentUrl\":\"https:\\\/\\\/aapars.com\\\/micheline-briere\\\/files\\\/2024\\\/10\\\/logo-aapars-@2x.png\",\"width\":560,\"height\":306,\"caption\":\"Jean Test\"},\"logo\":{\"@id\":\"https:\\\/\\\/aapars.com\\\/micheline-briere\\\/files\\\/2024\\\/10\\\/logo-aapars-@2x.png\"}}]}<\/script>\n<!-- \/ Yoast SEO plugin. -->","yoast_head_json":{"title":"Micheline Bri\u00e8re | Un site de la galerie virtuelle de l&#039;AAPARS","description":"D\u00e9marche Micheline Bri\u00e8re, alias MichBie, est une artiste autodidacte qui peint principalement \u00e0 l\u2019huile, tout en explorant l\u2019acrylique et le","robots":{"index":"index","follow":"follow","max-snippet":"max-snippet:-1","max-image-preview":"max-image-preview:large","max-video-preview":"max-video-preview:-1"},"canonical":"https:\/\/aapars.com\/micheline-briere\/","og_locale":"fr_FR","og_type":"article","og_title":"Micheline Bri\u00e8re | Un site de la galerie virtuelle de l&#039;AAPARS","og_description":"D\u00e9marche Micheline Bri\u00e8re, alias MichBie, est une artiste autodidacte qui peint principalement \u00e0 l\u2019huile, tout en explorant l\u2019acrylique et le","og_url":"https:\/\/aapars.com\/micheline-briere\/","og_site_name":"Micheline Bri\u00e8re","article_modified_time":"2025-08-22T14:29:26+00:00","og_image":[{"width":150,"height":150,"url":"https:\/\/aapars.com\/micheline-briere\/files\/2024\/10\/MichBie-recadre.jpg","type":"image\/jpeg"}],"twitter_misc":{"Dur\u00e9e de lecture estim\u00e9e":"3 minutes"},"schema":{"@context":"https:\/\/schema.org","@graph":[{"@type":"WebPage","@id":"https:\/\/aapars.com\/micheline-briere\/","url":"https:\/\/aapars.com\/micheline-briere\/","name":"Micheline Bri\u00e8re | Un site de la galerie virtuelle de l&#039;AAPARS","isPartOf":{"@id":"https:\/\/aapars.com\/micheline-briere\/#website"},"primaryImageOfPage":{"@id":"https:\/\/aapars.com\/micheline-briere\/#primaryimage"},"image":{"@id":"https:\/\/aapars.com\/micheline-briere\/#primaryimage"},"thumbnailUrl":"https:\/\/aapars.com\/micheline-briere\/files\/2024\/10\/MichBie-recadre.jpg","datePublished":"2010-10-03T05:11:36+00:00","dateModified":"2025-08-22T14:29:26+00:00","description":"D\u00e9marche Micheline Bri\u00e8re, alias MichBie, est une artiste autodidacte qui peint principalement \u00e0 l\u2019huile, tout en explorant l\u2019acrylique et le","breadcrumb":{"@id":"https:\/\/aapars.com\/micheline-briere\/#breadcrumb"},"inLanguage":"fr-FR","potentialAction":[{"@type":"ReadAction","target":["https:\/\/aapars.com\/micheline-briere\/"]}]},{"@type":"ImageObject","inLanguage":"fr-FR","@id":"https:\/\/aapars.com\/micheline-briere\/#primaryimage","url":"https:\/\/aapars.com\/micheline-briere\/files\/2024\/10\/MichBie-recadre.jpg","contentUrl":"https:\/\/aapars.com\/micheline-briere\/files\/2024\/10\/MichBie-recadre.jpg","width":150,"height":150},{"@type":"BreadcrumbList","@id":"https:\/\/aapars.com\/micheline-briere\/#breadcrumb","itemListElement":[{"@type":"ListItem","position":1,"name":"Accueil","item":"https:\/\/aapars.com\/micheline-briere\/"},{"@type":"ListItem","position":2,"name":"MichBie"}]},{"@type":"WebSite","@id":"https:\/\/aapars.com\/micheline-briere\/#website","url":"https:\/\/aapars.com\/micheline-briere\/","name":"Micheline Bri\u00e8re","description":"Un site de la galerie virtuelle de l&#039;AAPARS","publisher":{"@id":"https:\/\/aapars.com\/micheline-briere\/#\/schema\/person\/67e727643cc38d6d0d58bde5c504a2f5"},"potentialAction":[{"@type":"SearchAction","target":{"@type":"EntryPoint","urlTemplate":"https:\/\/aapars.com\/micheline-briere\/?s={search_term_string}"},"query-input":{"@type":"PropertyValueSpecification","valueRequired":true,"valueName":"search_term_string"}}],"inLanguage":"fr-FR"},{"@type":["Person","Organization"],"@id":"https:\/\/aapars.com\/micheline-briere\/#\/schema\/person\/67e727643cc38d6d0d58bde5c504a2f5","name":"Jean Test","image":{"@type":"ImageObject","inLanguage":"fr-FR","@id":"https:\/\/aapars.com\/micheline-briere\/files\/2024\/10\/logo-aapars-@2x.png","url":"https:\/\/aapars.com\/micheline-briere\/files\/2024\/10\/logo-aapars-@2x.png","contentUrl":"https:\/\/aapars.com\/micheline-briere\/files\/2024\/10\/logo-aapars-@2x.png","width":560,"height":306,"caption":"Jean Test"},"logo":{"@id":"https:\/\/aapars.com\/micheline-briere\/files\/2024\/10\/logo-aapars-@2x.png"}}]}},"_links":{"self":[{"href":"https:\/\/aapars.com\/micheline-briere\/wp-json\/wp\/v2\/pages\/30","targetHints":{"allow":["GET"]}}],"collection":[{"href":"https:\/\/aapars.com\/micheline-briere\/wp-json\/wp\/v2\/pages"}],"about":[{"href":"https:\/\/aapars.com\/micheline-briere\/wp-json\/wp\/v2\/types\/page"}],"author":[{"embeddable":true,"href":"https:\/\/aapars.com\/micheline-briere\/wp-json\/wp\/v2\/users\/4218"}],"replies":[{"embeddable":true,"href":"https:\/\/aapars.com\/micheline-briere\/wp-json\/wp\/v2\/comments?post=30"}],"version-history":[{"count":10,"href":"https:\/\/aapars.com\/micheline-briere\/wp-json\/wp\/v2\/pages\/30\/revisions"}],"predecessor-version":[{"id":420,"href":"https:\/\/aapars.com\/micheline-briere\/wp-json\/wp\/v2\/pages\/30\/revisions\/420"}],"wp:attachment":[{"href":"https:\/\/aapars.com\/micheline-briere\/wp-json\/wp\/v2\/media?parent=30"}],"curies":[{"name":"wp","href":"https:\/\/api.w.org\/{rel}","templated":true}]}}