{"id":2,"date":"2010-10-03T05:11:36","date_gmt":"2010-10-03T09:11:36","guid":{"rendered":"https:\/\/aapars.com\/jacques-landry\/?page_id=2"},"modified":"2025-05-14T10:17:07","modified_gmt":"2025-05-14T14:17:07","slug":"accueil","status":"publish","type":"page","link":"https:\/\/aapars.com\/johanne-paquette\/","title":{"rendered":"Johanne Paquette"},"content":{"rendered":"<p><a href=\"https:\/\/aapars.com\/johanne-paquette\/files\/2023\/09\/Johanne-Paquette_Photo_small.jpg\"><img loading=\"lazy\" decoding=\"async\" class=\"alignnone wp-image-292 \" src=\"https:\/\/aapars.com\/johanne-paquette\/files\/2023\/09\/Johanne-Paquette_Photo_small-535x711.jpg\" alt=\"Johanne Paquette, artiste peintre\" width=\"150\" height=\"200\" srcset=\"https:\/\/aapars.com\/johanne-paquette\/files\/2023\/09\/Johanne-Paquette_Photo_small-535x711.jpg 535w, https:\/\/aapars.com\/johanne-paquette\/files\/2023\/09\/Johanne-Paquette_Photo_small-770x1024.jpg 770w, https:\/\/aapars.com\/johanne-paquette\/files\/2023\/09\/Johanne-Paquette_Photo_small-768x1021.jpg 768w, https:\/\/aapars.com\/johanne-paquette\/files\/2023\/09\/Johanne-Paquette_Photo_small.jpg 1128w\" sizes=\"auto, (max-width: 150px) 100vw, 150px\" \/><\/a><\/p>\n\n<table id=\"tablepress-1\" class=\"tablepress tablepress-id-1\">\n<tbody class=\"row-striping\">\n<tr class=\"row-1\">\n\t<td class=\"column-1\">Technique :<\/td><td class=\"column-2\">Huile et Technique mixtes<\/td>\n<\/tr>\n<tr class=\"row-2\">\n\t<td class=\"column-1\">Affiliations professionelles :<\/td><td class=\"column-2\"><strong>AAPARS<\/strong> (Association des Artistes Peintres Affili\u00e9s de la Rive-Sud)<br><strong>RAAV<\/strong> (Regroupement des Artistes en Arts Visuels)<\/td>\n<\/tr>\n<tr class=\"row-3\">\n\t<td class=\"column-1\">T\u00e9l\u00e9phone :<\/td><td class=\"column-2\">514-923-6780<\/td>\n<\/tr>\n<tr class=\"row-4\">\n\t<td class=\"column-1\">Courriel :<\/td><td class=\"column-2\"><a href=\"mailto:johannepaquette2021@gmail.com\">johannepaquette2021@gmail.com<\/a><\/td>\n<\/tr>\n<tr class=\"row-5\">\n\t<td class=\"column-1\">Site Internet :<\/td><td class=\"column-2\"><a href=\"http:\/\/www.viesionera.ca\" rel=\"noopener\" target=\"_blank\">viesionera.ca<\/a><\/td>\n<\/tr>\n<\/tbody>\n<\/table>\n\n<h2><a href=\"https:\/\/aapars.com\/johanne-paquette\/files\/2025\/05\/1-Montage__-pour-exposition-dans-Babillard_-juin-et-sept.-2025.jpg\"><img loading=\"lazy\" decoding=\"async\" class=\"alignnone  wp-image-455\" src=\"https:\/\/aapars.com\/johanne-paquette\/files\/2025\/05\/1-Montage__-pour-exposition-dans-Babillard_-juin-et-sept.-2025-535x604.jpg\" alt=\"Exposition \u00e0 Paris\" width=\"456\" height=\"515\" srcset=\"https:\/\/aapars.com\/johanne-paquette\/files\/2025\/05\/1-Montage__-pour-exposition-dans-Babillard_-juin-et-sept.-2025-535x604.jpg 535w, https:\/\/aapars.com\/johanne-paquette\/files\/2025\/05\/1-Montage__-pour-exposition-dans-Babillard_-juin-et-sept.-2025-907x1024.jpg 907w, https:\/\/aapars.com\/johanne-paquette\/files\/2025\/05\/1-Montage__-pour-exposition-dans-Babillard_-juin-et-sept.-2025-768x867.jpg 768w, https:\/\/aapars.com\/johanne-paquette\/files\/2025\/05\/1-Montage__-pour-exposition-dans-Babillard_-juin-et-sept.-2025.jpg 1237w\" sizes=\"auto, (max-width: 456px) 100vw, 456px\" \/><\/a><\/h2>\n<h2>Biographie<\/h2>\n<p>Johanne Paquette est une <strong>artiste peintre visionnaire<\/strong>, <strong>m\u00e9dium<\/strong> et <strong>clairvoyante.<\/strong><\/p>\n<p>Originaire de Longueuil sur la Rive-sud de Montr\u00e9al, elle poss\u00e8de des origines qu\u00e9b\u00e9coises et ukrainiennes.<\/p>\n<p>D\u00e8s son enfance, ses dons de m\u00e9dium et de clairvoyance se sont d\u00e9velopp\u00e9s, ce qui lui sert aujourd\u2019hui dans la r\u00e9alisation de ses \u0153uvres inspir\u00e9es et visionnaires.<\/p>\n<p>Mari\u00e9e depuis plus de 40 ans, elle b\u00e9n\u00e9ficie du soutien de son mari depuis le tout d\u00e9but de sa carri\u00e8re artistique. Elle est \u00e9galement une m\u00e8re fi\u00e8re de ses deux fils et une grand-maman combl\u00e9e par ses quatre petits-enfants.<\/p>\n<p>Johanne a h\u00e9rit\u00e9 de sa m\u00e8re, la passion et l\u2019amour de la peinture. Sa premi\u00e8re toile a \u00e9t\u00e9 cr\u00e9e en 2007, suite a un r\u00eave. Depuis, elle a suivi plusieurs cours de peinture dans divers styles et techniques.<\/p>\n<p>&nbsp;<\/p>\n<h2>D\u00e9marche<\/h2>\n<p>Au fil des ann\u00e9es, Johanne Paquette a suivi plusieurs cours de peinture, explorant diff\u00e9rents styles et techniques.<\/p>\n<p>De plus, elle a fait quelques expositions de ses \u0153uvres. Son processus artistique commence par une vision m\u00e9diumnique, qu\u2019elle esquisse sur papier.<\/p>\n<p>C\u2019est g\u00e9n\u00e9ralement \u00e0 ce moment-l\u00e0 que le titre de l\u2019\u0153uvre lui vient \u00e0 l\u2019esprit, ce qui fait partie int\u00e9grante de ses cr\u00e9ations. Guid\u00e9e par sa vision artistique unique, elle&nbsp; cr\u00e9e des \u00ab reliefs \u00bb en superposant des toiles qui int\u00e8grent la g\u00e9om\u00e9trie sacr\u00e9e.<\/p>\n<p>Elle reproduit ensuite son croquis directement sur la toile. Au fur et \u00e0 mesure de son inspiration, le dessin prend forme et elle suit la vision m\u00e9diumnique qui la guide.<\/p>\n<p>Parfois, dans l\u2019inspiration des d\u00e9tails se pr\u00e9cisent en cours de cr\u00e9ation, tels que l\u2019ajout de personnages suppl\u00e9mentaires. Elle int\u00e8gre \u00e9galement des pierres semi-pr\u00e9cieuses, tr\u00e8s souvent les m\u00eames huit types de pierres et des quartz, permettant l\u2019\u00e9l\u00e9vation du taux vibratoire de ses \u0153uvres.<\/p>\n<p>Johanne peint \u00e0 l\u2019huile, et utilise la technique du mouill\u00e9 sur mouill\u00e9. Selon son inspiration, elle peut aussi utiliser diff\u00e9rentes techniques mixtes pour ses \u0153uvres.<\/p>\n<p>Les yeux qu\u2019elle peint ont la particularit\u00e9 de nous regarder de tous les angles. Elle est \u00e9galement guid\u00e9e pour le choix des couleurs qui se canalisent de fa\u00e7on vibratoire.<\/p>\n<p>Pour terminer, chaque cr\u00e9ation visionnaire est fr\u00e9quemment accompagn\u00e9e d\u2019un message personnel.<\/p>\n<p>&nbsp;<\/p>\n<h2>Expositions<\/h2>\n\n<table id=\"tablepress-3\" class=\"tablepress tablepress-id-3 tbody-has-connected-cells\">\n<thead>\n<tr class=\"row-1\">\n\t<th class=\"column-1\">Ann\u00e9e<\/th><th class=\"column-2\">Nom<\/th><th class=\"column-3\">Endroit<\/th>\n<\/tr>\n<\/thead>\n<tbody class=\"row-striping\">\n<tr class=\"row-2\">\n\t<td colspan=\"3\" class=\"column-1\">Solo<\/td>\n<\/tr>\n<tr class=\"row-3\">\n\t<td class=\"column-1\">12 juin au 14 ao\u00fbt 2024<\/td><td class=\"column-2\">Expo Solo<\/td><td class=\"column-3\">Espace galerie Re\/Max Actif Inc., Saint-Bruno-de-Montarville<\/td>\n<\/tr>\n<tr class=\"row-4\">\n\t<td colspan=\"3\" class=\"column-1\">Collectives<\/td>\n<\/tr>\n<tr class=\"row-5\">\n\t<td class=\"column-1\">14 au 16 septembre 2025<\/td><td class=\"column-2\">Art Show Paris XXI<\/td><td class=\"column-3\">l\u2019espace Bastille Design<\/td>\n<\/tr>\n<tr class=\"row-6\">\n\t<td class=\"column-1\">12 et 13 novembre 2022<\/td><td class=\"column-2\">Salon des Arts de L\u00e9ry 2022<\/td><td class=\"column-3\">Club de Golf Bellevue, L\u00e9ry, QC<\/td>\n<\/tr>\n<tr class=\"row-7\">\n\t<td class=\"column-1\">1e avril 2022 au 30 juin 2022<\/td><td class=\"column-2\">Histoires sans fin (4 toiles collection VERS-R\u00c2)<\/td><td class=\"column-3\">Galerie MP Tresart<\/td>\n<\/tr>\n<tr class=\"row-8\">\n\t<td class=\"column-1\">28 au 29 avril 2018<\/td><td class=\"column-2\">Expo PWC<\/td><td class=\"column-3\">centre Recherche et D\u00e9velop. de PWC longueuil<\/td>\n<\/tr>\n<tr class=\"row-9\">\n\t<td class=\"column-1\">avril 2015<\/td><td class=\"column-2\">Expo PWC<\/td><td class=\"column-3\">La maison K\u00e9part longueuil<\/td>\n<\/tr>\n<tr class=\"row-10\">\n\t<td colspan=\"3\" class=\"column-1\">Collectives virtuelles<\/td>\n<\/tr>\n<tr class=\"row-11\">\n\t<td class=\"column-1\">1e avril 2022 au 1e avril 2023<\/td><td class=\"column-2\">Histoires sans fin (4 toiles collection VERS-R\u00c2)<\/td><td class=\"column-3\">Galerie MP Tresart<\/td>\n<\/tr>\n<tr class=\"row-12\">\n\t<td class=\"column-1\">1e mars 2022 au 1e mars 2023<\/td><td class=\"column-2\">Ma collection de 10 toiles \u00c9VOLUTION<\/td><td class=\"column-3\">Galerie MP Tresart<\/td>\n<\/tr>\n<\/tbody>\n<\/table>\n\n","protected":false},"excerpt":{"rendered":"<p>Biographie Johanne Paquette est une artiste peintre visionnaire, m\u00e9dium et clairvoyante. Originaire de Longueuil sur la Rive-sud de Montr\u00e9al, elle poss\u00e8de des origines qu\u00e9b\u00e9coises et ukrainiennes. D\u00e8s son enfance, ses dons de m\u00e9dium et de clairvoyance se sont d\u00e9velopp\u00e9s, ce qui lui sert aujourd\u2019hui dans la r\u00e9alisation de ses \u0153uvres inspir\u00e9es et visionnaires. Mari\u00e9e depuis &#8230; <\/p>\n<p class=\"read-more-container\"><a title=\"Johanne Paquette\" class=\"read-more button\" href=\"https:\/\/aapars.com\/johanne-paquette\/#more-2\" aria-label=\"En savoir plus sur Johanne Paquette\">Lire plus<\/a><\/p>\n","protected":false},"author":3599,"featured_media":0,"parent":0,"menu_order":0,"comment_status":"closed","ping_status":"closed","template":"","meta":{"_s2mail":"yes","ngg_post_thumbnail":0,"iawp_total_views":195,"footnotes":""},"class_list":["post-2","page","type-page","status-publish"],"yoast_head":"<!-- This site is optimized with the Yoast SEO plugin v27.3 - https:\/\/yoast.com\/product\/yoast-seo-wordpress\/ -->\n<title>Johanne Paquette | Un site de la galerie virtuelle de l&#039;AAPARS<\/title>\n<meta name=\"description\" content=\"Biographie Johanne Paquette est une artiste peintre visionnaire, m\u00e9dium et clairvoyante. Originaire de Longueuil sur la Rive-sud de Montr\u00e9al, elle poss\u00e8de\" \/>\n<meta name=\"robots\" content=\"index, follow, max-snippet:-1, max-image-preview:large, max-video-preview:-1\" \/>\n<link rel=\"canonical\" href=\"https:\/\/aapars.com\/johanne-paquette\/\" \/>\n<meta property=\"og:locale\" content=\"fr_FR\" \/>\n<meta property=\"og:type\" content=\"article\" \/>\n<meta property=\"og:title\" content=\"Johanne Paquette | Un site de la galerie virtuelle de l&#039;AAPARS\" \/>\n<meta property=\"og:description\" content=\"Biographie Johanne Paquette est une artiste peintre visionnaire, m\u00e9dium et clairvoyante. Originaire de Longueuil sur la Rive-sud de Montr\u00e9al, elle poss\u00e8de\" \/>\n<meta property=\"og:url\" content=\"https:\/\/aapars.com\/johanne-paquette\/\" \/>\n<meta property=\"og:site_name\" content=\"Johanne Paquette\" \/>\n<meta property=\"article:modified_time\" content=\"2025-05-14T14:17:07+00:00\" \/>\n<meta property=\"og:image\" content=\"https:\/\/aapars.com\/johanne-paquette\/files\/2023\/09\/Johanne-Paquette_Photo_small.jpg\" \/>\n\t<meta property=\"og:image:width\" content=\"1128\" \/>\n\t<meta property=\"og:image:height\" content=\"1500\" \/>\n\t<meta property=\"og:image:type\" content=\"image\/jpeg\" \/>\n<meta name=\"twitter:label1\" content=\"Dur\u00e9e de lecture estim\u00e9e\" \/>\n\t<meta name=\"twitter:data1\" content=\"3 minutes\" \/>\n<script type=\"application\/ld+json\" class=\"yoast-schema-graph\">{\"@context\":\"https:\\\/\\\/schema.org\",\"@graph\":[{\"@type\":\"WebPage\",\"@id\":\"https:\\\/\\\/aapars.com\\\/johanne-paquette\\\/\",\"url\":\"https:\\\/\\\/aapars.com\\\/johanne-paquette\\\/\",\"name\":\"Johanne Paquette | Un site de la galerie virtuelle de l&#039;AAPARS\",\"isPartOf\":{\"@id\":\"https:\\\/\\\/aapars.com\\\/johanne-paquette\\\/#website\"},\"primaryImageOfPage\":{\"@id\":\"https:\\\/\\\/aapars.com\\\/johanne-paquette\\\/#primaryimage\"},\"image\":{\"@id\":\"https:\\\/\\\/aapars.com\\\/johanne-paquette\\\/#primaryimage\"},\"thumbnailUrl\":\"https:\\\/\\\/aapars.com\\\/johanne-paquette\\\/files\\\/2023\\\/09\\\/Johanne-Paquette_Photo_small-535x711.jpg\",\"datePublished\":\"2010-10-03T09:11:36+00:00\",\"dateModified\":\"2025-05-14T14:17:07+00:00\",\"description\":\"Biographie Johanne Paquette est une artiste peintre visionnaire, m\u00e9dium et clairvoyante. Originaire de Longueuil sur la Rive-sud de Montr\u00e9al, elle poss\u00e8de\",\"breadcrumb\":{\"@id\":\"https:\\\/\\\/aapars.com\\\/johanne-paquette\\\/#breadcrumb\"},\"inLanguage\":\"fr-FR\",\"potentialAction\":[{\"@type\":\"ReadAction\",\"target\":[\"https:\\\/\\\/aapars.com\\\/johanne-paquette\\\/\"]}]},{\"@type\":\"ImageObject\",\"inLanguage\":\"fr-FR\",\"@id\":\"https:\\\/\\\/aapars.com\\\/johanne-paquette\\\/#primaryimage\",\"url\":\"https:\\\/\\\/aapars.com\\\/johanne-paquette\\\/files\\\/2023\\\/09\\\/Johanne-Paquette_Photo_small.jpg\",\"contentUrl\":\"https:\\\/\\\/aapars.com\\\/johanne-paquette\\\/files\\\/2023\\\/09\\\/Johanne-Paquette_Photo_small.jpg\",\"width\":1128,\"height\":1500,\"caption\":\"Johanne Paquette, artiste peintre\"},{\"@type\":\"BreadcrumbList\",\"@id\":\"https:\\\/\\\/aapars.com\\\/johanne-paquette\\\/#breadcrumb\",\"itemListElement\":[{\"@type\":\"ListItem\",\"position\":1,\"name\":\"Accueil\",\"item\":\"https:\\\/\\\/aapars.com\\\/johanne-paquette\\\/\"},{\"@type\":\"ListItem\",\"position\":2,\"name\":\"Johanne Paquette\"}]},{\"@type\":\"WebSite\",\"@id\":\"https:\\\/\\\/aapars.com\\\/johanne-paquette\\\/#website\",\"url\":\"https:\\\/\\\/aapars.com\\\/johanne-paquette\\\/\",\"name\":\"Johanne Paquette\",\"description\":\"Un site de la galerie virtuelle de l&#039;AAPARS\",\"publisher\":{\"@id\":\"https:\\\/\\\/aapars.com\\\/johanne-paquette\\\/#\\\/schema\\\/person\\\/67e727643cc38d6d0d58bde5c504a2f5\"},\"potentialAction\":[{\"@type\":\"SearchAction\",\"target\":{\"@type\":\"EntryPoint\",\"urlTemplate\":\"https:\\\/\\\/aapars.com\\\/johanne-paquette\\\/?s={search_term_string}\"},\"query-input\":{\"@type\":\"PropertyValueSpecification\",\"valueRequired\":true,\"valueName\":\"search_term_string\"}}],\"inLanguage\":\"fr-FR\"},{\"@type\":[\"Person\",\"Organization\"],\"@id\":\"https:\\\/\\\/aapars.com\\\/johanne-paquette\\\/#\\\/schema\\\/person\\\/67e727643cc38d6d0d58bde5c504a2f5\",\"name\":\"Jean Test\",\"image\":{\"@type\":\"ImageObject\",\"inLanguage\":\"fr-FR\",\"@id\":\"https:\\\/\\\/aapars.com\\\/johanne-paquette\\\/files\\\/2012\\\/04\\\/logo-aapars-@2x.png\",\"url\":\"https:\\\/\\\/aapars.com\\\/johanne-paquette\\\/files\\\/2012\\\/04\\\/logo-aapars-@2x.png\",\"contentUrl\":\"https:\\\/\\\/aapars.com\\\/johanne-paquette\\\/files\\\/2012\\\/04\\\/logo-aapars-@2x.png\",\"width\":560,\"height\":306,\"caption\":\"Jean Test\"},\"logo\":{\"@id\":\"https:\\\/\\\/aapars.com\\\/johanne-paquette\\\/files\\\/2012\\\/04\\\/logo-aapars-@2x.png\"}}]}<\/script>\n<!-- \/ Yoast SEO plugin. -->","yoast_head_json":{"title":"Johanne Paquette | Un site de la galerie virtuelle de l&#039;AAPARS","description":"Biographie Johanne Paquette est une artiste peintre visionnaire, m\u00e9dium et clairvoyante. Originaire de Longueuil sur la Rive-sud de Montr\u00e9al, elle poss\u00e8de","robots":{"index":"index","follow":"follow","max-snippet":"max-snippet:-1","max-image-preview":"max-image-preview:large","max-video-preview":"max-video-preview:-1"},"canonical":"https:\/\/aapars.com\/johanne-paquette\/","og_locale":"fr_FR","og_type":"article","og_title":"Johanne Paquette | Un site de la galerie virtuelle de l&#039;AAPARS","og_description":"Biographie Johanne Paquette est une artiste peintre visionnaire, m\u00e9dium et clairvoyante. Originaire de Longueuil sur la Rive-sud de Montr\u00e9al, elle poss\u00e8de","og_url":"https:\/\/aapars.com\/johanne-paquette\/","og_site_name":"Johanne Paquette","article_modified_time":"2025-05-14T14:17:07+00:00","og_image":[{"width":1128,"height":1500,"url":"https:\/\/aapars.com\/johanne-paquette\/files\/2023\/09\/Johanne-Paquette_Photo_small.jpg","type":"image\/jpeg"}],"twitter_misc":{"Dur\u00e9e de lecture estim\u00e9e":"3 minutes"},"schema":{"@context":"https:\/\/schema.org","@graph":[{"@type":"WebPage","@id":"https:\/\/aapars.com\/johanne-paquette\/","url":"https:\/\/aapars.com\/johanne-paquette\/","name":"Johanne Paquette | Un site de la galerie virtuelle de l&#039;AAPARS","isPartOf":{"@id":"https:\/\/aapars.com\/johanne-paquette\/#website"},"primaryImageOfPage":{"@id":"https:\/\/aapars.com\/johanne-paquette\/#primaryimage"},"image":{"@id":"https:\/\/aapars.com\/johanne-paquette\/#primaryimage"},"thumbnailUrl":"https:\/\/aapars.com\/johanne-paquette\/files\/2023\/09\/Johanne-Paquette_Photo_small-535x711.jpg","datePublished":"2010-10-03T09:11:36+00:00","dateModified":"2025-05-14T14:17:07+00:00","description":"Biographie Johanne Paquette est une artiste peintre visionnaire, m\u00e9dium et clairvoyante. Originaire de Longueuil sur la Rive-sud de Montr\u00e9al, elle poss\u00e8de","breadcrumb":{"@id":"https:\/\/aapars.com\/johanne-paquette\/#breadcrumb"},"inLanguage":"fr-FR","potentialAction":[{"@type":"ReadAction","target":["https:\/\/aapars.com\/johanne-paquette\/"]}]},{"@type":"ImageObject","inLanguage":"fr-FR","@id":"https:\/\/aapars.com\/johanne-paquette\/#primaryimage","url":"https:\/\/aapars.com\/johanne-paquette\/files\/2023\/09\/Johanne-Paquette_Photo_small.jpg","contentUrl":"https:\/\/aapars.com\/johanne-paquette\/files\/2023\/09\/Johanne-Paquette_Photo_small.jpg","width":1128,"height":1500,"caption":"Johanne Paquette, artiste peintre"},{"@type":"BreadcrumbList","@id":"https:\/\/aapars.com\/johanne-paquette\/#breadcrumb","itemListElement":[{"@type":"ListItem","position":1,"name":"Accueil","item":"https:\/\/aapars.com\/johanne-paquette\/"},{"@type":"ListItem","position":2,"name":"Johanne Paquette"}]},{"@type":"WebSite","@id":"https:\/\/aapars.com\/johanne-paquette\/#website","url":"https:\/\/aapars.com\/johanne-paquette\/","name":"Johanne Paquette","description":"Un site de la galerie virtuelle de l&#039;AAPARS","publisher":{"@id":"https:\/\/aapars.com\/johanne-paquette\/#\/schema\/person\/67e727643cc38d6d0d58bde5c504a2f5"},"potentialAction":[{"@type":"SearchAction","target":{"@type":"EntryPoint","urlTemplate":"https:\/\/aapars.com\/johanne-paquette\/?s={search_term_string}"},"query-input":{"@type":"PropertyValueSpecification","valueRequired":true,"valueName":"search_term_string"}}],"inLanguage":"fr-FR"},{"@type":["Person","Organization"],"@id":"https:\/\/aapars.com\/johanne-paquette\/#\/schema\/person\/67e727643cc38d6d0d58bde5c504a2f5","name":"Jean Test","image":{"@type":"ImageObject","inLanguage":"fr-FR","@id":"https:\/\/aapars.com\/johanne-paquette\/files\/2012\/04\/logo-aapars-@2x.png","url":"https:\/\/aapars.com\/johanne-paquette\/files\/2012\/04\/logo-aapars-@2x.png","contentUrl":"https:\/\/aapars.com\/johanne-paquette\/files\/2012\/04\/logo-aapars-@2x.png","width":560,"height":306,"caption":"Jean Test"},"logo":{"@id":"https:\/\/aapars.com\/johanne-paquette\/files\/2012\/04\/logo-aapars-@2x.png"}}]}},"_links":{"self":[{"href":"https:\/\/aapars.com\/johanne-paquette\/wp-json\/wp\/v2\/pages\/2","targetHints":{"allow":["GET"]}}],"collection":[{"href":"https:\/\/aapars.com\/johanne-paquette\/wp-json\/wp\/v2\/pages"}],"about":[{"href":"https:\/\/aapars.com\/johanne-paquette\/wp-json\/wp\/v2\/types\/page"}],"author":[{"embeddable":true,"href":"https:\/\/aapars.com\/johanne-paquette\/wp-json\/wp\/v2\/users\/3599"}],"replies":[{"embeddable":true,"href":"https:\/\/aapars.com\/johanne-paquette\/wp-json\/wp\/v2\/comments?post=2"}],"version-history":[{"count":9,"href":"https:\/\/aapars.com\/johanne-paquette\/wp-json\/wp\/v2\/pages\/2\/revisions"}],"predecessor-version":[{"id":456,"href":"https:\/\/aapars.com\/johanne-paquette\/wp-json\/wp\/v2\/pages\/2\/revisions\/456"}],"wp:attachment":[{"href":"https:\/\/aapars.com\/johanne-paquette\/wp-json\/wp\/v2\/media?parent=2"}],"curies":[{"name":"wp","href":"https:\/\/api.w.org\/{rel}","templated":true}]}}