{"id":33,"date":"2010-10-03T14:04:32","date_gmt":"2010-10-03T18:04:32","guid":{"rendered":"https:\/\/aapars.com\/site-gabarit\/"},"modified":"2021-05-23T13:25:59","modified_gmt":"2021-05-23T17:25:59","slug":"portfolio","status":"publish","type":"page","link":"https:\/\/aapars.com\/hughette-prince\/portfolio\/","title":{"rendered":"Portfolio"},"content":{"rendered":"<h2>M\u00e9di\u00e9val<\/h2>\nngg_shortcode_0_placeholder\n<h2>Paysages d&#8217;ailleurs<\/h2>\nngg_shortcode_1_placeholder\n<h2>Paysages Qu\u00e9b\u00e9cois<\/h2>\nngg_shortcode_2_placeholder\n<h2>Sc\u00e8nes de rue<\/h2>\nngg_shortcode_3_placeholder\n","protected":false},"excerpt":{"rendered":"<p>M\u00e9di\u00e9val Paysages d&#8217;ailleurs Paysages Qu\u00e9b\u00e9cois Sc\u00e8nes de rue<\/p>\n","protected":false},"author":58,"featured_media":0,"parent":0,"menu_order":1,"comment_status":"closed","ping_status":"closed","template":"","meta":{"_s2mail":"yes","ngg_post_thumbnail":0,"iawp_total_views":43,"footnotes":""},"class_list":["post-33","page","type-page","status-publish"],"yoast_head":"<!-- This site is optimized with the Yoast SEO plugin v27.3 - https:\/\/yoast.com\/product\/yoast-seo-wordpress\/ -->\n<title>Portfolio - Hughette Prince - Un site de la galerie virtuelle de l&#039;AAPARS<\/title>\n<meta name=\"description\" content=\"M\u00e9di\u00e9val  Paysages d&#039;ailleurs  Paysages Qu\u00e9b\u00e9cois  Sc\u00e8nes de rue\" \/>\n<meta name=\"robots\" content=\"index, follow, max-snippet:-1, max-image-preview:large, max-video-preview:-1\" \/>\n<link rel=\"canonical\" href=\"https:\/\/aapars.com\/hughette-prince\/portfolio\/\" \/>\n<meta property=\"og:locale\" content=\"fr_FR\" \/>\n<meta property=\"og:type\" content=\"article\" \/>\n<meta property=\"og:title\" content=\"Portfolio - Hughette Prince - Un site de la galerie virtuelle de l&#039;AAPARS\" \/>\n<meta property=\"og:description\" content=\"M\u00e9di\u00e9val  Paysages d&#039;ailleurs  Paysages Qu\u00e9b\u00e9cois  Sc\u00e8nes de rue\" \/>\n<meta property=\"og:url\" content=\"https:\/\/aapars.com\/hughette-prince\/portfolio\/\" \/>\n<meta property=\"og:site_name\" content=\"Hughette Prince\" \/>\n<meta property=\"article:modified_time\" content=\"2021-05-23T17:25:59+00:00\" \/>\n<meta name=\"twitter:label1\" content=\"Dur\u00e9e de lecture estim\u00e9e\" \/>\n\t<meta name=\"twitter:data1\" content=\"1 minute\" \/>\n<script type=\"application\/ld+json\" class=\"yoast-schema-graph\">{\"@context\":\"https:\\\/\\\/schema.org\",\"@graph\":[{\"@type\":\"WebPage\",\"@id\":\"https:\\\/\\\/aapars.com\\\/hughette-prince\\\/portfolio\\\/\",\"url\":\"https:\\\/\\\/aapars.com\\\/hughette-prince\\\/portfolio\\\/\",\"name\":\"Portfolio - Hughette Prince - Un site de la galerie virtuelle de l&#039;AAPARS\",\"isPartOf\":{\"@id\":\"https:\\\/\\\/aapars.com\\\/hughette-prince\\\/#website\"},\"datePublished\":\"2010-10-03T18:04:32+00:00\",\"dateModified\":\"2021-05-23T17:25:59+00:00\",\"description\":\"M\u00e9di\u00e9val Paysages d'ailleurs Paysages Qu\u00e9b\u00e9cois Sc\u00e8nes de rue\",\"breadcrumb\":{\"@id\":\"https:\\\/\\\/aapars.com\\\/hughette-prince\\\/portfolio\\\/#breadcrumb\"},\"inLanguage\":\"fr-FR\",\"potentialAction\":[{\"@type\":\"ReadAction\",\"target\":[\"https:\\\/\\\/aapars.com\\\/hughette-prince\\\/portfolio\\\/\"]}]},{\"@type\":\"BreadcrumbList\",\"@id\":\"https:\\\/\\\/aapars.com\\\/hughette-prince\\\/portfolio\\\/#breadcrumb\",\"itemListElement\":[{\"@type\":\"ListItem\",\"position\":1,\"name\":\"Accueil\",\"item\":\"https:\\\/\\\/aapars.com\\\/hughette-prince\\\/\"},{\"@type\":\"ListItem\",\"position\":2,\"name\":\"Portfolio\"}]},{\"@type\":\"WebSite\",\"@id\":\"https:\\\/\\\/aapars.com\\\/hughette-prince\\\/#website\",\"url\":\"https:\\\/\\\/aapars.com\\\/hughette-prince\\\/\",\"name\":\"Hughette Prince\",\"description\":\"Un site de la galerie virtuelle de l&#039;AAPARS\",\"publisher\":{\"@id\":\"https:\\\/\\\/aapars.com\\\/hughette-prince\\\/#organization\"},\"potentialAction\":[{\"@type\":\"SearchAction\",\"target\":{\"@type\":\"EntryPoint\",\"urlTemplate\":\"https:\\\/\\\/aapars.com\\\/hughette-prince\\\/?s={search_term_string}\"},\"query-input\":{\"@type\":\"PropertyValueSpecification\",\"valueRequired\":true,\"valueName\":\"search_term_string\"}}],\"inLanguage\":\"fr-FR\"},{\"@type\":\"Organization\",\"@id\":\"https:\\\/\\\/aapars.com\\\/hughette-prince\\\/#organization\",\"name\":\"Hughette Prince\",\"url\":\"https:\\\/\\\/aapars.com\\\/hughette-prince\\\/\",\"logo\":{\"@type\":\"ImageObject\",\"inLanguage\":\"fr-FR\",\"@id\":\"https:\\\/\\\/aapars.com\\\/hughette-prince\\\/#\\\/schema\\\/logo\\\/image\\\/\",\"url\":\"https:\\\/\\\/aapars.com\\\/hughette-prince\\\/files\\\/2021\\\/05\\\/logo-aapars-@2x.png\",\"contentUrl\":\"https:\\\/\\\/aapars.com\\\/hughette-prince\\\/files\\\/2021\\\/05\\\/logo-aapars-@2x.png\",\"width\":560,\"height\":306,\"caption\":\"Hughette Prince\"},\"image\":{\"@id\":\"https:\\\/\\\/aapars.com\\\/hughette-prince\\\/#\\\/schema\\\/logo\\\/image\\\/\"}}]}<\/script>\n<!-- \/ Yoast SEO plugin. -->","yoast_head_json":{"title":"Portfolio - Hughette Prince - Un site de la galerie virtuelle de l&#039;AAPARS","description":"M\u00e9di\u00e9val  Paysages d'ailleurs  Paysages Qu\u00e9b\u00e9cois  Sc\u00e8nes de rue","robots":{"index":"index","follow":"follow","max-snippet":"max-snippet:-1","max-image-preview":"max-image-preview:large","max-video-preview":"max-video-preview:-1"},"canonical":"https:\/\/aapars.com\/hughette-prince\/portfolio\/","og_locale":"fr_FR","og_type":"article","og_title":"Portfolio - Hughette Prince - Un site de la galerie virtuelle de l&#039;AAPARS","og_description":"M\u00e9di\u00e9val  Paysages d'ailleurs  Paysages Qu\u00e9b\u00e9cois  Sc\u00e8nes de rue","og_url":"https:\/\/aapars.com\/hughette-prince\/portfolio\/","og_site_name":"Hughette Prince","article_modified_time":"2021-05-23T17:25:59+00:00","twitter_misc":{"Dur\u00e9e de lecture estim\u00e9e":"1 minute"},"schema":{"@context":"https:\/\/schema.org","@graph":[{"@type":"WebPage","@id":"https:\/\/aapars.com\/hughette-prince\/portfolio\/","url":"https:\/\/aapars.com\/hughette-prince\/portfolio\/","name":"Portfolio - Hughette Prince - Un site de la galerie virtuelle de l&#039;AAPARS","isPartOf":{"@id":"https:\/\/aapars.com\/hughette-prince\/#website"},"datePublished":"2010-10-03T18:04:32+00:00","dateModified":"2021-05-23T17:25:59+00:00","description":"M\u00e9di\u00e9val Paysages d'ailleurs Paysages Qu\u00e9b\u00e9cois Sc\u00e8nes de rue","breadcrumb":{"@id":"https:\/\/aapars.com\/hughette-prince\/portfolio\/#breadcrumb"},"inLanguage":"fr-FR","potentialAction":[{"@type":"ReadAction","target":["https:\/\/aapars.com\/hughette-prince\/portfolio\/"]}]},{"@type":"BreadcrumbList","@id":"https:\/\/aapars.com\/hughette-prince\/portfolio\/#breadcrumb","itemListElement":[{"@type":"ListItem","position":1,"name":"Accueil","item":"https:\/\/aapars.com\/hughette-prince\/"},{"@type":"ListItem","position":2,"name":"Portfolio"}]},{"@type":"WebSite","@id":"https:\/\/aapars.com\/hughette-prince\/#website","url":"https:\/\/aapars.com\/hughette-prince\/","name":"Hughette Prince","description":"Un site de la galerie virtuelle de l&#039;AAPARS","publisher":{"@id":"https:\/\/aapars.com\/hughette-prince\/#organization"},"potentialAction":[{"@type":"SearchAction","target":{"@type":"EntryPoint","urlTemplate":"https:\/\/aapars.com\/hughette-prince\/?s={search_term_string}"},"query-input":{"@type":"PropertyValueSpecification","valueRequired":true,"valueName":"search_term_string"}}],"inLanguage":"fr-FR"},{"@type":"Organization","@id":"https:\/\/aapars.com\/hughette-prince\/#organization","name":"Hughette Prince","url":"https:\/\/aapars.com\/hughette-prince\/","logo":{"@type":"ImageObject","inLanguage":"fr-FR","@id":"https:\/\/aapars.com\/hughette-prince\/#\/schema\/logo\/image\/","url":"https:\/\/aapars.com\/hughette-prince\/files\/2021\/05\/logo-aapars-@2x.png","contentUrl":"https:\/\/aapars.com\/hughette-prince\/files\/2021\/05\/logo-aapars-@2x.png","width":560,"height":306,"caption":"Hughette Prince"},"image":{"@id":"https:\/\/aapars.com\/hughette-prince\/#\/schema\/logo\/image\/"}}]}},"_links":{"self":[{"href":"https:\/\/aapars.com\/hughette-prince\/wp-json\/wp\/v2\/pages\/33","targetHints":{"allow":["GET"]}}],"collection":[{"href":"https:\/\/aapars.com\/hughette-prince\/wp-json\/wp\/v2\/pages"}],"about":[{"href":"https:\/\/aapars.com\/hughette-prince\/wp-json\/wp\/v2\/types\/page"}],"author":[{"embeddable":true,"href":"https:\/\/aapars.com\/hughette-prince\/wp-json\/wp\/v2\/users\/58"}],"replies":[{"embeddable":true,"href":"https:\/\/aapars.com\/hughette-prince\/wp-json\/wp\/v2\/comments?post=33"}],"version-history":[{"count":0,"href":"https:\/\/aapars.com\/hughette-prince\/wp-json\/wp\/v2\/pages\/33\/revisions"}],"wp:attachment":[{"href":"https:\/\/aapars.com\/hughette-prince\/wp-json\/wp\/v2\/media?parent=33"}],"curies":[{"name":"wp","href":"https:\/\/api.w.org\/{rel}","templated":true}]}}