{"id":2,"date":"2010-10-03T05:11:36","date_gmt":"2010-10-03T09:11:36","guid":{"rendered":"https:\/\/aapars.com\/jacques-landry\/?page_id=2"},"modified":"2024-03-26T09:41:46","modified_gmt":"2024-03-26T13:41:46","slug":"accueil","status":"publish","type":"page","link":"https:\/\/aapars.com\/helene-raymond\/","title":{"rendered":"H\u00e9l\u00e8ne Raymond"},"content":{"rendered":"<p><img loading=\"lazy\" decoding=\"async\" class=\"alignnone  wp-image-77\" src=\"https:\/\/aapars.com\/helene-raymond\/files\/2021\/04\/IMG_1702-535x713.jpg\" alt=\"H\u00e9l\u00e8ne Raymond\" width=\"342\" height=\"456\" srcset=\"https:\/\/aapars.com\/helene-raymond\/files\/2021\/04\/IMG_1702-535x713.jpg 535w, https:\/\/aapars.com\/helene-raymond\/files\/2021\/04\/IMG_1702-768x1024.jpg 768w, https:\/\/aapars.com\/helene-raymond\/files\/2021\/04\/IMG_1702-1152x1536.jpg 1152w, https:\/\/aapars.com\/helene-raymond\/files\/2021\/04\/IMG_1702.jpg 1536w\" sizes=\"auto, (max-width: 342px) 100vw, 342px\" \/><\/p>\n\n<table id=\"tablepress-1\" class=\"tablepress tablepress-id-1\">\n<tbody class=\"row-striping\">\n<tr class=\"row-1\">\n\t<td class=\"column-1\">Techniques :<\/td><td class=\"column-2\">Pastels secs, b\u00e2tons \u00e0 l'huile, marqueurs et encre<\/td>\n<\/tr>\n<tr class=\"row-2\">\n\t<td class=\"column-1\">Affiliations professionnelles:<\/td><td class=\"column-2\">Membre signataire de PSEC (Soci\u00e9t\u00e9 de Pastel de l\u2019Est du Canada),<br \/>\nMembre signataire de PAC (Pastel Artists.CA),<br \/>\nMembre de l'AAPARS<br \/>\n   - Pr\u00e9sidente de l\u2019AAPARS (juin 2020 \u00e0 juin 2022)<br \/>\n   - Directrice aux r\u00e9seaux sociaux (juin 2019 - juin 2020)<\/td>\n<\/tr>\n<tr class=\"row-3\">\n\t<td class=\"column-1\">T\u00e9l\u00e9phone :<\/td><td class=\"column-2\">514 816-0924<\/td>\n<\/tr>\n<tr class=\"row-4\">\n\t<td class=\"column-1\">Courriel :<\/td><td class=\"column-2\"><a href=\"mailto:raymond.helene@videotron.ca\">raymond.helene@videotron.ca<\/a><\/td>\n<\/tr>\n<tr class=\"row-5\">\n\t<td class=\"column-1\">Site Internet :<\/td><td class=\"column-2\"><a href=\"https:\/\/aapars.com\/helene-raymond\">https:\/\/aapars.com\/helene-raymond<\/a><\/td>\n<\/tr>\n<tr class=\"row-6\">\n\t<td class=\"column-1\">Page Facebook:<\/td><td class=\"column-2\"><a href=\"https:\/\/www.facebook.com\/remoartiste\" rel=\"noopener\" target=\"_blank\">https:\/\/www.facebook.com\/remoartiste<\/a><\/td>\n<\/tr>\n<\/tbody>\n<\/table>\n<!-- #tablepress-1 from cache -->\n<h2>Biographie<\/h2>\n<p>Originaire de Montr\u00e9al, Qc, j\u2019ai pass\u00e9 ma jeunesse \u00e0 dessiner des personnages et des portraits inspir\u00e9s de ma famille et mon entourage.<\/p>\n<p>Parall\u00e8lement \u00e0 mes activit\u00e9s professionnelles, mon int\u00e9r\u00eat pour l\u2019art a continu\u00e9 de grandir par l\u2019entremise de cours et par la fr\u00e9quentation des galeries d\u2019art et des mus\u00e9es.<\/p>\n<p>Portraitiste autodidacte, j\u2019ai d\u2019abord ressenti le besoin d\u2019aller perfectionner mes techniques de dessins avant de choisir un m\u00e9dium. De cette fa\u00e7on j\u2019ai pu d\u00e9velopper ma passion du portrait et des personnages via diff\u00e9rents m\u00e9diums tels que crayon, fusain, pastel et acrylique.<\/p>\n<p>J\u2019aime beaucoup travailler avec les m\u00e9diums en b\u00e2ton. Le pastel est celui que j\u2019utilise principalement mais je travaille actuellement \u00e0 faire des exp\u00e9rimentations avec d\u2019autres m\u00e9diums tels les b\u00e2tons de peinture \u00e0 l\u2019huile, les pastels aquarellables et diff\u00e9rents types de marqueurs (alcool, huile, acrylique). Je ne veux pas me restreindre et, dans un tableau, je peux utiliser diff\u00e9rents m\u00e9diums en m\u00eame temps. J\u2019aime faire des stages avec d\u2019autres artistes pour me perfectionner au niveau du style, de la couleur, des textures et des diff\u00e9rents produits. En 2016, j\u2019ai d\u00e9cid\u00e9 de me consacrer enti\u00e8rement \u00e0 ma passion pour l\u2019art et je travaille actuellement au perfectionnement de portraits et au d\u00e9veloppement d\u2019un style alliant la ligne noire \u00e0 la couleur pour repr\u00e9senter des choses simples de la vie ou des moments intimistes.<\/p>\n<h2>D\u00e9marche artistique<\/h2>\n<p>Ce que nous percevons au travers d&#8217;un regard, les \u00e9motions qui nous p\u00e9n\u00e8trent au plus profond de nous, ce moment d&#8217;intimit\u00e9 partag\u00e9, voil\u00e0 bien ce qui m&#8217;attire dans l&#8217;expression du portrait et des choses simples de la vie.<br \/>\nPour moi, le portrait propose un moment privil\u00e9gi\u00e9 avec son sujet; par le biais de l&#8217;art j&#8217;y puise un contact \u00e9motif me permettant de rendre sur la toile l&#8217;essence du sujet.<br \/>\nMon approche classique caract\u00e9ris\u00e9e par la rigueur du trait me permet d&#8217;entrer en contact avec mon mod\u00e8le avec une sensibilit\u00e9 dans tout son myst\u00e8re.<br \/>\nMembre de la Soci\u00e9t\u00e9 des Pastellistes de l&#8217;Est du Canada et de Pastel Artist Canada, je travaille essentiellement le pastel sec pour la richesse du pigment et la lumi\u00e8re qu&#8217;il procure.<br \/>\nMes \u0153uvres racontent la vie des gens, leurs joies, leurs peines et leurs \u00e9motions car derri\u00e8re le visible en effet, il y a l\u2019invisible.<\/p>\n<p><strong><em>\u00c0 quoi sert la beaut\u00e9, sinon \u00e0 \u00eatre contempl\u00e9e!<\/em><\/strong><\/p>\n<h2>Formation<\/h2>\n\n<table id=\"tablepress-2\" class=\"tablepress tablepress-id-2\">\n<thead>\n<tr class=\"row-1\">\n\t<th class=\"column-1\">Ann\u00e9e<\/th><th class=\"column-2\">Institution\/Professeur<\/th><th class=\"column-3\">Programme<\/th>\n<\/tr>\n<\/thead>\n<tbody class=\"row-striping\">\n<tr class=\"row-2\">\n\t<td class=\"column-1\">2021, 2019<\/td><td class=\"column-2\">Ga\u00ebtane Dion<\/td><td class=\"column-3\">Atelier de peinture aux b\u00e2tons \u00e0 l\u2019huile<\/td>\n<\/tr>\n<tr class=\"row-3\">\n\t<td class=\"column-1\">2021<\/td><td class=\"column-2\">Diane Bussi\u00e8res <\/td><td class=\"column-3\">L\u2019abstraction avec la ligne, la couleur et le collage<\/td>\n<\/tr>\n<tr class=\"row-4\">\n\t<td class=\"column-1\">2019<\/td><td class=\"column-2\">Pierrette Voghel<\/td><td class=\"column-3\">Atelier d\u2019abstraction<\/td>\n<\/tr>\n<tr class=\"row-5\">\n\t<td class=\"column-1\">2019<\/td><td class=\"column-2\">Ga\u00ebtane Dion<\/td><td class=\"column-3\">Atelier de Cr\u00e9ation de personnages<\/td>\n<\/tr>\n<tr class=\"row-6\">\n\t<td class=\"column-1\">2019<\/td><td class=\"column-2\">Siddick Nuckcheddy ma\u00eetre pastelliste international<\/td><td class=\"column-3\">Sc\u00e8nes de vie au pastel sec <\/td>\n<\/tr>\n<tr class=\"row-7\">\n\t<td class=\"column-1\">2019<\/td><td class=\"column-2\">Lucie Michel<\/td><td class=\"column-3\">Paysages color\u00e9s et simplifi\u00e9s<\/td>\n<\/tr>\n<tr class=\"row-8\">\n\t<td class=\"column-1\">2017<\/td><td class=\"column-2\">France Malo<\/td><td class=\"column-3\">Atelier sur la couleur<\/td>\n<\/tr>\n<tr class=\"row-9\">\n\t<td class=\"column-1\">2016<\/td><td class=\"column-2\">Mimi V\u00e9zina<\/td><td class=\"column-3\">Cours La couleur et l\u2019abstraction<\/td>\n<\/tr>\n<tr class=\"row-10\">\n\t<td class=\"column-1\">2016<\/td><td class=\"column-2\">Mimi V\u00e9zina<\/td><td class=\"column-3\">Cours de personnages imaginaires<\/td>\n<\/tr>\n<tr class=\"row-11\">\n\t<td class=\"column-1\">2013-2016<\/td><td class=\"column-2\">Johanne Doucet<br \/>\n(Atelier Mine de rien)<\/td><td class=\"column-3\">Cours de dessin, pastel et acrylique<\/td>\n<\/tr>\n<\/tbody>\n<\/table>\n<!-- #tablepress-2 from cache -->\n<h2>Expositions<\/h2>\n\n<table id=\"tablepress-3\" class=\"tablepress tablepress-id-3 tbody-has-connected-cells\">\n<thead>\n<tr class=\"row-1\">\n\t<th class=\"column-1\">Ann\u00e9e<\/th><th class=\"column-2\">Nom<\/th><th class=\"column-3\">Endroit<\/th>\n<\/tr>\n<\/thead>\n<tbody class=\"row-striping\">\n<tr class=\"row-2\">\n\t<td colspan=\"3\" class=\"column-1\"><strong>Collectives avec jury et honneurs<\/strong><\/td>\n<\/tr>\n<tr class=\"row-3\">\n\t<td class=\"column-1\">2020<\/td><td class=\"column-2\">Pastel Artists.CA 8th Annual Member's Juried Online Exhibition<\/td><td class=\"column-3\">En ligne<\/td>\n<\/tr>\n<tr class=\"row-4\">\n\t<td class=\"column-1\">2020<\/td><td class=\"column-2\">Pastel Artists.CA 29th Annual Purely Pastel international exhibition<\/td><td class=\"column-3\">En ligne<\/td>\n<\/tr>\n<tr class=\"row-5\">\n\t<td class=\"column-1\">2020<\/td><td class=\"column-2\">Les Pastellistes 2020 - exposition internationale<\/td><td class=\"column-3\">En ligne<\/td>\n<\/tr>\n<tr class=\"row-6\">\n\t<td class=\"column-1\">2020<\/td><td class=\"column-2\">Pastel Toujours 2020 <\/td><td class=\"column-3\">Mus\u00e9e Pierre-Boucher \u2013 Trois-Rivi\u00e8res Qc<\/td>\n<\/tr>\n<tr class=\"row-7\">\n\t<td class=\"column-1\">2019<\/td><td class=\"column-2\">16e Exposition Concours Automnale de l\u2019AAPARS<\/td><td class=\"column-3\">Centre Marcel-Dulude \u2013 St-Bruno-de-Montarville Qc<\/td>\n<\/tr>\n<tr class=\"row-8\">\n\t<td class=\"column-1\">2019<\/td><td class=\"column-2\">Pastel Artists.CA 7th Annual Member's Juried Online Exhibition<\/td><td class=\"column-3\">En ligne<\/td>\n<\/tr>\n<tr class=\"row-9\">\n\t<td class=\"column-1\">2019<\/td><td class=\"column-2\">Les Pastellistes 2019 - exposition internationale<\/td><td class=\"column-3\">Galerie Hang\u2019Art \u2013 Montr\u00e9al Qc<\/td>\n<\/tr>\n<tr class=\"row-10\">\n\t<td class=\"column-1\">2019<\/td><td class=\"column-2\">Pastel Toujours 2019<\/td><td class=\"column-3\">Domaine de Maizerets \u2013 Qu\u00e9bec Qc<\/td>\n<\/tr>\n<tr class=\"row-11\">\n\t<td class=\"column-1\">2018<\/td><td class=\"column-2\">Pastel Artists.CA 6th Annual Member's Juried Online Exhibition<\/td><td class=\"column-3\">En ligne<\/td>\n<\/tr>\n<tr class=\"row-12\">\n\t<td class=\"column-1\">2018<\/td><td class=\"column-2\">Les Pastellistes 2018 - exposition nationale<\/td><td class=\"column-3\">Galerie Hang\u2019Art \u2013 Montr\u00e9al Qc<\/td>\n<\/tr>\n<tr class=\"row-13\">\n\t<td class=\"column-1\">2018<\/td><td class=\"column-2\">Pastel Toujours 2018<\/td><td class=\"column-3\">Mus\u00e9e de l\u2019H\u00f4tel des Postes \u2013 Victoriaville Qc <\/td>\n<\/tr>\n<tr class=\"row-14\">\n\t<td class=\"column-1\">2018<\/td><td class=\"column-2\">IV Biennale Internationale du Pastel en Espagne \u2013 Pays invit\u00e9 d\u2019honneur<\/td><td class=\"column-3\">Oviedo, Espagne<\/td>\n<\/tr>\n<tr class=\"row-15\">\n\t<td class=\"column-1\">2017<\/td><td class=\"column-2\">Les Pastellistes 2017 \u2013 exposition Internationale<\/td><td class=\"column-3\">Galerie 203 \u2013 Montr\u00e9al Qc <\/td>\n<\/tr>\n<tr class=\"row-16\">\n\t<td class=\"column-1\">2016<\/td><td class=\"column-2\">Salon d\u2019Automne<\/td><td class=\"column-3\">Mus\u00e9e d\u2019Art de Mont-Saint-Hilaire, Qc<\/td>\n<\/tr>\n<tr class=\"row-17\">\n\t<td colspan=\"3\" class=\"column-1\"><strong>Collectives <\/strong><\/td>\n<\/tr>\n<tr class=\"row-18\">\n\t<td class=\"column-1\">2019<\/td><td class=\"column-2\">L\u2019Art pour tous, tous pour l\u2019Art<\/td><td class=\"column-3\">Vignoble La Grande All\u00e9e, Mont-Saint-Hilaire, Qc<\/td>\n<\/tr>\n<tr class=\"row-19\">\n\t<td class=\"column-1\">2016-2017<\/td><td class=\"column-2\">La couleur au f\u00e9minin 2<\/td><td class=\"column-3\">Hachem St-Bruno, Qc<\/td>\n<\/tr>\n<tr class=\"row-20\">\n\t<td class=\"column-1\">2016<\/td><td class=\"column-2\">La couleur au f\u00e9minin 1<\/td><td class=\"column-3\">Hachem St-Bruno, Qc<\/td>\n<\/tr>\n<tr class=\"row-21\">\n\t<td class=\"column-1\">2014 \u00e0 2016<\/td><td class=\"column-2\">Expositions Mine de Rien<\/td><td class=\"column-3\">Beloeil, Qc<\/td>\n<\/tr>\n<\/tbody>\n<\/table>\n<!-- #tablepress-3 from cache -->\n<h2>Reconnaissances<\/h2>\n\n<table id=\"tablepress-5\" class=\"tablepress tablepress-id-5\">\n<thead>\n<tr class=\"row-1\">\n\t<th class=\"column-1\">Ann\u00e9e<\/th><th class=\"column-2\">Nom<\/th><th class=\"column-3\">Endroit de remise<\/th>\n<\/tr>\n<\/thead>\n<tbody class=\"row-striping\">\n<tr class=\"row-2\">\n\t<td class=\"column-1\">2020<\/td><td class=\"column-2\"><strong>PAC Signature Status<\/strong><\/td><td class=\"column-3\">Pastel Artists.CA<\/td>\n<\/tr>\n<tr class=\"row-3\">\n\t<td class=\"column-1\">2020<\/td><td class=\"column-2\"><strong>MENTION HONORABLE<\/strong> (L\u2019Enfant Do)<\/td><td class=\"column-3\">Pastel Toujours 2020 <\/td>\n<\/tr>\n<tr class=\"row-4\">\n\t<td class=\"column-1\">2019<\/td><td class=\"column-2\"><strong>PSEC Statut de Membre signataire<\/strong><\/td><td class=\"column-3\">PSEC Soci\u00e9t\u00e9 de Pastel de l\u2019Est du Canada<\/td>\n<\/tr>\n<tr class=\"row-5\">\n\t<td class=\"column-1\">2019<\/td><td class=\"column-2\"><strong>PRIX PORTRAIT<\/strong> (\u00c8ve) <\/td><td class=\"column-3\">Les Pastellistes 2019 - exposition internationale s\u00e9lectionn\u00e9e par jury <\/td>\n<\/tr>\n<tr class=\"row-6\">\n\t<td class=\"column-1\">2018<\/td><td class=\"column-2\"><strong>3i\u00e8me PRIX<\/strong> (Tendresse)<\/td><td class=\"column-3\">Pastel Artists.CA 6th Annual Member's Juried Online Exhibition <br \/>\n<\/td>\n<\/tr>\n<tr class=\"row-7\">\n\t<td class=\"column-1\">2018<\/td><td class=\"column-2\"><strong>Artiste invit\u00e9e<\/strong><\/td><td class=\"column-3\">IV Biennale Internationale du Pastel en Espagne \u2013 Pays invit\u00e9 d\u2019honneur, Oviedo Espagne<\/td>\n<\/tr>\n<\/tbody>\n<\/table>\n<!-- #tablepress-5 from cache -->\n<h2>M\u00e9dias<\/h2>\n\n<table id=\"tablepress-7\" class=\"tablepress tablepress-id-7\">\n<thead>\n<tr class=\"row-1\">\n\t<th class=\"column-1\">Ann\u00e9e<\/th><th class=\"column-2\">Titre<\/th><th class=\"column-3\">Auteur<\/th><th class=\"column-4\">Source<\/th>\n<\/tr>\n<\/thead>\n<tbody class=\"row-striping\">\n<tr class=\"row-2\">\n\t<td class=\"column-1\">2021<\/td><td class=\"column-2\">Magazin'Art, Les gens qui font l'\u00e9v\u00e8nement<\/td><td class=\"column-3\"><\/td><td class=\"column-4\">Magazin'Art Hiver 2021 Vol 33 no 130<\/td>\n<\/tr>\n<tr class=\"row-3\">\n\t<td class=\"column-1\">2020<\/td><td class=\"column-2\">Magazin'Art<\/td><td class=\"column-3\">AAPARS<\/td><td class=\"column-4\">Magazin'Art Automne 2020 Vol 33 no 129<\/td>\n<\/tr>\n<tr class=\"row-4\">\n\t<td class=\"column-1\">2020<\/td><td class=\"column-2\">Magazin'Art<\/td><td class=\"column-3\">AAPARS<\/td><td class=\"column-4\">Magazin'Art Hiver 2020 Vol 32 no 126<\/td>\n<\/tr>\n<tr class=\"row-5\">\n\t<td class=\"column-1\">2020<\/td><td class=\"column-2\">Les Versants - Art et culture<br \/>\nUn Circuit des Arts qui fonctionne<\/td><td class=\"column-3\">Frank Jr Rodi<\/td><td class=\"column-4\">Journal Les Versants du 23 septembre 2020<\/td>\n<\/tr>\n<tr class=\"row-6\">\n\t<td class=\"column-1\">2020<\/td><td class=\"column-2\">Le Circuit des arts en photos<\/td><td class=\"column-3\">Art et Culture<\/td><td class=\"column-4\">Journal de Saint-Bruno du 23 septembre 2020<\/td>\n<\/tr>\n<\/tbody>\n<\/table>\n<!-- #tablepress-7 from cache -->\n<input class=\"fooboxshare_post_id\" type=\"hidden\" value=\"2\"\/>","protected":false},"excerpt":{"rendered":"<p>Biographie Originaire de Montr\u00e9al, Qc, j\u2019ai pass\u00e9 ma jeunesse \u00e0 dessiner des personnages et des portraits inspir\u00e9s de ma famille et mon entourage. Parall\u00e8lement \u00e0 mes activit\u00e9s professionnelles, mon int\u00e9r\u00eat pour l\u2019art a continu\u00e9 de grandir par l\u2019entremise de cours et par la fr\u00e9quentation des galeries d\u2019art et des mus\u00e9es. Portraitiste autodidacte, j\u2019ai d\u2019abord ressenti &#8230; <\/p>\n<p class=\"read-more-container\"><a title=\"H\u00e9l\u00e8ne Raymond\" class=\"read-more button\" href=\"https:\/\/aapars.com\/helene-raymond\/#more-2\" aria-label=\"En savoir plus sur H\u00e9l\u00e8ne Raymond\">Lire plus<\/a><\/p>\n","protected":false},"author":922,"featured_media":0,"parent":0,"menu_order":0,"comment_status":"closed","ping_status":"closed","template":"","meta":{"_s2mail":"yes","ngg_post_thumbnail":0,"iawp_total_views":195,"footnotes":""},"class_list":["post-2","page","type-page","status-publish"],"yoast_head":"<!-- This site is optimized with the Yoast SEO plugin v27.3 - https:\/\/yoast.com\/product\/yoast-seo-wordpress\/ -->\n<title>H\u00e9l\u00e8ne Raymond - H\u00e9l\u00e8ne Raymond - Un site de la galerie virtuelle de l&#039;AAPARS<\/title>\n<meta name=\"description\" content=\"Biographie Originaire de Montr\u00e9al, Qc, j\u2019ai pass\u00e9 ma jeunesse \u00e0 dessiner des personnages et des portraits inspir\u00e9s de ma famille et mon entourage.\" \/>\n<meta name=\"robots\" content=\"index, follow, max-snippet:-1, max-image-preview:large, max-video-preview:-1\" \/>\n<link rel=\"canonical\" href=\"https:\/\/aapars.com\/helene-raymond\/\" \/>\n<meta property=\"og:locale\" content=\"fr_FR\" \/>\n<meta property=\"og:type\" content=\"article\" \/>\n<meta property=\"og:title\" content=\"H\u00e9l\u00e8ne Raymond - H\u00e9l\u00e8ne Raymond - Un site de la galerie virtuelle de l&#039;AAPARS\" \/>\n<meta property=\"og:description\" content=\"Biographie Originaire de Montr\u00e9al, Qc, j\u2019ai pass\u00e9 ma jeunesse \u00e0 dessiner des personnages et des portraits inspir\u00e9s de ma famille et mon entourage.\" \/>\n<meta property=\"og:url\" content=\"https:\/\/aapars.com\/helene-raymond\/\" \/>\n<meta property=\"og:site_name\" content=\"H\u00e9l\u00e8ne Raymond\" \/>\n<meta property=\"article:modified_time\" content=\"2024-03-26T13:41:46+00:00\" \/>\n<meta property=\"og:image\" content=\"https:\/\/aapars.com\/helene-raymond\/files\/2021\/04\/IMG_1702-535x713.jpg\" \/>\n<meta name=\"twitter:label1\" content=\"Dur\u00e9e de lecture estim\u00e9e\" \/>\n\t<meta name=\"twitter:data1\" content=\"3 minutes\" \/>\n<script type=\"application\/ld+json\" class=\"yoast-schema-graph\">{\"@context\":\"https:\\\/\\\/schema.org\",\"@graph\":[{\"@type\":\"WebPage\",\"@id\":\"https:\\\/\\\/aapars.com\\\/helene-raymond\\\/\",\"url\":\"https:\\\/\\\/aapars.com\\\/helene-raymond\\\/\",\"name\":\"H\u00e9l\u00e8ne Raymond - H\u00e9l\u00e8ne Raymond - Un site de la galerie virtuelle de l&#039;AAPARS\",\"isPartOf\":{\"@id\":\"https:\\\/\\\/aapars.com\\\/helene-raymond\\\/#website\"},\"primaryImageOfPage\":{\"@id\":\"https:\\\/\\\/aapars.com\\\/helene-raymond\\\/#primaryimage\"},\"image\":{\"@id\":\"https:\\\/\\\/aapars.com\\\/helene-raymond\\\/#primaryimage\"},\"thumbnailUrl\":\"https:\\\/\\\/aapars.com\\\/helene-raymond\\\/files\\\/2021\\\/04\\\/IMG_1702-535x713.jpg\",\"datePublished\":\"2010-10-03T09:11:36+00:00\",\"dateModified\":\"2024-03-26T13:41:46+00:00\",\"description\":\"Biographie Originaire de Montr\u00e9al, Qc, j\u2019ai pass\u00e9 ma jeunesse \u00e0 dessiner des personnages et des portraits inspir\u00e9s de ma famille et mon entourage.\",\"breadcrumb\":{\"@id\":\"https:\\\/\\\/aapars.com\\\/helene-raymond\\\/#breadcrumb\"},\"inLanguage\":\"fr-FR\",\"potentialAction\":[{\"@type\":\"ReadAction\",\"target\":[\"https:\\\/\\\/aapars.com\\\/helene-raymond\\\/\"]}]},{\"@type\":\"ImageObject\",\"inLanguage\":\"fr-FR\",\"@id\":\"https:\\\/\\\/aapars.com\\\/helene-raymond\\\/#primaryimage\",\"url\":\"https:\\\/\\\/aapars.com\\\/helene-raymond\\\/files\\\/2021\\\/04\\\/IMG_1702.jpg\",\"contentUrl\":\"https:\\\/\\\/aapars.com\\\/helene-raymond\\\/files\\\/2021\\\/04\\\/IMG_1702.jpg\",\"width\":1536,\"height\":2048,\"caption\":\"H\u00e9l\u00e8ne Raymond\"},{\"@type\":\"BreadcrumbList\",\"@id\":\"https:\\\/\\\/aapars.com\\\/helene-raymond\\\/#breadcrumb\",\"itemListElement\":[{\"@type\":\"ListItem\",\"position\":1,\"name\":\"Accueil\",\"item\":\"https:\\\/\\\/aapars.com\\\/helene-raymond\\\/\"},{\"@type\":\"ListItem\",\"position\":2,\"name\":\"H\u00e9l\u00e8ne Raymond\"}]},{\"@type\":\"WebSite\",\"@id\":\"https:\\\/\\\/aapars.com\\\/helene-raymond\\\/#website\",\"url\":\"https:\\\/\\\/aapars.com\\\/helene-raymond\\\/\",\"name\":\"H\u00e9l\u00e8ne Raymond\",\"description\":\"Un site de la galerie virtuelle de l&#039;AAPARS\",\"publisher\":{\"@id\":\"https:\\\/\\\/aapars.com\\\/helene-raymond\\\/#organization\"},\"potentialAction\":[{\"@type\":\"SearchAction\",\"target\":{\"@type\":\"EntryPoint\",\"urlTemplate\":\"https:\\\/\\\/aapars.com\\\/helene-raymond\\\/?s={search_term_string}\"},\"query-input\":{\"@type\":\"PropertyValueSpecification\",\"valueRequired\":true,\"valueName\":\"search_term_string\"}}],\"inLanguage\":\"fr-FR\"},{\"@type\":\"Organization\",\"@id\":\"https:\\\/\\\/aapars.com\\\/helene-raymond\\\/#organization\",\"name\":\"H\u00e9l\u00e8ne Raymond\",\"url\":\"https:\\\/\\\/aapars.com\\\/helene-raymond\\\/\",\"logo\":{\"@type\":\"ImageObject\",\"inLanguage\":\"fr-FR\",\"@id\":\"https:\\\/\\\/aapars.com\\\/helene-raymond\\\/#\\\/schema\\\/logo\\\/image\\\/\",\"url\":\"https:\\\/\\\/aapars.com\\\/helene-raymond\\\/files\\\/2012\\\/04\\\/logo-aapars-@2x.png\",\"contentUrl\":\"https:\\\/\\\/aapars.com\\\/helene-raymond\\\/files\\\/2012\\\/04\\\/logo-aapars-@2x.png\",\"width\":560,\"height\":306,\"caption\":\"H\u00e9l\u00e8ne Raymond\"},\"image\":{\"@id\":\"https:\\\/\\\/aapars.com\\\/helene-raymond\\\/#\\\/schema\\\/logo\\\/image\\\/\"}}]}<\/script>\n<!-- \/ Yoast SEO plugin. -->","yoast_head_json":{"title":"H\u00e9l\u00e8ne Raymond - H\u00e9l\u00e8ne Raymond - Un site de la galerie virtuelle de l&#039;AAPARS","description":"Biographie Originaire de Montr\u00e9al, Qc, j\u2019ai pass\u00e9 ma jeunesse \u00e0 dessiner des personnages et des portraits inspir\u00e9s de ma famille et mon entourage.","robots":{"index":"index","follow":"follow","max-snippet":"max-snippet:-1","max-image-preview":"max-image-preview:large","max-video-preview":"max-video-preview:-1"},"canonical":"https:\/\/aapars.com\/helene-raymond\/","og_locale":"fr_FR","og_type":"article","og_title":"H\u00e9l\u00e8ne Raymond - H\u00e9l\u00e8ne Raymond - Un site de la galerie virtuelle de l&#039;AAPARS","og_description":"Biographie Originaire de Montr\u00e9al, Qc, j\u2019ai pass\u00e9 ma jeunesse \u00e0 dessiner des personnages et des portraits inspir\u00e9s de ma famille et mon entourage.","og_url":"https:\/\/aapars.com\/helene-raymond\/","og_site_name":"H\u00e9l\u00e8ne Raymond","article_modified_time":"2024-03-26T13:41:46+00:00","og_image":[{"url":"https:\/\/aapars.com\/helene-raymond\/files\/2021\/04\/IMG_1702-535x713.jpg","type":"","width":"","height":""}],"twitter_misc":{"Dur\u00e9e de lecture estim\u00e9e":"3 minutes"},"schema":{"@context":"https:\/\/schema.org","@graph":[{"@type":"WebPage","@id":"https:\/\/aapars.com\/helene-raymond\/","url":"https:\/\/aapars.com\/helene-raymond\/","name":"H\u00e9l\u00e8ne Raymond - H\u00e9l\u00e8ne Raymond - Un site de la galerie virtuelle de l&#039;AAPARS","isPartOf":{"@id":"https:\/\/aapars.com\/helene-raymond\/#website"},"primaryImageOfPage":{"@id":"https:\/\/aapars.com\/helene-raymond\/#primaryimage"},"image":{"@id":"https:\/\/aapars.com\/helene-raymond\/#primaryimage"},"thumbnailUrl":"https:\/\/aapars.com\/helene-raymond\/files\/2021\/04\/IMG_1702-535x713.jpg","datePublished":"2010-10-03T09:11:36+00:00","dateModified":"2024-03-26T13:41:46+00:00","description":"Biographie Originaire de Montr\u00e9al, Qc, j\u2019ai pass\u00e9 ma jeunesse \u00e0 dessiner des personnages et des portraits inspir\u00e9s de ma famille et mon entourage.","breadcrumb":{"@id":"https:\/\/aapars.com\/helene-raymond\/#breadcrumb"},"inLanguage":"fr-FR","potentialAction":[{"@type":"ReadAction","target":["https:\/\/aapars.com\/helene-raymond\/"]}]},{"@type":"ImageObject","inLanguage":"fr-FR","@id":"https:\/\/aapars.com\/helene-raymond\/#primaryimage","url":"https:\/\/aapars.com\/helene-raymond\/files\/2021\/04\/IMG_1702.jpg","contentUrl":"https:\/\/aapars.com\/helene-raymond\/files\/2021\/04\/IMG_1702.jpg","width":1536,"height":2048,"caption":"H\u00e9l\u00e8ne Raymond"},{"@type":"BreadcrumbList","@id":"https:\/\/aapars.com\/helene-raymond\/#breadcrumb","itemListElement":[{"@type":"ListItem","position":1,"name":"Accueil","item":"https:\/\/aapars.com\/helene-raymond\/"},{"@type":"ListItem","position":2,"name":"H\u00e9l\u00e8ne Raymond"}]},{"@type":"WebSite","@id":"https:\/\/aapars.com\/helene-raymond\/#website","url":"https:\/\/aapars.com\/helene-raymond\/","name":"H\u00e9l\u00e8ne Raymond","description":"Un site de la galerie virtuelle de l&#039;AAPARS","publisher":{"@id":"https:\/\/aapars.com\/helene-raymond\/#organization"},"potentialAction":[{"@type":"SearchAction","target":{"@type":"EntryPoint","urlTemplate":"https:\/\/aapars.com\/helene-raymond\/?s={search_term_string}"},"query-input":{"@type":"PropertyValueSpecification","valueRequired":true,"valueName":"search_term_string"}}],"inLanguage":"fr-FR"},{"@type":"Organization","@id":"https:\/\/aapars.com\/helene-raymond\/#organization","name":"H\u00e9l\u00e8ne Raymond","url":"https:\/\/aapars.com\/helene-raymond\/","logo":{"@type":"ImageObject","inLanguage":"fr-FR","@id":"https:\/\/aapars.com\/helene-raymond\/#\/schema\/logo\/image\/","url":"https:\/\/aapars.com\/helene-raymond\/files\/2012\/04\/logo-aapars-@2x.png","contentUrl":"https:\/\/aapars.com\/helene-raymond\/files\/2012\/04\/logo-aapars-@2x.png","width":560,"height":306,"caption":"H\u00e9l\u00e8ne Raymond"},"image":{"@id":"https:\/\/aapars.com\/helene-raymond\/#\/schema\/logo\/image\/"}}]}},"_links":{"self":[{"href":"https:\/\/aapars.com\/helene-raymond\/wp-json\/wp\/v2\/pages\/2","targetHints":{"allow":["GET"]}}],"collection":[{"href":"https:\/\/aapars.com\/helene-raymond\/wp-json\/wp\/v2\/pages"}],"about":[{"href":"https:\/\/aapars.com\/helene-raymond\/wp-json\/wp\/v2\/types\/page"}],"author":[{"embeddable":true,"href":"https:\/\/aapars.com\/helene-raymond\/wp-json\/wp\/v2\/users\/922"}],"replies":[{"embeddable":true,"href":"https:\/\/aapars.com\/helene-raymond\/wp-json\/wp\/v2\/comments?post=2"}],"version-history":[{"count":2,"href":"https:\/\/aapars.com\/helene-raymond\/wp-json\/wp\/v2\/pages\/2\/revisions"}],"predecessor-version":[{"id":292,"href":"https:\/\/aapars.com\/helene-raymond\/wp-json\/wp\/v2\/pages\/2\/revisions\/292"}],"wp:attachment":[{"href":"https:\/\/aapars.com\/helene-raymond\/wp-json\/wp\/v2\/media?parent=2"}],"curies":[{"name":"wp","href":"https:\/\/api.w.org\/{rel}","templated":true}]}}