{"id":2,"date":"2010-10-03T05:11:36","date_gmt":"2010-10-03T09:11:36","guid":{"rendered":"https:\/\/aapars.com\/jacques-landry\/?page_id=2"},"modified":"2024-03-26T09:26:58","modified_gmt":"2024-03-26T13:26:58","slug":"accueil","status":"publish","type":"page","link":"https:\/\/aapars.com\/hasnaa-el-hajmir\/","title":{"rendered":"Hasnaa El Hajmir"},"content":{"rendered":"<p><a href=\"https:\/\/aapars.com\/hasnaa-el-hajmir\/files\/2010\/10\/user-icon-e1286135502728.png\"><img loading=\"lazy\" decoding=\"async\" class=\"size-thumbnail wp-image-15 alignnone\" src=\"https:\/\/aapars.com\/hasnaa-el-hajmir\/files\/2010\/10\/user-icon-e1286135502728-150x150.png\" alt=\"\" width=\"150\" height=\"150\" \/><\/a><\/p>\n\n<table id=\"tablepress-1\" class=\"tablepress tablepress-id-1\">\n<tbody class=\"row-striping\">\n<tr class=\"row-1\">\n\t<td class=\"column-1\">Technique :<\/td><td class=\"column-2\">PEINTURE ACRYLIQUE, PEINTURE \u00c0 L'HUILE <\/td>\n<\/tr>\n<tr class=\"row-2\">\n\t<td class=\"column-1\">Affiliations professionelles :<\/td><td class=\"column-2\">AAPARS<\/td>\n<\/tr>\n<tr class=\"row-3\">\n\t<td class=\"column-1\">T\u00e9l\u00e9phone :<\/td><td class=\"column-2\">5147104520<\/td>\n<\/tr>\n<tr class=\"row-4\">\n\t<td class=\"column-1\">Courriel :<\/td><td class=\"column-2\"><a href=\"mailto:hasna_aya@hotmail.com\">hasna_aya@hotmail.com<\/a><\/td>\n<\/tr>\n<tr class=\"row-5\">\n\t<td class=\"column-1\">Site Internet :<\/td><td class=\"column-2\"><\/td>\n<\/tr>\n<\/tbody>\n<\/table>\n<!-- #tablepress-1 from cache -->\n<h2>D\u00e9marche<\/h2>\n<p>Votre d\u00e9marche<\/p>\n<h2>Formation<\/h2>\n\n<table id=\"tablepress-2\" class=\"tablepress tablepress-id-2\">\n<thead>\n<tr class=\"row-1\">\n\t<th class=\"column-1\">Ann\u00e9e<\/th><th class=\"column-2\">Institution\/Professeur<\/th><th class=\"column-3\">Programme<\/th>\n<\/tr>\n<\/thead>\n<tbody class=\"row-striping\">\n<tr class=\"row-2\">\n\t<td class=\"column-1\">2001-2003<\/td><td class=\"column-2\">Exemple<\/td><td class=\"column-3\">Exemple<\/td>\n<\/tr>\n<tr class=\"row-3\">\n\t<td class=\"column-1\">2005<\/td><td class=\"column-2\">Exemple<\/td><td class=\"column-3\">Exemple<\/td>\n<\/tr>\n<tr class=\"row-4\">\n\t<td class=\"column-1\">2007-2008<\/td><td class=\"column-2\">Exemple<\/td><td class=\"column-3\">Exemple<\/td>\n<\/tr>\n<tr class=\"row-5\">\n\t<td class=\"column-1\">2009<\/td><td class=\"column-2\">Exemple<\/td><td class=\"column-3\">Exemple<\/td>\n<\/tr>\n<\/tbody>\n<\/table>\n<!-- #tablepress-2 from cache -->\n<h2>Expositions<\/h2>\n\n<table id=\"tablepress-3\" class=\"tablepress tablepress-id-3 tbody-has-connected-cells\">\n<thead>\n<tr class=\"row-1\">\n\t<th class=\"column-1\">Ann\u00e9e<\/th><th class=\"column-2\">Nom<\/th><th class=\"column-3\">Endroit<\/th>\n<\/tr>\n<\/thead>\n<tbody class=\"row-striping\">\n<tr class=\"row-2\">\n\t<td colspan=\"3\" class=\"column-1\">Individuelles<\/td>\n<\/tr>\n<tr class=\"row-3\">\n\t<td class=\"column-1\">2008<\/td><td class=\"column-2\">Exemple<\/td><td class=\"column-3\">Exemple<\/td>\n<\/tr>\n<tr class=\"row-4\">\n\t<td colspan=\"3\" class=\"column-1\">Collectives<\/td>\n<\/tr>\n<tr class=\"row-5\">\n\t<td class=\"column-1\">2009<\/td><td class=\"column-2\">Exemple<\/td><td class=\"column-3\">Exemple<\/td>\n<\/tr>\n<tr class=\"row-6\">\n\t<td class=\"column-1\">2010<\/td><td class=\"column-2\">Exemple<\/td><td class=\"column-3\">Exemple<\/td>\n<\/tr>\n<\/tbody>\n<\/table>\n<!-- #tablepress-3 from cache -->\n<h2>Galeries<\/h2>\n\n<table id=\"tablepress-4\" class=\"tablepress tablepress-id-4\">\n<thead>\n<tr class=\"row-1\">\n\t<th class=\"column-1\">Nom de la galerie<\/th><th class=\"column-2\">Lieu<\/th>\n<\/tr>\n<\/thead>\n<tbody class=\"row-striping\">\n<tr class=\"row-2\">\n\t<td class=\"column-1\">Exemple<\/td><td class=\"column-2\">Exemple<\/td>\n<\/tr>\n<tr class=\"row-3\">\n\t<td class=\"column-1\">Exemple<\/td><td class=\"column-2\">Exemple<\/td>\n<\/tr>\n<tr class=\"row-4\">\n\t<td class=\"column-1\">Exemple<\/td><td class=\"column-2\">Exemple<\/td>\n<\/tr>\n<tr class=\"row-5\">\n\t<td class=\"column-1\">Exemple<\/td><td class=\"column-2\">Exemple<\/td>\n<\/tr>\n<\/tbody>\n<\/table>\n<!-- #tablepress-4 from cache -->\n<h2>Reconnaissances<\/h2>\n\n<table id=\"tablepress-5\" class=\"tablepress tablepress-id-5\">\n<thead>\n<tr class=\"row-1\">\n\t<th class=\"column-1\">Ann\u00e9e<\/th><th class=\"column-2\">Nom<\/th><th class=\"column-3\">Endroit de remise<\/th>\n<\/tr>\n<\/thead>\n<tbody class=\"row-striping\">\n<tr class=\"row-2\">\n\t<td class=\"column-1\">2001<\/td><td class=\"column-2\">Exemple<\/td><td class=\"column-3\">Exemple<\/td>\n<\/tr>\n<tr class=\"row-3\">\n\t<td class=\"column-1\">2002<\/td><td class=\"column-2\">Exemple<\/td><td class=\"column-3\">Exemple<\/td>\n<\/tr>\n<tr class=\"row-4\">\n\t<td class=\"column-1\">2005<\/td><td class=\"column-2\">Exemple<\/td><td class=\"column-3\">Exemple<\/td>\n<\/tr>\n<tr class=\"row-5\">\n\t<td class=\"column-1\">2007<\/td><td class=\"column-2\">Exemple<\/td><td class=\"column-3\">Exemple<\/td>\n<\/tr>\n<\/tbody>\n<\/table>\n<!-- #tablepress-5 from cache -->\n<h2>Collections<\/h2>\n\n<table id=\"tablepress-6\" class=\"tablepress tablepress-id-6\">\n<thead>\n<tr class=\"row-1\">\n\t<th class=\"column-1\">Cat\u00e9gorie<\/th><th class=\"column-2\">Nom du lieu<\/th><th class=\"column-3\">Ville<\/th>\n<\/tr>\n<\/thead>\n<tbody class=\"row-striping\">\n<tr class=\"row-2\">\n\t<td class=\"column-1\">Exemple<\/td><td class=\"column-2\">Exemple<\/td><td class=\"column-3\">Exemple<\/td>\n<\/tr>\n<tr class=\"row-3\">\n\t<td class=\"column-1\">Exemple<\/td><td class=\"column-2\">Exemple<\/td><td class=\"column-3\">Exemple<\/td>\n<\/tr>\n<tr class=\"row-4\">\n\t<td class=\"column-1\">Exemple<\/td><td class=\"column-2\">Exemple<\/td><td class=\"column-3\">Exemple<\/td>\n<\/tr>\n<tr class=\"row-5\">\n\t<td class=\"column-1\">Exemple<\/td><td class=\"column-2\">Exemple<\/td><td class=\"column-3\">Exemple<\/td>\n<\/tr>\n<\/tbody>\n<\/table>\n<!-- #tablepress-6 from cache -->\n<h2>M\u00e9dias<\/h2>\n\n<table id=\"tablepress-7\" class=\"tablepress tablepress-id-7\">\n<thead>\n<tr class=\"row-1\">\n\t<th class=\"column-1\">Ann\u00e9e<\/th><th class=\"column-2\">Titre<\/th><th class=\"column-3\">Auteur<\/th><th class=\"column-4\">Source<\/th>\n<\/tr>\n<\/thead>\n<tbody class=\"row-striping\">\n<tr class=\"row-2\">\n\t<td class=\"column-1\">2005<\/td><td class=\"column-2\">Exemple<\/td><td class=\"column-3\">Exemple<\/td><td class=\"column-4\">Exemple<\/td>\n<\/tr>\n<tr class=\"row-3\">\n\t<td class=\"column-1\">2007<\/td><td class=\"column-2\">Exemple<\/td><td class=\"column-3\">Exemple<\/td><td class=\"column-4\">Exemple<\/td>\n<\/tr>\n<tr class=\"row-4\">\n\t<td class=\"column-1\">2008<\/td><td class=\"column-2\">Exemple<\/td><td class=\"column-3\">Exemple<\/td><td class=\"column-4\">Exemple<\/td>\n<\/tr>\n<tr class=\"row-5\">\n\t<td class=\"column-1\">2009<\/td><td class=\"column-2\">Exemple<\/td><td class=\"column-3\">Exemple<\/td><td class=\"column-4\">Exemple<\/td>\n<\/tr>\n<\/tbody>\n<\/table>\n<!-- #tablepress-7 from cache -->\n<h2>Autres informations<\/h2>\n<p>Informations suppl\u00e9mentaires.<\/p>\n<input class=\"fooboxshare_post_id\" type=\"hidden\" value=\"2\"\/>","protected":false},"excerpt":{"rendered":"<p>D\u00e9marche Votre d\u00e9marche Formation Expositions Galeries Reconnaissances Collections M\u00e9dias Autres informations Informations suppl\u00e9mentaires.<\/p>\n","protected":false},"author":3462,"featured_media":0,"parent":0,"menu_order":0,"comment_status":"closed","ping_status":"closed","template":"","meta":{"_s2mail":"yes","ngg_post_thumbnail":0,"iawp_total_views":0,"footnotes":""},"class_list":["post-2","page","type-page","status-publish"],"yoast_head":"<!-- This site is optimized with the Yoast SEO plugin v27.3 - https:\/\/yoast.com\/product\/yoast-seo-wordpress\/ -->\n<title>Hasnaa El Hajmir - Hasnaa El Hajmir - Un site de la galerie virtuelle de l&#039;AAPARS<\/title>\n<meta name=\"description\" content=\"D\u00e9marche Votre d\u00e9marche Formation Expositions Galeries Reconnaissances Collections M\u00e9dias Autres informations Informations\" \/>\n<meta name=\"robots\" content=\"noindex, follow, max-snippet:-1, max-image-preview:large, max-video-preview:-1\" \/>\n<meta property=\"og:locale\" content=\"fr_FR\" \/>\n<meta property=\"og:type\" content=\"article\" \/>\n<meta property=\"og:title\" content=\"Hasnaa El Hajmir - Hasnaa El Hajmir - Un site de la galerie virtuelle de l&#039;AAPARS\" \/>\n<meta property=\"og:description\" content=\"D\u00e9marche Votre d\u00e9marche Formation Expositions Galeries Reconnaissances Collections M\u00e9dias Autres informations Informations\" \/>\n<meta property=\"og:url\" content=\"https:\/\/aapars.com\/hasnaa-el-hajmir\/\" \/>\n<meta property=\"og:site_name\" content=\"Hasnaa El Hajmir\" \/>\n<meta property=\"article:modified_time\" content=\"2024-03-26T13:26:58+00:00\" \/>\n<meta property=\"og:image\" content=\"https:\/\/aapars.com\/hasnaa-el-hajmir\/files\/2010\/10\/user-icon-e1286135502728-150x150.png\" \/>\n<script type=\"application\/ld+json\" class=\"yoast-schema-graph\">{\"@context\":\"https:\\\/\\\/schema.org\",\"@graph\":[{\"@type\":\"WebPage\",\"@id\":\"https:\\\/\\\/aapars.com\\\/hasnaa-el-hajmir\\\/\",\"url\":\"https:\\\/\\\/aapars.com\\\/hasnaa-el-hajmir\\\/\",\"name\":\"Hasnaa El Hajmir - Hasnaa El Hajmir - Un site de la galerie virtuelle de l&#039;AAPARS\",\"isPartOf\":{\"@id\":\"https:\\\/\\\/aapars.com\\\/hasnaa-el-hajmir\\\/#website\"},\"primaryImageOfPage\":{\"@id\":\"https:\\\/\\\/aapars.com\\\/hasnaa-el-hajmir\\\/#primaryimage\"},\"image\":{\"@id\":\"https:\\\/\\\/aapars.com\\\/hasnaa-el-hajmir\\\/#primaryimage\"},\"thumbnailUrl\":\"https:\\\/\\\/aapars.com\\\/hasnaa-el-hajmir\\\/files\\\/2010\\\/10\\\/user-icon-e1286135502728-150x150.png\",\"datePublished\":\"2010-10-03T09:11:36+00:00\",\"dateModified\":\"2024-03-26T13:26:58+00:00\",\"description\":\"D\u00e9marche Votre d\u00e9marche Formation Expositions Galeries Reconnaissances Collections M\u00e9dias Autres informations Informations\",\"breadcrumb\":{\"@id\":\"https:\\\/\\\/aapars.com\\\/hasnaa-el-hajmir\\\/#breadcrumb\"},\"inLanguage\":\"fr-FR\",\"potentialAction\":[{\"@type\":\"ReadAction\",\"target\":[\"https:\\\/\\\/aapars.com\\\/hasnaa-el-hajmir\\\/\"]}]},{\"@type\":\"ImageObject\",\"inLanguage\":\"fr-FR\",\"@id\":\"https:\\\/\\\/aapars.com\\\/hasnaa-el-hajmir\\\/#primaryimage\",\"url\":\"https:\\\/\\\/aapars.com\\\/hasnaa-el-hajmir\\\/files\\\/2010\\\/10\\\/user-icon-e1286135502728.png\",\"contentUrl\":\"https:\\\/\\\/aapars.com\\\/hasnaa-el-hajmir\\\/files\\\/2010\\\/10\\\/user-icon-e1286135502728.png\",\"width\":256,\"height\":256},{\"@type\":\"BreadcrumbList\",\"@id\":\"https:\\\/\\\/aapars.com\\\/hasnaa-el-hajmir\\\/#breadcrumb\",\"itemListElement\":[{\"@type\":\"ListItem\",\"position\":1,\"name\":\"Accueil\",\"item\":\"https:\\\/\\\/aapars.com\\\/hasnaa-el-hajmir\\\/\"},{\"@type\":\"ListItem\",\"position\":2,\"name\":\"Hasnaa El Hajmir\"}]},{\"@type\":\"WebSite\",\"@id\":\"https:\\\/\\\/aapars.com\\\/hasnaa-el-hajmir\\\/#website\",\"url\":\"https:\\\/\\\/aapars.com\\\/hasnaa-el-hajmir\\\/\",\"name\":\"Hasnaa El Hajmir\",\"description\":\"Un site de la galerie virtuelle de l&#039;AAPARS\",\"publisher\":{\"@id\":\"https:\\\/\\\/aapars.com\\\/hasnaa-el-hajmir\\\/#organization\"},\"potentialAction\":[{\"@type\":\"SearchAction\",\"target\":{\"@type\":\"EntryPoint\",\"urlTemplate\":\"https:\\\/\\\/aapars.com\\\/hasnaa-el-hajmir\\\/?s={search_term_string}\"},\"query-input\":{\"@type\":\"PropertyValueSpecification\",\"valueRequired\":true,\"valueName\":\"search_term_string\"}}],\"inLanguage\":\"fr-FR\"},{\"@type\":\"Organization\",\"@id\":\"https:\\\/\\\/aapars.com\\\/hasnaa-el-hajmir\\\/#organization\",\"name\":\"Hasnaa El Hajmir\",\"url\":\"https:\\\/\\\/aapars.com\\\/hasnaa-el-hajmir\\\/\",\"logo\":{\"@type\":\"ImageObject\",\"inLanguage\":\"fr-FR\",\"@id\":\"https:\\\/\\\/aapars.com\\\/hasnaa-el-hajmir\\\/#\\\/schema\\\/logo\\\/image\\\/\",\"url\":\"https:\\\/\\\/aapars.com\\\/hasnaa-el-hajmir\\\/files\\\/2012\\\/04\\\/logo-aapars-@2x.png\",\"contentUrl\":\"https:\\\/\\\/aapars.com\\\/hasnaa-el-hajmir\\\/files\\\/2012\\\/04\\\/logo-aapars-@2x.png\",\"width\":560,\"height\":306,\"caption\":\"Hasnaa El Hajmir\"},\"image\":{\"@id\":\"https:\\\/\\\/aapars.com\\\/hasnaa-el-hajmir\\\/#\\\/schema\\\/logo\\\/image\\\/\"}}]}<\/script>\n<!-- \/ Yoast SEO plugin. -->","yoast_head_json":{"title":"Hasnaa El Hajmir - Hasnaa El Hajmir - Un site de la galerie virtuelle de l&#039;AAPARS","description":"D\u00e9marche Votre d\u00e9marche Formation Expositions Galeries Reconnaissances Collections M\u00e9dias Autres informations Informations","robots":{"index":"noindex","follow":"follow","max-snippet":"max-snippet:-1","max-image-preview":"max-image-preview:large","max-video-preview":"max-video-preview:-1"},"og_locale":"fr_FR","og_type":"article","og_title":"Hasnaa El Hajmir - Hasnaa El Hajmir - Un site de la galerie virtuelle de l&#039;AAPARS","og_description":"D\u00e9marche Votre d\u00e9marche Formation Expositions Galeries Reconnaissances Collections M\u00e9dias Autres informations Informations","og_url":"https:\/\/aapars.com\/hasnaa-el-hajmir\/","og_site_name":"Hasnaa El Hajmir","article_modified_time":"2024-03-26T13:26:58+00:00","og_image":[{"url":"https:\/\/aapars.com\/hasnaa-el-hajmir\/files\/2010\/10\/user-icon-e1286135502728-150x150.png","type":"","width":"","height":""}],"schema":{"@context":"https:\/\/schema.org","@graph":[{"@type":"WebPage","@id":"https:\/\/aapars.com\/hasnaa-el-hajmir\/","url":"https:\/\/aapars.com\/hasnaa-el-hajmir\/","name":"Hasnaa El Hajmir - Hasnaa El Hajmir - Un site de la galerie virtuelle de l&#039;AAPARS","isPartOf":{"@id":"https:\/\/aapars.com\/hasnaa-el-hajmir\/#website"},"primaryImageOfPage":{"@id":"https:\/\/aapars.com\/hasnaa-el-hajmir\/#primaryimage"},"image":{"@id":"https:\/\/aapars.com\/hasnaa-el-hajmir\/#primaryimage"},"thumbnailUrl":"https:\/\/aapars.com\/hasnaa-el-hajmir\/files\/2010\/10\/user-icon-e1286135502728-150x150.png","datePublished":"2010-10-03T09:11:36+00:00","dateModified":"2024-03-26T13:26:58+00:00","description":"D\u00e9marche Votre d\u00e9marche Formation Expositions Galeries Reconnaissances Collections M\u00e9dias Autres informations Informations","breadcrumb":{"@id":"https:\/\/aapars.com\/hasnaa-el-hajmir\/#breadcrumb"},"inLanguage":"fr-FR","potentialAction":[{"@type":"ReadAction","target":["https:\/\/aapars.com\/hasnaa-el-hajmir\/"]}]},{"@type":"ImageObject","inLanguage":"fr-FR","@id":"https:\/\/aapars.com\/hasnaa-el-hajmir\/#primaryimage","url":"https:\/\/aapars.com\/hasnaa-el-hajmir\/files\/2010\/10\/user-icon-e1286135502728.png","contentUrl":"https:\/\/aapars.com\/hasnaa-el-hajmir\/files\/2010\/10\/user-icon-e1286135502728.png","width":256,"height":256},{"@type":"BreadcrumbList","@id":"https:\/\/aapars.com\/hasnaa-el-hajmir\/#breadcrumb","itemListElement":[{"@type":"ListItem","position":1,"name":"Accueil","item":"https:\/\/aapars.com\/hasnaa-el-hajmir\/"},{"@type":"ListItem","position":2,"name":"Hasnaa El Hajmir"}]},{"@type":"WebSite","@id":"https:\/\/aapars.com\/hasnaa-el-hajmir\/#website","url":"https:\/\/aapars.com\/hasnaa-el-hajmir\/","name":"Hasnaa El Hajmir","description":"Un site de la galerie virtuelle de l&#039;AAPARS","publisher":{"@id":"https:\/\/aapars.com\/hasnaa-el-hajmir\/#organization"},"potentialAction":[{"@type":"SearchAction","target":{"@type":"EntryPoint","urlTemplate":"https:\/\/aapars.com\/hasnaa-el-hajmir\/?s={search_term_string}"},"query-input":{"@type":"PropertyValueSpecification","valueRequired":true,"valueName":"search_term_string"}}],"inLanguage":"fr-FR"},{"@type":"Organization","@id":"https:\/\/aapars.com\/hasnaa-el-hajmir\/#organization","name":"Hasnaa El Hajmir","url":"https:\/\/aapars.com\/hasnaa-el-hajmir\/","logo":{"@type":"ImageObject","inLanguage":"fr-FR","@id":"https:\/\/aapars.com\/hasnaa-el-hajmir\/#\/schema\/logo\/image\/","url":"https:\/\/aapars.com\/hasnaa-el-hajmir\/files\/2012\/04\/logo-aapars-@2x.png","contentUrl":"https:\/\/aapars.com\/hasnaa-el-hajmir\/files\/2012\/04\/logo-aapars-@2x.png","width":560,"height":306,"caption":"Hasnaa El Hajmir"},"image":{"@id":"https:\/\/aapars.com\/hasnaa-el-hajmir\/#\/schema\/logo\/image\/"}}]}},"_links":{"self":[{"href":"https:\/\/aapars.com\/hasnaa-el-hajmir\/wp-json\/wp\/v2\/pages\/2","targetHints":{"allow":["GET"]}}],"collection":[{"href":"https:\/\/aapars.com\/hasnaa-el-hajmir\/wp-json\/wp\/v2\/pages"}],"about":[{"href":"https:\/\/aapars.com\/hasnaa-el-hajmir\/wp-json\/wp\/v2\/types\/page"}],"author":[{"embeddable":true,"href":"https:\/\/aapars.com\/hasnaa-el-hajmir\/wp-json\/wp\/v2\/users\/3462"}],"replies":[{"embeddable":true,"href":"https:\/\/aapars.com\/hasnaa-el-hajmir\/wp-json\/wp\/v2\/comments?post=2"}],"version-history":[{"count":1,"href":"https:\/\/aapars.com\/hasnaa-el-hajmir\/wp-json\/wp\/v2\/pages\/2\/revisions"}],"predecessor-version":[{"id":284,"href":"https:\/\/aapars.com\/hasnaa-el-hajmir\/wp-json\/wp\/v2\/pages\/2\/revisions\/284"}],"wp:attachment":[{"href":"https:\/\/aapars.com\/hasnaa-el-hajmir\/wp-json\/wp\/v2\/media?parent=2"}],"curies":[{"name":"wp","href":"https:\/\/api.w.org\/{rel}","templated":true}]}}