{"id":2,"date":"2010-10-03T05:11:36","date_gmt":"2010-10-03T05:11:36","guid":{"rendered":"https:\/\/aapars.com\/jacques-landry\/?page_id=2"},"modified":"2024-03-26T15:46:01","modified_gmt":"2024-03-26T19:46:01","slug":"accueil","status":"publish","type":"page","link":"https:\/\/aapars.com\/ghislaine-pilotte\/","title":{"rendered":"Ghislaine Pilotte"},"content":{"rendered":"<p><a href=\"https:\/\/aapars.com\/ghislaine-pilotte\/files\/2014\/06\/Ghyslaine-Pilotte-Waterloo.jpg\"><img loading=\"lazy\" decoding=\"async\" class=\"alignnone wp-image-60 size-medium\" src=\"https:\/\/aapars.com\/ghislaine-pilotte\/files\/2014\/06\/Ghyslaine-Pilotte-Waterloo-535x356.jpg\" alt=\"\" width=\"535\" height=\"356\"\/><\/a><\/p>\n\n<table id=\"tablepress-1\" class=\"tablepress tablepress-id-1\">\n<tbody class=\"row-striping\">\n<tr class=\"row-1\">\n\t<td class=\"column-1\">Technique :<\/td><td class=\"column-2\">Acrylique,techniques mixtes<\/td>\n<\/tr>\n<tr class=\"row-2\">\n\t<td class=\"column-1\">Affiliations professionelles :<\/td><td class=\"column-2\">AAPARS<br \/>\nAAPL<\/td>\n<\/tr>\n<tr class=\"row-3\">\n\t<td class=\"column-1\">T\u00e9l\u00e9phone :<\/td><td class=\"column-2\">514 978-1035<\/td>\n<\/tr>\n<tr class=\"row-4\">\n\t<td class=\"column-1\">Courriel :<\/td><td class=\"column-2\"><a href=\"mailto:ghislaine.pilotte@outlook.com\">ghislaine.pilotte@outlook.com<\/a><\/td>\n<\/tr>\n<tr class=\"row-5\">\n\t<td class=\"column-1\">Site Internet :<\/td><td class=\"column-2\"><a href=\"http:\/\/ghislainepilotte.com\" target=\"_blank\" rel=\"noopener\">ghislainepilotte.com<\/a><\/td>\n<\/tr>\n<\/tbody>\n<\/table>\n<!-- #tablepress-1 from cache -->\n<h2>D\u00e9marche<\/h2>\n<p>Femme de carri\u00e8re,j\u2019ai toujours gard\u00e9 le go\u00fbt pour les arts et surtout la peinture, maintenant \u00e0 la retraite, je peux vraiment m\u2019adonner \u00e0 ma passion.<\/p>\n<p>Ayant suivi plusieurs formations pour me donner la base,je me suis lanc\u00e9e dans cet univers magnifique en commen\u00e7ant par l\u2019art figuratif.<\/p>\n<p>L\u2019huile \u00e9tait mon m\u00e9dium favori,j\u2019ai travaill\u00e9 surtout les couleurs vibrantes mais les autres techniques m\u2019int\u00e9ressait beaucoup.Pr\u00e9sentement,je d\u00e9couvre la techniques mixtes sous &nbsp;toutes ses formes , je cr\u00e9e aussi &nbsp;des personnages diff\u00e9rents et je fais aussi des semis abstraits qui me permettent de vraiment laisser aller mon imagination dans ce monde sans fin.<\/p>\n<p>Je d\u00e9couvre chaque jour de nouvelles fa\u00e7ons d\u2019exprimer l\u2019artiste en moi et je crois qu\u2019il en a beaucoup \u00e0 dire.<\/p>\n<p>NOTES BIOGRAPHIQUES<\/p>\n<p>N\u00e9e \u00e0 Qu\u00e9bec, elle \u00e9tait int\u00e9ress\u00e9e tout au long de son enfance aux arts plastiques,dessin et peinture.Son premier cours de peinture a \u00e9t\u00e9 une r\u00e9v\u00e9lation.Elle savait qu\u2019un jour elle serait peintre.<\/p>\n<p>&nbsp;<\/p>\n<h2>Formation<\/h2>\n\n<table id=\"tablepress-2\" class=\"tablepress tablepress-id-2\">\n<thead>\n<tr class=\"row-1\">\n\t<th class=\"column-1\">Ann\u00e9e<\/th><th class=\"column-2\">Institution\/Professeur<\/th><th class=\"column-3\">Programme<\/th>\n<\/tr>\n<\/thead>\n<tbody class=\"row-striping\">\n<tr class=\"row-2\">\n\t<td class=\"column-1\">1990<br \/>\n1995-2002<\/td><td class=\"column-2\">John Ahern<br \/>\nJohanne Thomas<\/td><td class=\"column-3\">Portraits au pastel<br \/>\nTechniques \u00e0 l'huile<\/td>\n<\/tr>\n<tr class=\"row-3\">\n\t<td class=\"column-1\">2003-2004<\/td><td class=\"column-2\">Andr\u00e9 Van Melle<\/td><td class=\"column-3\">Cours de style <\/td>\n<\/tr>\n<tr class=\"row-4\">\n\t<td class=\"column-1\">2003-2004<\/td><td class=\"column-2\">Anne Drouin<\/td><td class=\"column-3\">Cours de perfectionnement<\/td>\n<\/tr>\n<tr class=\"row-5\">\n\t<td class=\"column-1\">2006<br \/>\n2006-2007<\/td><td class=\"column-2\">Louise Rouleau<br \/>\nDessin et pastel<\/td><td class=\"column-3\">Mod\u00e8les vivants<br \/>\nJohanne Doucet et Johanne Blaqui\u00e8re<\/td>\n<\/tr>\n<\/tbody>\n<\/table>\n<!-- #tablepress-2 from cache -->\n<h2>Expositions<\/h2>\n\n<table id=\"tablepress-3\" class=\"tablepress tablepress-id-3\">\n<thead>\n<tr class=\"row-1\">\n\t<th class=\"column-1\">Ann\u00e9e<\/th><th class=\"column-2\">Nom<\/th><th class=\"column-3\">Endroit<\/th>\n<\/tr>\n<\/thead>\n<tbody class=\"row-striping\">\n<tr class=\"row-2\">\n\t<td class=\"column-1\">2009<\/td><td class=\"column-2\">Bureau d\u00e9put\u00e9 St\u00e9phane Bergeron<\/td><td class=\"column-3\">Varennes<\/td>\n<\/tr>\n<tr class=\"row-3\">\n\t<td class=\"column-1\">2010<\/td><td class=\"column-2\">Avocats Monette-Colette<\/td><td class=\"column-3\">Ste-Julie<\/td>\n<\/tr>\n<tr class=\"row-4\">\n\t<td class=\"column-1\">2010<\/td><td class=\"column-2\">Remax St-Bruno<\/td><td class=\"column-3\">St-Bruno<\/td>\n<\/tr>\n<tr class=\"row-5\">\n\t<td class=\"column-1\">2009<\/td><td class=\"column-2\">Galerie Horizon<\/td><td class=\"column-3\">Sorel<\/td>\n<\/tr>\n<tr class=\"row-6\">\n\t<td class=\"column-1\">2009-2014<\/td><td class=\"column-2\">Symposiums<\/td><td class=\"column-3\">Terrebonne,Kamouraska,Ch\u00e2teau-Richer-Bromont,Ste-Julie,Ste-Pie,Boucherville,Frelighsburgh etc.<\/td>\n<\/tr>\n<\/tbody>\n<\/table>\n<!-- #tablepress-3 from cache -->\n<h2>Galeries<\/h2>\n\n<table id=\"tablepress-4\" class=\"tablepress tablepress-id-4\">\n<thead>\n<tr class=\"row-1\">\n\t<th class=\"column-1\">Nom de la galerie<\/th><th class=\"column-2\">Lieu<\/th>\n<\/tr>\n<\/thead>\n<tbody class=\"row-striping\">\n<tr class=\"row-2\">\n\t<td class=\"column-1\">Horizon<\/td><td class=\"column-2\">Sorel<\/td>\n<\/tr>\n<tr class=\"row-3\">\n\t<td class=\"column-1\">Addendum<\/td><td class=\"column-2\">Verch\u00e8res<\/td>\n<\/tr>\n<tr class=\"row-4\">\n\t<td class=\"column-1\">Arto<\/td><td class=\"column-2\">St-Jean-sur-Richelieu<\/td>\n<\/tr>\n<\/tbody>\n<\/table>\n<!-- #tablepress-4 from cache -->\n<h2>Reconnaissances<\/h2>\n\n<table id=\"tablepress-5\" class=\"tablepress tablepress-id-5\">\n<thead>\n<tr class=\"row-1\">\n\t<th class=\"column-1\">Ann\u00e9e<\/th><th class=\"column-2\">Nom<\/th><th class=\"column-3\">Endroit de remise<\/th>\n<\/tr>\n<\/thead>\n<tbody class=\"row-striping\">\n<tr class=\"row-2\">\n\t<td class=\"column-1\">2012<\/td><td class=\"column-2\">1er Art Contemporain<\/td><td class=\"column-3\">Expo Concours AAPL<\/td>\n<\/tr>\n<\/tbody>\n<\/table>\n<!-- #tablepress-5 from cache -->\n<h2>Collections<\/h2>\n\n<table id=\"tablepress-6\" class=\"tablepress tablepress-id-6\">\n<thead>\n<tr class=\"row-1\">\n\t<th class=\"column-1\">Cat\u00e9gorie<\/th><th class=\"column-2\">Nom du lieu<\/th><th class=\"column-3\">Ville<\/th>\n<\/tr>\n<\/thead>\n<tbody class=\"row-striping\">\n<tr class=\"row-2\">\n\t<td class=\"column-1\">Contemporain<\/td><td class=\"column-2\">Canada<\/td><td class=\"column-3\">Qu\u00e9bec,Montr\u00e9al et Rive-Sud<\/td>\n<\/tr>\n<\/tbody>\n<\/table>\n<!-- #tablepress-6 from cache -->\n<h2>M\u00e9dias<\/h2>\n\n<table id=\"tablepress-7\" class=\"tablepress tablepress-id-7\">\n<thead>\n<tr class=\"row-1\">\n\t<th class=\"column-1\">Ann\u00e9e<\/th><th class=\"column-2\">Titre<\/th><th class=\"column-3\">Auteur<\/th><th class=\"column-4\">Source<\/th>\n<\/tr>\n<\/thead>\n<tbody class=\"row-striping\">\n<tr class=\"row-2\">\n\t<td class=\"column-1\">2009<\/td><td class=\"column-2\">Marraine pour expo-Artisans<\/td><td class=\"column-3\">Journal L'information<\/td><td class=\"column-4\">Ste-Julie<\/td>\n<\/tr>\n<tr class=\"row-3\">\n\t<td class=\"column-1\">2009-2010<\/td><td class=\"column-2\">R\u00e9so-Arts<\/td><td class=\"column-3\">La Seigneurie et Mon Patelin<\/td><td class=\"column-4\">Boucherville,Verch\u00e8res<\/td>\n<\/tr>\n<tr class=\"row-4\">\n\t<td class=\"column-1\">2010<\/td><td class=\"column-2\">Guide de Roussan<\/td><td class=\"column-3\">Guide Roussan<\/td><td class=\"column-4\">Guide de Roussan<\/td>\n<\/tr>\n<tr class=\"row-5\">\n\t<td class=\"column-1\">2012-2013<\/td><td class=\"column-2\">Agenda Plumes et Pinceaux<\/td><td class=\"column-3\">Plumes et Pinceaux<\/td><td class=\"column-4\">Agenda<\/td>\n<\/tr>\n<\/tbody>\n<\/table>\n<!-- #tablepress-7 from cache -->\n<h2>&nbsp;<\/h2>\n<p>&nbsp;<\/p>\n<input class=\"fooboxshare_post_id\" type=\"hidden\" value=\"2\"\/>","protected":false},"excerpt":{"rendered":"<p>D\u00e9marche Femme de carri\u00e8re,j\u2019ai toujours gard\u00e9 le go\u00fbt pour les arts et surtout la peinture, maintenant \u00e0 la retraite, je peux vraiment m\u2019adonner \u00e0 ma passion. Ayant suivi plusieurs formations pour me donner la base,je me suis lanc\u00e9e dans cet univers magnifique en commen\u00e7ant par l\u2019art figuratif. L\u2019huile \u00e9tait mon m\u00e9dium favori,j\u2019ai travaill\u00e9 surtout les &#8230; <\/p>\n<p class=\"read-more-container\"><a title=\"Ghislaine Pilotte\" class=\"read-more button\" href=\"https:\/\/aapars.com\/ghislaine-pilotte\/#more-2\" aria-label=\"En savoir plus sur Ghislaine Pilotte\">Lire plus<\/a><\/p>\n","protected":false},"author":631,"featured_media":0,"parent":0,"menu_order":0,"comment_status":"closed","ping_status":"closed","template":"","meta":{"_s2mail":"yes","ngg_post_thumbnail":0,"iawp_total_views":97,"footnotes":""},"class_list":["post-2","page","type-page","status-publish"],"yoast_head":"<!-- This site is optimized with the Yoast SEO plugin v27.3 - https:\/\/yoast.com\/product\/yoast-seo-wordpress\/ -->\n<title>Ghislaine Pilotte - Ghislaine Pilotte - Un site de la galerie virtuelle de l&#039;AAPARS<\/title>\n<meta name=\"description\" content=\"D\u00e9marche Femme de carri\u00e8re,j\u2019ai toujours gard\u00e9 le go\u00fbt pour les arts et surtout la peinture, maintenant \u00e0 la retraite, je peux vraiment m\u2019adonner \u00e0 ma\" \/>\n<meta name=\"robots\" content=\"index, follow, max-snippet:-1, max-image-preview:large, max-video-preview:-1\" \/>\n<link rel=\"canonical\" href=\"https:\/\/aapars.com\/ghislaine-pilotte\/\" \/>\n<meta property=\"og:locale\" content=\"fr_FR\" \/>\n<meta property=\"og:type\" content=\"article\" \/>\n<meta property=\"og:title\" content=\"Ghislaine Pilotte - Ghislaine Pilotte - Un site de la galerie virtuelle de l&#039;AAPARS\" \/>\n<meta property=\"og:description\" content=\"D\u00e9marche Femme de carri\u00e8re,j\u2019ai toujours gard\u00e9 le go\u00fbt pour les arts et surtout la peinture, maintenant \u00e0 la retraite, je peux vraiment m\u2019adonner \u00e0 ma\" \/>\n<meta property=\"og:url\" content=\"https:\/\/aapars.com\/ghislaine-pilotte\/\" \/>\n<meta property=\"og:site_name\" content=\"Ghislaine Pilotte\" \/>\n<meta property=\"article:modified_time\" content=\"2024-03-26T19:46:01+00:00\" \/>\n<meta property=\"og:image\" content=\"https:\/\/aapars.com\/ghislaine-pilotte\/files\/2014\/06\/Ghyslaine-Pilotte-Waterloo-535x356.jpg\" \/>\n<meta name=\"twitter:label1\" content=\"Dur\u00e9e de lecture estim\u00e9e\" \/>\n\t<meta name=\"twitter:data1\" content=\"1 minute\" \/>\n<script type=\"application\/ld+json\" class=\"yoast-schema-graph\">{\"@context\":\"https:\\\/\\\/schema.org\",\"@graph\":[{\"@type\":\"WebPage\",\"@id\":\"https:\\\/\\\/aapars.com\\\/ghislaine-pilotte\\\/\",\"url\":\"https:\\\/\\\/aapars.com\\\/ghislaine-pilotte\\\/\",\"name\":\"Ghislaine Pilotte - Ghislaine Pilotte - Un site de la galerie virtuelle de l&#039;AAPARS\",\"isPartOf\":{\"@id\":\"https:\\\/\\\/aapars.com\\\/ghislaine-pilotte\\\/#website\"},\"primaryImageOfPage\":{\"@id\":\"https:\\\/\\\/aapars.com\\\/ghislaine-pilotte\\\/#primaryimage\"},\"image\":{\"@id\":\"https:\\\/\\\/aapars.com\\\/ghislaine-pilotte\\\/#primaryimage\"},\"thumbnailUrl\":\"https:\\\/\\\/aapars.com\\\/ghislaine-pilotte\\\/files\\\/2014\\\/06\\\/Ghyslaine-Pilotte-Waterloo-535x356.jpg\",\"datePublished\":\"2010-10-03T05:11:36+00:00\",\"dateModified\":\"2024-03-26T19:46:01+00:00\",\"description\":\"D\u00e9marche Femme de carri\u00e8re,j\u2019ai toujours gard\u00e9 le go\u00fbt pour les arts et surtout la peinture, maintenant \u00e0 la retraite, je peux vraiment m\u2019adonner \u00e0 ma\",\"breadcrumb\":{\"@id\":\"https:\\\/\\\/aapars.com\\\/ghislaine-pilotte\\\/#breadcrumb\"},\"inLanguage\":\"fr-FR\",\"potentialAction\":[{\"@type\":\"ReadAction\",\"target\":[\"https:\\\/\\\/aapars.com\\\/ghislaine-pilotte\\\/\"]}]},{\"@type\":\"ImageObject\",\"inLanguage\":\"fr-FR\",\"@id\":\"https:\\\/\\\/aapars.com\\\/ghislaine-pilotte\\\/#primaryimage\",\"url\":\"https:\\\/\\\/aapars.com\\\/ghislaine-pilotte\\\/files\\\/2014\\\/06\\\/Ghyslaine-Pilotte-Waterloo-535x356.jpg\",\"contentUrl\":\"https:\\\/\\\/aapars.com\\\/ghislaine-pilotte\\\/files\\\/2014\\\/06\\\/Ghyslaine-Pilotte-Waterloo-535x356.jpg\"},{\"@type\":\"BreadcrumbList\",\"@id\":\"https:\\\/\\\/aapars.com\\\/ghislaine-pilotte\\\/#breadcrumb\",\"itemListElement\":[{\"@type\":\"ListItem\",\"position\":1,\"name\":\"Accueil\",\"item\":\"https:\\\/\\\/aapars.com\\\/ghislaine-pilotte\\\/\"},{\"@type\":\"ListItem\",\"position\":2,\"name\":\"Ghislaine Pilotte\"}]},{\"@type\":\"WebSite\",\"@id\":\"https:\\\/\\\/aapars.com\\\/ghislaine-pilotte\\\/#website\",\"url\":\"https:\\\/\\\/aapars.com\\\/ghislaine-pilotte\\\/\",\"name\":\"Ghislaine Pilotte\",\"description\":\"Un site de la galerie virtuelle de l&#039;AAPARS\",\"publisher\":{\"@id\":\"https:\\\/\\\/aapars.com\\\/ghislaine-pilotte\\\/#organization\"},\"potentialAction\":[{\"@type\":\"SearchAction\",\"target\":{\"@type\":\"EntryPoint\",\"urlTemplate\":\"https:\\\/\\\/aapars.com\\\/ghislaine-pilotte\\\/?s={search_term_string}\"},\"query-input\":{\"@type\":\"PropertyValueSpecification\",\"valueRequired\":true,\"valueName\":\"search_term_string\"}}],\"inLanguage\":\"fr-FR\"},{\"@type\":\"Organization\",\"@id\":\"https:\\\/\\\/aapars.com\\\/ghislaine-pilotte\\\/#organization\",\"name\":\"Ghislaine Pilotte\",\"url\":\"https:\\\/\\\/aapars.com\\\/ghislaine-pilotte\\\/\",\"logo\":{\"@type\":\"ImageObject\",\"inLanguage\":\"fr-FR\",\"@id\":\"https:\\\/\\\/aapars.com\\\/ghislaine-pilotte\\\/#\\\/schema\\\/logo\\\/image\\\/\",\"url\":\"https:\\\/\\\/aapars.com\\\/ghislaine-pilotte\\\/files\\\/2012\\\/04\\\/logo-aapars-@2x.png\",\"contentUrl\":\"https:\\\/\\\/aapars.com\\\/ghislaine-pilotte\\\/files\\\/2012\\\/04\\\/logo-aapars-@2x.png\",\"width\":560,\"height\":306,\"caption\":\"Ghislaine Pilotte\"},\"image\":{\"@id\":\"https:\\\/\\\/aapars.com\\\/ghislaine-pilotte\\\/#\\\/schema\\\/logo\\\/image\\\/\"}}]}<\/script>\n<!-- \/ Yoast SEO plugin. -->","yoast_head_json":{"title":"Ghislaine Pilotte - Ghislaine Pilotte - Un site de la galerie virtuelle de l&#039;AAPARS","description":"D\u00e9marche Femme de carri\u00e8re,j\u2019ai toujours gard\u00e9 le go\u00fbt pour les arts et surtout la peinture, maintenant \u00e0 la retraite, je peux vraiment m\u2019adonner \u00e0 ma","robots":{"index":"index","follow":"follow","max-snippet":"max-snippet:-1","max-image-preview":"max-image-preview:large","max-video-preview":"max-video-preview:-1"},"canonical":"https:\/\/aapars.com\/ghislaine-pilotte\/","og_locale":"fr_FR","og_type":"article","og_title":"Ghislaine Pilotte - Ghislaine Pilotte - Un site de la galerie virtuelle de l&#039;AAPARS","og_description":"D\u00e9marche Femme de carri\u00e8re,j\u2019ai toujours gard\u00e9 le go\u00fbt pour les arts et surtout la peinture, maintenant \u00e0 la retraite, je peux vraiment m\u2019adonner \u00e0 ma","og_url":"https:\/\/aapars.com\/ghislaine-pilotte\/","og_site_name":"Ghislaine Pilotte","article_modified_time":"2024-03-26T19:46:01+00:00","og_image":[{"url":"https:\/\/aapars.com\/ghislaine-pilotte\/files\/2014\/06\/Ghyslaine-Pilotte-Waterloo-535x356.jpg","type":"","width":"","height":""}],"twitter_misc":{"Dur\u00e9e de lecture estim\u00e9e":"1 minute"},"schema":{"@context":"https:\/\/schema.org","@graph":[{"@type":"WebPage","@id":"https:\/\/aapars.com\/ghislaine-pilotte\/","url":"https:\/\/aapars.com\/ghislaine-pilotte\/","name":"Ghislaine Pilotte - Ghislaine Pilotte - Un site de la galerie virtuelle de l&#039;AAPARS","isPartOf":{"@id":"https:\/\/aapars.com\/ghislaine-pilotte\/#website"},"primaryImageOfPage":{"@id":"https:\/\/aapars.com\/ghislaine-pilotte\/#primaryimage"},"image":{"@id":"https:\/\/aapars.com\/ghislaine-pilotte\/#primaryimage"},"thumbnailUrl":"https:\/\/aapars.com\/ghislaine-pilotte\/files\/2014\/06\/Ghyslaine-Pilotte-Waterloo-535x356.jpg","datePublished":"2010-10-03T05:11:36+00:00","dateModified":"2024-03-26T19:46:01+00:00","description":"D\u00e9marche Femme de carri\u00e8re,j\u2019ai toujours gard\u00e9 le go\u00fbt pour les arts et surtout la peinture, maintenant \u00e0 la retraite, je peux vraiment m\u2019adonner \u00e0 ma","breadcrumb":{"@id":"https:\/\/aapars.com\/ghislaine-pilotte\/#breadcrumb"},"inLanguage":"fr-FR","potentialAction":[{"@type":"ReadAction","target":["https:\/\/aapars.com\/ghislaine-pilotte\/"]}]},{"@type":"ImageObject","inLanguage":"fr-FR","@id":"https:\/\/aapars.com\/ghislaine-pilotte\/#primaryimage","url":"https:\/\/aapars.com\/ghislaine-pilotte\/files\/2014\/06\/Ghyslaine-Pilotte-Waterloo-535x356.jpg","contentUrl":"https:\/\/aapars.com\/ghislaine-pilotte\/files\/2014\/06\/Ghyslaine-Pilotte-Waterloo-535x356.jpg"},{"@type":"BreadcrumbList","@id":"https:\/\/aapars.com\/ghislaine-pilotte\/#breadcrumb","itemListElement":[{"@type":"ListItem","position":1,"name":"Accueil","item":"https:\/\/aapars.com\/ghislaine-pilotte\/"},{"@type":"ListItem","position":2,"name":"Ghislaine Pilotte"}]},{"@type":"WebSite","@id":"https:\/\/aapars.com\/ghislaine-pilotte\/#website","url":"https:\/\/aapars.com\/ghislaine-pilotte\/","name":"Ghislaine Pilotte","description":"Un site de la galerie virtuelle de l&#039;AAPARS","publisher":{"@id":"https:\/\/aapars.com\/ghislaine-pilotte\/#organization"},"potentialAction":[{"@type":"SearchAction","target":{"@type":"EntryPoint","urlTemplate":"https:\/\/aapars.com\/ghislaine-pilotte\/?s={search_term_string}"},"query-input":{"@type":"PropertyValueSpecification","valueRequired":true,"valueName":"search_term_string"}}],"inLanguage":"fr-FR"},{"@type":"Organization","@id":"https:\/\/aapars.com\/ghislaine-pilotte\/#organization","name":"Ghislaine Pilotte","url":"https:\/\/aapars.com\/ghislaine-pilotte\/","logo":{"@type":"ImageObject","inLanguage":"fr-FR","@id":"https:\/\/aapars.com\/ghislaine-pilotte\/#\/schema\/logo\/image\/","url":"https:\/\/aapars.com\/ghislaine-pilotte\/files\/2012\/04\/logo-aapars-@2x.png","contentUrl":"https:\/\/aapars.com\/ghislaine-pilotte\/files\/2012\/04\/logo-aapars-@2x.png","width":560,"height":306,"caption":"Ghislaine Pilotte"},"image":{"@id":"https:\/\/aapars.com\/ghislaine-pilotte\/#\/schema\/logo\/image\/"}}]}},"_links":{"self":[{"href":"https:\/\/aapars.com\/ghislaine-pilotte\/wp-json\/wp\/v2\/pages\/2","targetHints":{"allow":["GET"]}}],"collection":[{"href":"https:\/\/aapars.com\/ghislaine-pilotte\/wp-json\/wp\/v2\/pages"}],"about":[{"href":"https:\/\/aapars.com\/ghislaine-pilotte\/wp-json\/wp\/v2\/types\/page"}],"author":[{"embeddable":true,"href":"https:\/\/aapars.com\/ghislaine-pilotte\/wp-json\/wp\/v2\/users\/631"}],"replies":[{"embeddable":true,"href":"https:\/\/aapars.com\/ghislaine-pilotte\/wp-json\/wp\/v2\/comments?post=2"}],"version-history":[{"count":2,"href":"https:\/\/aapars.com\/ghislaine-pilotte\/wp-json\/wp\/v2\/pages\/2\/revisions"}],"predecessor-version":[{"id":356,"href":"https:\/\/aapars.com\/ghislaine-pilotte\/wp-json\/wp\/v2\/pages\/2\/revisions\/356"}],"wp:attachment":[{"href":"https:\/\/aapars.com\/ghislaine-pilotte\/wp-json\/wp\/v2\/media?parent=2"}],"curies":[{"name":"wp","href":"https:\/\/api.w.org\/{rel}","templated":true}]}}