{"id":2,"date":"2010-10-03T05:11:36","date_gmt":"2010-10-03T09:11:36","guid":{"rendered":"https:\/\/aapars.com\/jacques-landry\/?page_id=2"},"modified":"2026-02-06T07:40:38","modified_gmt":"2026-02-06T12:40:38","slug":"accueil","status":"publish","type":"page","link":"https:\/\/aapars.com\/francoise-deschenes\/","title":{"rendered":"Fran\u00e7oise Dub\u00e9 Desch\u00eanes"},"content":{"rendered":"<p><img loading=\"lazy\" decoding=\"async\" class=\"alignnone size-full wp-image-272\" src=\"https:\/\/aapars.com\/francoise-deschenes\/files\/2021\/08\/Deschenes-Francoise-2--e1628531962330.jpg\" alt=\"Fran\u00e7oise Desch\u00eanes\" width=\"150\" height=\"202\"\/><\/p>\n\n<table id=\"tablepress-1\" class=\"tablepress tablepress-id-1\">\n<tbody class=\"row-striping\">\n<tr class=\"row-1\">\n\t<td class=\"column-1\">Technique :<\/td><td class=\"column-2\">aquarelle - acrylique - techniques mixtes -sculptures textiles<\/td>\n<\/tr>\n<tr class=\"row-2\">\n\t<td class=\"column-1\">Affiliations professionelles :<\/td><td class=\"column-2\">AAPARS - CAPSH - AAPL (1995 - 2020)<\/td>\n<\/tr>\n<tr class=\"row-3\">\n\t<td class=\"column-1\">T\u00e9l\u00e9phone :<\/td><td class=\"column-2\">450-674-8824<\/td>\n<\/tr>\n<tr class=\"row-4\">\n\t<td class=\"column-1\">Courriel :<\/td><td class=\"column-2\"><a href=\"mailto:fran.gill@sympatico.ca\">fran.gill@sympatico.ca<\/a><\/td>\n<\/tr>\n<tr class=\"row-5\">\n\t<td class=\"column-1\">Site Internet :<\/td><td class=\"column-2\"><\/td>\n<\/tr>\n<\/tbody>\n<\/table>\n<!-- #tablepress-1 from cache -->\n<p>&nbsp;<\/p>\n<h2>Biographie<\/h2>\n<p>N\u00e9e \u00e0 St-Jean Port-Joli, habite \u00e0 Longueuil&nbsp;&nbsp;<\/p>\n<h2>D\u00e9marche<\/h2>\n<p>Je me consid\u00e8re&nbsp; et&nbsp; j\u2019assume que je suis une artiste multidisciplinaire.&nbsp; &nbsp;J\u2019aime&nbsp; explorer au gr\u00e9 du moment&nbsp; des sujets&nbsp; qui&nbsp; m\u2019habitent&nbsp; et&nbsp; qui&nbsp; me&nbsp; parlent.&nbsp; Je n\u2019ai&nbsp; jamais&nbsp; cess\u00e9&nbsp; d\u2019explorer et de me perfectionner&nbsp; par&nbsp; des&nbsp; ateliers,&nbsp; des cours&nbsp; (certificat en arts plastiques 2002)&nbsp; et&nbsp; par&nbsp; un&nbsp; &nbsp;travail personnel. &nbsp;Durant &nbsp;13 ans j\u2019ai &nbsp;partag\u00e9 mes&nbsp; connaissances,&nbsp; j\u2019ai enseign\u00e9 &nbsp;l\u2019aquarelle&nbsp; \u00e0&nbsp; la Ville de Longueuil (Centre culturel Jacques Ferron).&nbsp; Le plaisir de donner \u00e0 d\u2019autres le go\u00fbt de peindre et de cr\u00e9er&nbsp; m\u2019a permis &nbsp;d\u2019\u00e9voluer.<\/p>\n<p>Mon m\u00e9dium de pr\u00e9dilection est l\u2019aquarelle. J\u2019aime sa transparence, sa fluidit\u00e9, ses surprises, j\u2019aime les d\u00e9fis&nbsp; que ce m\u00e9dium peut me procurer pour m\u2019aider \u00e0 avancer dans ma cr\u00e9ation. Je peins aussi \u00e0 l&#8217;acrylique et techniques mixtes.&nbsp; Mes sujets sont vari\u00e9s.&nbsp; Chacun de ces m\u00e9diums&nbsp; a ses particularit\u00e9s&nbsp; ainsi&nbsp; je peux cr\u00e9er des tableaux&nbsp; figuratifs avec une &nbsp;part de myst\u00e8re.&nbsp; &nbsp;Mes tableaux&nbsp; sont le reflet de mes inspirations, de mes \u00e9motions, de mon v\u00e9cu.&nbsp; Dans&nbsp; chaque \u0153uvre&nbsp; j&#8217;interpr\u00e8te la nature, je valse avec les couleurs,&nbsp; &nbsp;j&#8217;imagine une histoire et je livre ma sensibilit\u00e9.&nbsp;<\/p>\n<p>Mes exp\u00e9riences de vie, la rencontre de d\u2019autres artistes,&nbsp; mes voyages, la nature tout \u00e7a m\u2019inspire et&nbsp; contribue \u00e0&nbsp; enrichir&nbsp; mes&nbsp; tableaux.&nbsp; Chaque tableau devient &nbsp;un apprentissage, une d\u00e9couverte, une fascination,&nbsp; une fa\u00e7on de percevoir&nbsp; ce&nbsp; qui&nbsp; m\u2019entoure:&nbsp; &nbsp;c&#8217;est na\u00eetre dans le tableau.&nbsp; Cette aventure color\u00e9e&nbsp; m\u2019am\u00e8ne&nbsp; \u00e0&nbsp; trouver&nbsp; le&nbsp; sens&nbsp; qui&nbsp; existe&nbsp; sous&nbsp; la&nbsp; surface&nbsp; des&nbsp; choses.&nbsp; Peindre&nbsp; devient&nbsp; une motivation&nbsp; pour embellir ma vie et&nbsp; une fa\u00e7on de&nbsp; laisser une trace.&nbsp; Attirer&nbsp; le&nbsp; regard&nbsp; de&nbsp; l&#8217;autre&nbsp; et esp\u00e9rer lui dire merci devient ma plus grande r\u00e9compense.&nbsp; Peindre est et sera toujours un plaisir et une passion pour moi.<\/p>\n<p><strong><em>Peindre c\u2019est fleurir la vie<\/em><\/strong><\/p>\n<p><strong><em>C\u2019est cr\u00e9er une aventure color\u00e9e<\/em><\/strong><\/p>\n<p><strong><em>C\u2019est inscrire l\u2019invisible dans le visible<\/em><\/strong><\/p>\n<p><strong><em>Pour s\u2019en faire un bouquet de bonheur&nbsp; &nbsp;(<\/em><\/strong> <strong><em>Fran\u00e7oise Desch\u00eanes<\/em>)<\/strong><\/p>\n<h2>Formation<\/h2>\n\n<table id=\"tablepress-2\" class=\"tablepress tablepress-id-2\">\n<thead>\n<tr class=\"row-1\">\n\t<th class=\"column-1\">Ann\u00e9e<\/th><th class=\"column-2\">Institution\/Professeur<\/th><th class=\"column-3\">Programme<\/th>\n<\/tr>\n<\/thead>\n<tbody class=\"row-striping\">\n<tr class=\"row-2\">\n\t<td class=\"column-1\">2002<\/td><td class=\"column-2\">Universit\u00e9 Bishop's<\/td><td class=\"column-3\">Certificat en Arts plastiques<\/td>\n<\/tr>\n<tr class=\"row-3\">\n\t<td class=\"column-1\">1992 \u00e0 ce jour<\/td><td class=\"column-2\">Roland Palmaerts, Pierre Tougas, Luigi Tiengo, Louise Legault, Diane Boilard, Pierrette Labont\u00e9, Diane St-Georges, Jos\u00e9e Perreault, Barbara Simmons<\/td><td class=\"column-3\">Ateliers<\/td>\n<\/tr>\n<tr class=\"row-4\">\n\t<td class=\"column-1\">1987 \u00e0 1998<\/td><td class=\"column-2\">Nicole Foreman, Roland Palmaerts, Carole Lamoureux, C\u00e9cile Fafard<\/td><td class=\"column-3\">Cours d'aquarelle<\/td>\n<\/tr>\n<tr class=\"row-5\">\n\t<td class=\"column-1\">1980 \u00e0 1984<\/td><td class=\"column-2\">C\u00e9li Tessier, Yolande Everell<\/td><td class=\"column-3\">Cours de peinture \u00e0 l'huile<\/td>\n<\/tr>\n<\/tbody>\n<\/table>\n<!-- #tablepress-2 from cache -->\n<h2><strong>Expositions \u00e0 venir<\/strong>:&nbsp;<\/h2>\n<p><span style=\"font-size: 16px\">&nbsp;<\/span><strong style=\"font-size: 16px\">En permanence<\/strong><span style=\"font-size: 16px\"> \u00e0 la Clinique m\u00e9dicale&nbsp; 300 rue Churchill Greenfield Park&nbsp; aux heures d&#8217;ouverture de la clinique.&nbsp;<\/span><\/p>\n<h2>Galeries<\/h2>\n\n<table id=\"tablepress-4\" class=\"tablepress tablepress-id-4\">\n<thead>\n<tr class=\"row-1\">\n\t<th class=\"column-1\">Galeries <\/th><th class=\"column-2\">Lieu <\/th><th class=\"column-3\">Ann\u00e9e<\/th>\n<\/tr>\n<\/thead>\n<tbody class=\"row-striping\">\n<tr class=\"row-2\">\n\t<td class=\"column-1\">Galerie du Lac <\/td><td class=\"column-2\">Venise en Qu\u00e9bec <\/td><td class=\"column-3\">2023<\/td>\n<\/tr>\n<tr class=\"row-3\">\n\t<td class=\"column-1\">Galerie Dosha<\/td><td class=\"column-2\">Beloeil<\/td><td class=\"column-3\">2016<\/td>\n<\/tr>\n<tr class=\"row-4\">\n\t<td class=\"column-1\">Galerie KafArt<\/td><td class=\"column-2\">Montr\u00e9al<\/td><td class=\"column-3\">2013<\/td>\n<\/tr>\n<tr class=\"row-5\">\n\t<td class=\"column-1\">Mus\u00e9e Marc-Aur\u00e8le Fortin<\/td><td class=\"column-2\">Montr\u00e9al<\/td><td class=\"column-3\">2004-2005<\/td>\n<\/tr>\n<tr class=\"row-6\">\n\t<td class=\"column-1\">Galerie Entr'Art<\/td><td class=\"column-2\">St-Jean Port-Joli<\/td><td class=\"column-3\">2001<\/td>\n<\/tr>\n<tr class=\"row-7\">\n\t<td class=\"column-1\">Galerie Bono<\/td><td class=\"column-2\">Longueuil<\/td><td class=\"column-3\">1994-1995<\/td>\n<\/tr>\n<\/tbody>\n<\/table>\n<!-- #tablepress-4 from cache -->\n<h2>Reconnaissances<\/h2>\n\n<table id=\"tablepress-5\" class=\"tablepress tablepress-id-5\">\n<thead>\n<tr class=\"row-1\">\n\t<th class=\"column-1\">Ann\u00e9e<\/th><th class=\"column-2\">Nom<\/th><th class=\"column-3\">Endroit de remise<\/th>\n<\/tr>\n<\/thead>\n<tbody class=\"row-striping\">\n<tr class=\"row-2\">\n\t<td class=\"column-1\">2016<\/td><td class=\"column-2\">Coup de coeur du public<\/td><td class=\"column-3\">Galerie Dosha<\/td>\n<\/tr>\n<tr class=\"row-3\">\n\t<td class=\"column-1\">2009<\/td><td class=\"column-2\">3e prix pour le tableau pr\u00e9sent\u00e9<\/td><td class=\"column-3\">Coop fun\u00e9raire Rive-Sud<\/td>\n<\/tr>\n<\/tbody>\n<\/table>\n<!-- #tablepress-5 from cache -->\n<h2>Collections<\/h2>\n\n<table id=\"tablepress-6\" class=\"tablepress tablepress-id-6\">\n<thead>\n<tr class=\"row-1\">\n\t<th class=\"column-1\">Nom du lieu<\/th><th class=\"column-2\">Ville<\/th>\n<\/tr>\n<\/thead>\n<tbody class=\"row-striping\">\n<tr class=\"row-2\">\n\t<td class=\"column-1\">Ville de Longueuil<\/td><td class=\"column-2\">Longueuil<\/td>\n<\/tr>\n<tr class=\"row-3\">\n\t<td class=\"column-1\">Pharmaprix<\/td><td class=\"column-2\">Sherbrooke<\/td>\n<\/tr>\n<\/tbody>\n<\/table>\n<!-- #tablepress-6 from cache -->\n<h2>M\u00e9dias<\/h2>\n\n<table id=\"tablepress-7\" class=\"tablepress tablepress-id-7\">\n<thead>\n<tr class=\"row-1\">\n\t<th class=\"column-1\">Ann\u00e9e<\/th><th class=\"column-2\">Titre<\/th>\n<\/tr>\n<\/thead>\n<tbody class=\"row-striping\">\n<tr class=\"row-2\">\n\t<td class=\"column-1\">2007-2009<\/td><td class=\"column-2\">Revue Casse-Pieds (illustration d'un po\u00e8me)<\/td>\n<\/tr>\n<tr class=\"row-3\">\n\t<td class=\"column-1\">1999<\/td><td class=\"column-2\">Agenda Plumes et Pinceaux<\/td>\n<\/tr>\n<\/tbody>\n<\/table>\n<!-- #tablepress-7 from cache -->\n<input class=\"fooboxshare_post_id\" type=\"hidden\" value=\"2\"\/>","protected":false},"excerpt":{"rendered":"<p>&nbsp; Biographie N\u00e9e \u00e0 St-Jean Port-Joli, habite \u00e0 Longueuil&nbsp;&nbsp; D\u00e9marche Je me consid\u00e8re&nbsp; et&nbsp; j\u2019assume que je suis une artiste multidisciplinaire.&nbsp; &nbsp;J\u2019aime&nbsp; explorer au gr\u00e9 du moment&nbsp; des sujets&nbsp; qui&nbsp; m\u2019habitent&nbsp; et&nbsp; qui&nbsp; me&nbsp; parlent.&nbsp; Je n\u2019ai&nbsp; jamais&nbsp; cess\u00e9&nbsp; d\u2019explorer et de me perfectionner&nbsp; par&nbsp; des&nbsp; ateliers,&nbsp; des cours&nbsp; (certificat en arts plastiques 2002)&nbsp; et&nbsp; &#8230; <\/p>\n<p class=\"read-more-container\"><a title=\"Fran\u00e7oise Dub\u00e9 Desch\u00eanes\" class=\"read-more button\" href=\"https:\/\/aapars.com\/francoise-deschenes\/#more-2\" aria-label=\"En savoir plus sur Fran\u00e7oise Dub\u00e9 Desch\u00eanes\">Lire plus<\/a><\/p>\n","protected":false},"author":3491,"featured_media":0,"parent":0,"menu_order":0,"comment_status":"closed","ping_status":"closed","template":"","meta":{"_s2mail":"yes","ngg_post_thumbnail":0,"iawp_total_views":262,"footnotes":""},"class_list":["post-2","page","type-page","status-publish"],"yoast_head":"<!-- This site is optimized with the Yoast SEO plugin v27.5 - https:\/\/yoast.com\/product\/yoast-seo-wordpress\/ -->\n<title>Fran\u00e7oise Desch\u00eanes - Un site de la galerie virtuelle de l&#039;AAPARS<\/title>\n<meta name=\"description\" content=\"&nbsp; Biographie N\u00e9e \u00e0 St-Jean Port-Joli, habite \u00e0 Longueuil&nbsp;&nbsp; D\u00e9marche Je me consid\u00e8re&nbsp; et&nbsp; j\u2019assume que je suis une artiste\" \/>\n<meta name=\"robots\" content=\"index, follow, max-snippet:-1, max-image-preview:large, max-video-preview:-1\" \/>\n<link rel=\"canonical\" href=\"https:\/\/aapars.com\/francoise-deschenes\/\" \/>\n<meta property=\"og:locale\" content=\"fr_FR\" \/>\n<meta property=\"og:type\" content=\"article\" \/>\n<meta property=\"og:title\" content=\"Fran\u00e7oise Desch\u00eanes - Un site de la galerie virtuelle de l&#039;AAPARS\" \/>\n<meta property=\"og:description\" content=\"&nbsp; Biographie N\u00e9e \u00e0 St-Jean Port-Joli, habite \u00e0 Longueuil&nbsp;&nbsp; D\u00e9marche Je me consid\u00e8re&nbsp; et&nbsp; j\u2019assume que je suis une artiste\" \/>\n<meta property=\"og:url\" content=\"https:\/\/aapars.com\/francoise-deschenes\/\" \/>\n<meta property=\"og:site_name\" content=\"Fran\u00e7oise Desch\u00eanes\" \/>\n<meta property=\"article:modified_time\" content=\"2026-02-06T12:40:38+00:00\" \/>\n<meta property=\"og:image\" content=\"https:\/\/aapars.com\/francoise-deschenes\/files\/2021\/08\/Deschenes-Francoise-2--e1628531962330.jpg\" \/>\n\t<meta property=\"og:image:width\" content=\"150\" \/>\n\t<meta property=\"og:image:height\" content=\"202\" \/>\n\t<meta property=\"og:image:type\" content=\"image\/jpeg\" \/>\n<meta name=\"twitter:label1\" content=\"Dur\u00e9e de lecture estim\u00e9e\" \/>\n\t<meta name=\"twitter:data1\" content=\"3 minutes\" \/>\n<script type=\"application\/ld+json\" class=\"yoast-schema-graph\">{\"@context\":\"https:\\\/\\\/schema.org\",\"@graph\":[{\"@type\":\"WebPage\",\"@id\":\"https:\\\/\\\/aapars.com\\\/francoise-deschenes\\\/\",\"url\":\"https:\\\/\\\/aapars.com\\\/francoise-deschenes\\\/\",\"name\":\"Fran\u00e7oise Desch\u00eanes - Un site de la galerie virtuelle de l&#039;AAPARS\",\"isPartOf\":{\"@id\":\"https:\\\/\\\/aapars.com\\\/francoise-deschenes\\\/#website\"},\"primaryImageOfPage\":{\"@id\":\"https:\\\/\\\/aapars.com\\\/francoise-deschenes\\\/#primaryimage\"},\"image\":{\"@id\":\"https:\\\/\\\/aapars.com\\\/francoise-deschenes\\\/#primaryimage\"},\"thumbnailUrl\":\"https:\\\/\\\/aapars.com\\\/francoise-deschenes\\\/files\\\/2021\\\/08\\\/Deschenes-Francoise-2--e1628531962330.jpg\",\"datePublished\":\"2010-10-03T09:11:36+00:00\",\"dateModified\":\"2026-02-06T12:40:38+00:00\",\"description\":\"&nbsp; Biographie N\u00e9e \u00e0 St-Jean Port-Joli, habite \u00e0 Longueuil&nbsp;&nbsp; D\u00e9marche Je me consid\u00e8re&nbsp; et&nbsp; j\u2019assume que je suis une artiste\",\"breadcrumb\":{\"@id\":\"https:\\\/\\\/aapars.com\\\/francoise-deschenes\\\/#breadcrumb\"},\"inLanguage\":\"fr-FR\",\"potentialAction\":[{\"@type\":\"ReadAction\",\"target\":[\"https:\\\/\\\/aapars.com\\\/francoise-deschenes\\\/\"]}]},{\"@type\":\"ImageObject\",\"inLanguage\":\"fr-FR\",\"@id\":\"https:\\\/\\\/aapars.com\\\/francoise-deschenes\\\/#primaryimage\",\"url\":\"https:\\\/\\\/aapars.com\\\/francoise-deschenes\\\/files\\\/2021\\\/08\\\/Deschenes-Francoise-2--e1628531962330.jpg\",\"contentUrl\":\"https:\\\/\\\/aapars.com\\\/francoise-deschenes\\\/files\\\/2021\\\/08\\\/Deschenes-Francoise-2--e1628531962330.jpg\",\"width\":150,\"height\":202,\"caption\":\"Fran\u00e7oise Desch\u00eanes\"},{\"@type\":\"BreadcrumbList\",\"@id\":\"https:\\\/\\\/aapars.com\\\/francoise-deschenes\\\/#breadcrumb\",\"itemListElement\":[{\"@type\":\"ListItem\",\"position\":1,\"name\":\"Accueil\",\"item\":\"https:\\\/\\\/aapars.com\\\/francoise-deschenes\\\/\"},{\"@type\":\"ListItem\",\"position\":2,\"name\":\"Fran\u00e7oise Dub\u00e9 Desch\u00eanes\"}]},{\"@type\":\"WebSite\",\"@id\":\"https:\\\/\\\/aapars.com\\\/francoise-deschenes\\\/#website\",\"url\":\"https:\\\/\\\/aapars.com\\\/francoise-deschenes\\\/\",\"name\":\"Fran\u00e7oise Desch\u00eanes\",\"description\":\"Un site de la galerie virtuelle de l&#039;AAPARS\",\"publisher\":{\"@id\":\"https:\\\/\\\/aapars.com\\\/francoise-deschenes\\\/#organization\"},\"potentialAction\":[{\"@type\":\"SearchAction\",\"target\":{\"@type\":\"EntryPoint\",\"urlTemplate\":\"https:\\\/\\\/aapars.com\\\/francoise-deschenes\\\/?s={search_term_string}\"},\"query-input\":{\"@type\":\"PropertyValueSpecification\",\"valueRequired\":true,\"valueName\":\"search_term_string\"}}],\"inLanguage\":\"fr-FR\"},{\"@type\":\"Organization\",\"@id\":\"https:\\\/\\\/aapars.com\\\/francoise-deschenes\\\/#organization\",\"name\":\"Fran\u00e7oise Desch\u00eanes\",\"url\":\"https:\\\/\\\/aapars.com\\\/francoise-deschenes\\\/\",\"logo\":{\"@type\":\"ImageObject\",\"inLanguage\":\"fr-FR\",\"@id\":\"https:\\\/\\\/aapars.com\\\/francoise-deschenes\\\/#\\\/schema\\\/logo\\\/image\\\/\",\"url\":\"https:\\\/\\\/aapars.com\\\/francoise-deschenes\\\/files\\\/2012\\\/04\\\/logo-aapars-@2x.png\",\"contentUrl\":\"https:\\\/\\\/aapars.com\\\/francoise-deschenes\\\/files\\\/2012\\\/04\\\/logo-aapars-@2x.png\",\"width\":560,\"height\":306,\"caption\":\"Fran\u00e7oise Desch\u00eanes\"},\"image\":{\"@id\":\"https:\\\/\\\/aapars.com\\\/francoise-deschenes\\\/#\\\/schema\\\/logo\\\/image\\\/\"}}]}<\/script>\n<!-- \/ Yoast SEO plugin. -->","yoast_head_json":{"title":"Fran\u00e7oise Desch\u00eanes - Un site de la galerie virtuelle de l&#039;AAPARS","description":"&nbsp; Biographie N\u00e9e \u00e0 St-Jean Port-Joli, habite \u00e0 Longueuil&nbsp;&nbsp; D\u00e9marche Je me consid\u00e8re&nbsp; et&nbsp; j\u2019assume que je suis une artiste","robots":{"index":"index","follow":"follow","max-snippet":"max-snippet:-1","max-image-preview":"max-image-preview:large","max-video-preview":"max-video-preview:-1"},"canonical":"https:\/\/aapars.com\/francoise-deschenes\/","og_locale":"fr_FR","og_type":"article","og_title":"Fran\u00e7oise Desch\u00eanes - Un site de la galerie virtuelle de l&#039;AAPARS","og_description":"&nbsp; Biographie N\u00e9e \u00e0 St-Jean Port-Joli, habite \u00e0 Longueuil&nbsp;&nbsp; D\u00e9marche Je me consid\u00e8re&nbsp; et&nbsp; j\u2019assume que je suis une artiste","og_url":"https:\/\/aapars.com\/francoise-deschenes\/","og_site_name":"Fran\u00e7oise Desch\u00eanes","article_modified_time":"2026-02-06T12:40:38+00:00","og_image":[{"width":150,"height":202,"url":"https:\/\/aapars.com\/francoise-deschenes\/files\/2021\/08\/Deschenes-Francoise-2--e1628531962330.jpg","type":"image\/jpeg"}],"twitter_misc":{"Dur\u00e9e de lecture estim\u00e9e":"3 minutes"},"schema":{"@context":"https:\/\/schema.org","@graph":[{"@type":"WebPage","@id":"https:\/\/aapars.com\/francoise-deschenes\/","url":"https:\/\/aapars.com\/francoise-deschenes\/","name":"Fran\u00e7oise Desch\u00eanes - Un site de la galerie virtuelle de l&#039;AAPARS","isPartOf":{"@id":"https:\/\/aapars.com\/francoise-deschenes\/#website"},"primaryImageOfPage":{"@id":"https:\/\/aapars.com\/francoise-deschenes\/#primaryimage"},"image":{"@id":"https:\/\/aapars.com\/francoise-deschenes\/#primaryimage"},"thumbnailUrl":"https:\/\/aapars.com\/francoise-deschenes\/files\/2021\/08\/Deschenes-Francoise-2--e1628531962330.jpg","datePublished":"2010-10-03T09:11:36+00:00","dateModified":"2026-02-06T12:40:38+00:00","description":"&nbsp; Biographie N\u00e9e \u00e0 St-Jean Port-Joli, habite \u00e0 Longueuil&nbsp;&nbsp; D\u00e9marche Je me consid\u00e8re&nbsp; et&nbsp; j\u2019assume que je suis une artiste","breadcrumb":{"@id":"https:\/\/aapars.com\/francoise-deschenes\/#breadcrumb"},"inLanguage":"fr-FR","potentialAction":[{"@type":"ReadAction","target":["https:\/\/aapars.com\/francoise-deschenes\/"]}]},{"@type":"ImageObject","inLanguage":"fr-FR","@id":"https:\/\/aapars.com\/francoise-deschenes\/#primaryimage","url":"https:\/\/aapars.com\/francoise-deschenes\/files\/2021\/08\/Deschenes-Francoise-2--e1628531962330.jpg","contentUrl":"https:\/\/aapars.com\/francoise-deschenes\/files\/2021\/08\/Deschenes-Francoise-2--e1628531962330.jpg","width":150,"height":202,"caption":"Fran\u00e7oise Desch\u00eanes"},{"@type":"BreadcrumbList","@id":"https:\/\/aapars.com\/francoise-deschenes\/#breadcrumb","itemListElement":[{"@type":"ListItem","position":1,"name":"Accueil","item":"https:\/\/aapars.com\/francoise-deschenes\/"},{"@type":"ListItem","position":2,"name":"Fran\u00e7oise Dub\u00e9 Desch\u00eanes"}]},{"@type":"WebSite","@id":"https:\/\/aapars.com\/francoise-deschenes\/#website","url":"https:\/\/aapars.com\/francoise-deschenes\/","name":"Fran\u00e7oise Desch\u00eanes","description":"Un site de la galerie virtuelle de l&#039;AAPARS","publisher":{"@id":"https:\/\/aapars.com\/francoise-deschenes\/#organization"},"potentialAction":[{"@type":"SearchAction","target":{"@type":"EntryPoint","urlTemplate":"https:\/\/aapars.com\/francoise-deschenes\/?s={search_term_string}"},"query-input":{"@type":"PropertyValueSpecification","valueRequired":true,"valueName":"search_term_string"}}],"inLanguage":"fr-FR"},{"@type":"Organization","@id":"https:\/\/aapars.com\/francoise-deschenes\/#organization","name":"Fran\u00e7oise Desch\u00eanes","url":"https:\/\/aapars.com\/francoise-deschenes\/","logo":{"@type":"ImageObject","inLanguage":"fr-FR","@id":"https:\/\/aapars.com\/francoise-deschenes\/#\/schema\/logo\/image\/","url":"https:\/\/aapars.com\/francoise-deschenes\/files\/2012\/04\/logo-aapars-@2x.png","contentUrl":"https:\/\/aapars.com\/francoise-deschenes\/files\/2012\/04\/logo-aapars-@2x.png","width":560,"height":306,"caption":"Fran\u00e7oise Desch\u00eanes"},"image":{"@id":"https:\/\/aapars.com\/francoise-deschenes\/#\/schema\/logo\/image\/"}}]}},"_links":{"self":[{"href":"https:\/\/aapars.com\/francoise-deschenes\/wp-json\/wp\/v2\/pages\/2","targetHints":{"allow":["GET"]}}],"collection":[{"href":"https:\/\/aapars.com\/francoise-deschenes\/wp-json\/wp\/v2\/pages"}],"about":[{"href":"https:\/\/aapars.com\/francoise-deschenes\/wp-json\/wp\/v2\/types\/page"}],"author":[{"embeddable":true,"href":"https:\/\/aapars.com\/francoise-deschenes\/wp-json\/wp\/v2\/users\/3491"}],"replies":[{"embeddable":true,"href":"https:\/\/aapars.com\/francoise-deschenes\/wp-json\/wp\/v2\/comments?post=2"}],"version-history":[{"count":10,"href":"https:\/\/aapars.com\/francoise-deschenes\/wp-json\/wp\/v2\/pages\/2\/revisions"}],"predecessor-version":[{"id":532,"href":"https:\/\/aapars.com\/francoise-deschenes\/wp-json\/wp\/v2\/pages\/2\/revisions\/532"}],"wp:attachment":[{"href":"https:\/\/aapars.com\/francoise-deschenes\/wp-json\/wp\/v2\/media?parent=2"}],"curies":[{"name":"wp","href":"https:\/\/api.w.org\/{rel}","templated":true}]}}