{"id":2,"date":"2010-10-03T05:11:36","date_gmt":"2010-10-03T05:11:36","guid":{"rendered":"https:\/\/aapars.com\/jacques-landry\/?page_id=2"},"modified":"2024-03-26T15:51:38","modified_gmt":"2024-03-26T19:51:38","slug":"accueil","status":"publish","type":"page","link":"https:\/\/aapars.com\/france-godbout\/","title":{"rendered":"France Godbout"},"content":{"rendered":"<p><img loading=\"lazy\" decoding=\"async\" class=\"wp-image-87 size-thumbnail alignnone\" src=\"https:\/\/aapars.com\/france-godbout\/files\/2010\/10\/IMG_0816CWEBAAPARS72-200x200.jpg\" alt=\"\" width=\"200\" height=\"200\"\/><\/p>\n\n<table id=\"tablepress-1\" class=\"tablepress tablepress-id-1\">\n<tbody class=\"row-striping\">\n<tr class=\"row-1\">\n\t<td class=\"column-1\">Technique : <\/td><td class=\"column-2\">Acrylique, pastel sec, <\/td>\n<\/tr>\n<tr class=\"row-2\">\n\t<td class=\"column-1\">Affiliations professionelles :<\/td><td class=\"column-2\">AAPARS, Psec(Soci\u00e9t\u00e9 de Pastel de l'est du Canada), PAC(Pastel Artists.ca), SACQ(Soci\u00e9t\u00e9 artistique et culturelle de Qu\u00e9bec),Culture Mont\u00e9r\u00e9gie<\/td>\n<\/tr>\n<tr class=\"row-3\">\n\t<td class=\"column-1\">Courriel :<\/td><td class=\"column-2\"><a href=\"mailto:france.godbout@hotmail.com\">france.godbout@hotmail.com<\/a><\/td>\n<\/tr>\n<tr class=\"row-4\">\n\t<td class=\"column-1\">Site Internet :<\/td><td class=\"column-2\"><a href=\"http:\/\/aapars.com\/france-godbout\">http:\/\/aapars.com\/france-godbout<\/a><\/td>\n<\/tr>\n<tr class=\"row-5\">\n\t<td class=\"column-1\">T\u00e9l\u00e9phone :<\/td><td class=\"column-2\">450-467-1655<\/td>\n<\/tr>\n<\/tbody>\n<\/table>\n<!-- #tablepress-1 from cache -->\n<h2>D\u00e9marche<\/h2>\n<p>L&#8217;activit\u00e9 privil\u00e9gi\u00e9e de mon enfance se r\u00e9sumait au bricolage et \u00e0 l\u2019application de la couleur sur du papier. Par la suite, ma formation en biologie confirme mon amour pour la nature et le vivant. Depuis ma retraite en juin 2009,&nbsp; je partage mon temps entre la photographie, la peinture et l\u2019exploration en nature. Par la photographie j&#8217;aiguise mon sens de l\u2019observation et je m&#8217;exerce \u00e0 voir autrement.<\/p>\n<p>L&#8217;expression figurative du sujet repr\u00e9sente pour&nbsp;moi le moyen de toucher et de transmettre l&#8217;\u00e9motion. Mon&nbsp;inspiration est stimul\u00e9e par ce que j&#8217;observe autour de moi.<\/p>\n<p>Apprivoiser les diff\u00e9rents m\u00e9diums et voir leurs subtilit\u00e9s font partie de ma d\u00e9marche. Le temps de s\u00e9chage rapide de l\u2019acrylique,&nbsp;me permet une succession de couches qui produit la transparence et la texture souhait\u00e9es. J&#8217;affectionne \u00e9galement la richesse, la douceur et la spontan\u00e9it\u00e9 du pastel.<\/p>\n<p>Rechercher les atmosph\u00e8res et les \u00e9motions, tout en proposant une interpr\u00e9tation subtile o\u00f9 la lumi\u00e8re est la ligne directrice, sont les moteurs de ma cr\u00e9ativit\u00e9.<\/p>\n<p>La peinture pour moi est une fa\u00e7on de me r\u00e9aliser et c&#8217;est par elle que je souhaite transmettre l&#8217;\u00e9motion ressentie.<\/p>\n<h2>Prochaines expositions<\/h2>\n<p>Visit&#8217;Art Qu\u00e9bec: 15-16 juin 2024<\/p>\n<h2>Formation<\/h2>\n\n<table id=\"tablepress-2\" class=\"tablepress tablepress-id-2\">\n<thead>\n<tr class=\"row-1\">\n\t<th class=\"column-1\">Ann\u00e9e<\/th><th class=\"column-2\">Institution\/Professeur<\/th><th class=\"column-3\">Programme<\/th>\n<\/tr>\n<\/thead>\n<tbody class=\"row-striping\">\n<tr class=\"row-2\">\n\t<td class=\"column-1\">2021<\/td><td class=\"column-2\">Achilles Kouam\u00e9<\/td><td class=\"column-3\">Sc\u00e8nes de vie<\/td>\n<\/tr>\n<tr class=\"row-3\">\n\t<td class=\"column-1\">2019<\/td><td class=\"column-2\">Siddick Nuckcheddy<\/td><td class=\"column-3\">Atelier de Pastel sec<\/td>\n<\/tr>\n<tr class=\"row-4\">\n\t<td class=\"column-1\">2019<\/td><td class=\"column-2\">Richard Mc Kindley<\/td><td class=\"column-3\">Stage de pastel sec<\/td>\n<\/tr>\n<tr class=\"row-5\">\n\t<td class=\"column-1\">2017-2019<\/td><td class=\"column-2\">Suzanne Godbout<\/td><td class=\"column-3\">Cours de pastel sec<\/td>\n<\/tr>\n<tr class=\"row-6\">\n\t<td class=\"column-1\">2015-2016<\/td><td class=\"column-2\">Beata Tyrala<\/td><td class=\"column-3\">Cours de mod\u00e8le vivant <\/td>\n<\/tr>\n<tr class=\"row-7\">\n\t<td class=\"column-1\">2010-2011 <\/td><td class=\"column-2\">Fran\u00e7oise Falardeau<\/td><td class=\"column-3\">Coaching \u00e0 l\u2019acrylique<\/td>\n<\/tr>\n<tr class=\"row-8\">\n\t<td class=\"column-1\">2000-2003, 2007 <\/td><td class=\"column-2\">Pierrette Voghel<\/td><td class=\"column-3\">Cours d\u2019aquarelle<\/td>\n<\/tr>\n<tr class=\"row-9\">\n\t<td class=\"column-1\">1993-1994 <\/td><td class=\"column-2\">L\u00e9a Rivi\u00e8re<\/td><td class=\"column-3\">Cours de mod\u00e8le vivant, dessin et aquarelle  <\/td>\n<\/tr>\n<\/tbody>\n<\/table>\n<!-- #tablepress-2 from cache -->\n<h2>Expositions<\/h2>\n\n<table id=\"tablepress-3\" class=\"tablepress tablepress-id-3 tbody-has-connected-cells\">\n<thead>\n<tr class=\"row-1\">\n\t<th class=\"column-1\">Ann\u00e9e<\/th><th class=\"column-2\">Nom<\/th><th class=\"column-3\">Endroit<\/th>\n<\/tr>\n<\/thead>\n<tbody class=\"row-striping\">\n<tr class=\"row-2\">\n\t<td colspan=\"3\" class=\"column-1\">Individuelles<\/td>\n<\/tr>\n<tr class=\"row-3\">\n\t<td class=\"column-1\">2018<\/td><td class=\"column-2\">Corrid'Art<\/td><td class=\"column-3\">Mont-Saint-Hilaire<\/td>\n<\/tr>\n<tr class=\"row-4\">\n\t<td class=\"column-1\">2014-2013<\/td><td class=\"column-2\">Centre \u00e9questre Chevignon<\/td><td class=\"column-3\">Saint-Jude<\/td>\n<\/tr>\n<tr class=\"row-5\">\n\t<td class=\"column-1\">2013<\/td><td class=\"column-2\">Remax\/Actif <\/td><td class=\"column-3\">Saint-Bruno-de-Montarville<\/td>\n<\/tr>\n<tr class=\"row-6\">\n\t<td colspan=\"3\" class=\"column-1\">Collectives<\/td>\n<\/tr>\n<tr class=\"row-7\">\n\t<td class=\"column-1\">2024,2015<\/td><td class=\"column-2\">Visit'Art<\/td><td class=\"column-3\">Qu\u00e9bec<\/td>\n<\/tr>\n<tr class=\"row-8\">\n\t<td class=\"column-1\">2023,2022<\/td><td class=\"column-2\">Artistes en F\u00eate<\/td><td class=\"column-3\">Sainte-Flavie<\/td>\n<\/tr>\n<tr class=\"row-9\">\n\t<td class=\"column-1\">2023,2022,2013\u00e02019,2011<\/td><td class=\"column-2\">Exposition concours automnale de l\u2019AAPARS<\/td><td class=\"column-3\">Saint-Bruno-de-Montarville<\/td>\n<\/tr>\n<tr class=\"row-10\">\n\t<td class=\"column-1\">2022.2020,2018,2014<\/td><td class=\"column-2\">Festival de peinture de Mascouche<\/td><td class=\"column-3\">Mascouche<\/td>\n<\/tr>\n<tr class=\"row-11\">\n\t<td class=\"column-1\">2022<\/td><td class=\"column-2\">Artistes de coeur<\/td><td class=\"column-3\">Saint-Lambert<\/td>\n<\/tr>\n<tr class=\"row-12\">\n\t<td class=\"column-1\">2022,2020,2019<\/td><td class=\"column-2\">Circuit des Arts<\/td><td class=\"column-3\">Saint-Bruno-de-Montarville<\/td>\n<\/tr>\n<tr class=\"row-13\">\n\t<td class=\"column-1\">2022, 2020, 2019, 2016<\/td><td class=\"column-2\">Galerie AAPARS<\/td><td class=\"column-3\">Boucherville, La Prairie, Quartier Dix 30, Brossard<br \/>\n<\/td>\n<\/tr>\n<tr class=\"row-14\">\n\t<td class=\"column-1\">2021<\/td><td class=\"column-2\">Rendez-vous des artistes<\/td><td class=\"column-3\">Saint-L\u00e9onard, NB<\/td>\n<\/tr>\n<tr class=\"row-15\">\n\t<td class=\"column-1\">2020<\/td><td class=\"column-2\">150 Variations <br \/>\nMus\u00e9e-des-beaux-arts<\/td><td class=\"column-3\">Mont-Saint-Hilaire<\/td>\n<\/tr>\n<tr class=\"row-16\">\n\t<td class=\"column-1\">2020<\/td><td class=\"column-2\">Pastel toujours, Psec<\/td><td class=\"column-3\">Trois-Rivi\u00e8res<\/td>\n<\/tr>\n<tr class=\"row-17\">\n\t<td class=\"column-1\">2019<\/td><td class=\"column-2\">Pastel toujours, Psec<\/td><td class=\"column-3\">Qu\u00e9bec<\/td>\n<\/tr>\n<tr class=\"row-18\">\n\t<td class=\"column-1\">2018<\/td><td class=\"column-2\">Les Pastellistes<\/td><td class=\"column-3\">Galerie le Hang'art, Mtl<\/td>\n<\/tr>\n<tr class=\"row-19\">\n\t<td class=\"column-1\">2018<\/td><td class=\"column-2\">Expo concours<\/td><td class=\"column-3\">La Prairie<\/td>\n<\/tr>\n<tr class=\"row-20\">\n\t<td class=\"column-1\">2018<\/td><td class=\"column-2\">Pastel toujours<\/td><td class=\"column-3\">Victoriaville<\/td>\n<\/tr>\n<tr class=\"row-21\">\n\t<td class=\"column-1\">2018<\/td><td class=\"column-2\">Galerie Arts Sutton<\/td><td class=\"column-3\">Sutton<\/td>\n<\/tr>\n<tr class=\"row-22\">\n\t<td class=\"column-1\">2018,2017,2016,2013<\/td><td class=\"column-2\">Exposition printani\u00e8re de l'AAPARS<\/td><td class=\"column-3\">Quatier dix30, Brossard, Mont-Saint-Hilaire<\/td>\n<\/tr>\n<tr class=\"row-23\">\n\t<td class=\"column-1\">2017<\/td><td class=\"column-2\">La nature en h\u00e9ritage,<br \/>\nMus\u00e9e des beaux Arts de Mt-St-Hilaire<\/td><td class=\"column-3\">Mont-Saint-Hilaire<\/td>\n<\/tr>\n<tr class=\"row-24\">\n\t<td class=\"column-1\">2017<\/td><td class=\"column-2\">Galerie Equus<\/td><td class=\"column-3\">Dunham<\/td>\n<\/tr>\n<tr class=\"row-25\">\n\t<td class=\"column-1\">2016<\/td><td class=\"column-2\">\u00c9curie Petite Fleurs des Alpes<\/td><td class=\"column-3\">St-Mathias<\/td>\n<\/tr>\n<tr class=\"row-26\">\n\t<td class=\"column-1\">2015<\/td><td class=\"column-2\">20e anniversaire des Concours hippiques du parc<\/td><td class=\"column-3\">Blainville<\/td>\n<\/tr>\n<tr class=\"row-27\">\n\t<td class=\"column-1\">2015-2012<\/td><td class=\"column-2\">\u00c9questra, hommage au cheval<\/td><td class=\"column-3\">Blainville<\/td>\n<\/tr>\n<tr class=\"row-28\">\n\t<td class=\"column-1\">2014,2012<\/td><td class=\"column-2\">Salon de No\u00ebl \u00e0 la FMV<\/td><td class=\"column-3\">Saint-Hyacinthe<\/td>\n<\/tr>\n<tr class=\"row-29\">\n\t<td class=\"column-1\">2014<\/td><td class=\"column-2\">''Ensemble pour l'art'' Galerie Dosha<\/td><td class=\"column-3\">Beloeil<\/td>\n<\/tr>\n<tr class=\"row-30\">\n\t<td class=\"column-1\">2014<\/td><td class=\"column-2\">Centre d'arts visuels de Magog<\/td><td class=\"column-3\">Magog<\/td>\n<\/tr>\n<tr class=\"row-31\">\n\t<td class=\"column-1\">2014<\/td><td class=\"column-2\">Symposium EstivArts<\/td><td class=\"column-3\">Magog<\/td>\n<\/tr>\n<tr class=\"row-32\">\n\t<td class=\"column-1\">2014-2011<\/td><td class=\"column-2\">Exposition printani\u00e8re de l'ALPB<\/td><td class=\"column-3\">Beloeil<\/td>\n<\/tr>\n<tr class=\"row-33\">\n\t<td class=\"column-1\">2013<\/td><td class=\"column-2\">Foire artistique du temps des F\u00eates \u00e0 la Galerie Dosha<\/td><td class=\"column-3\">Beloeil<\/td>\n<\/tr>\n<tr class=\"row-34\">\n\t<td class=\"column-1\">2013<\/td><td class=\"column-2\">Exposition d'Ouverture \u00e0 la Galerie Dosha<\/td><td class=\"column-3\">Beloeil<\/td>\n<\/tr>\n<tr class=\"row-35\">\n\t<td class=\"column-1\">2013<\/td><td class=\"column-2\">15e anniversaire de l'Association qu\u00e9b\u00e9coise du cheval canadien<\/td><td class=\"column-3\">Granby<\/td>\n<\/tr>\n<tr class=\"row-36\">\n\t<td class=\"column-1\">2012<\/td><td class=\"column-2\">Exposition Dilettante<\/td><td class=\"column-3\">Beloeil<\/td>\n<\/tr>\n<tr class=\"row-37\">\n\t<td class=\"column-1\">2012<\/td><td class=\"column-2\">Concours annuel de la CFRSM<\/td><td class=\"column-3\">Longueuil<\/td>\n<\/tr>\n<tr class=\"row-38\">\n\t<td class=\"column-1\">2012<\/td><td class=\"column-2\">Exposition de l'AAPARS au Promenades Saint-Bruno<\/td><td class=\"column-3\">Saint-Bruno-de-Montarville<\/td>\n<\/tr>\n<tr class=\"row-39\">\n\t<td class=\"column-1\">2012<\/td><td class=\"column-2\">Maison de la culture<\/td><td class=\"column-3\">Contrecoeur<\/td>\n<\/tr>\n<tr class=\"row-40\">\n\t<td class=\"column-1\">2011-2010<\/td><td class=\"column-2\">Exposition de No\u00ebl de l'ALPB<\/td><td class=\"column-3\">Beloeil<\/td>\n<\/tr>\n<tr class=\"row-41\">\n\t<td class=\"column-1\"><\/td><td class=\"column-2\"><\/td><td class=\"column-3\"><\/td>\n<\/tr>\n<tr class=\"row-42\">\n\t<td class=\"column-1\"><\/td><td class=\"column-2\"><\/td><td class=\"column-3\"><\/td>\n<\/tr>\n<\/tbody>\n<\/table>\n<!-- #tablepress-3 from cache -->\n<h2>Galeries<\/h2>\n\n<table id=\"tablepress-4\" class=\"tablepress tablepress-id-4\">\n<thead>\n<tr class=\"row-1\">\n\t<th class=\"column-1\">Nom de la galerie<\/th><th class=\"column-2\">Lieu<\/th>\n<\/tr>\n<\/thead>\n<tbody class=\"row-striping\">\n<tr class=\"row-2\">\n\t<td class=\"column-1\">Galerie Dosha<\/td><td class=\"column-2\">Beloeil, Qc<\/td>\n<\/tr>\n<tr class=\"row-3\">\n\t<td class=\"column-1\">Galerie Equius<\/td><td class=\"column-2\">Dunham, Qc<\/td>\n<\/tr>\n<\/tbody>\n<\/table>\n<!-- #tablepress-4 from cache -->\n<h2>Reconnaissances<\/h2>\n\n<table id=\"tablepress-5\" class=\"tablepress tablepress-id-5\">\n<thead>\n<tr class=\"row-1\">\n\t<th class=\"column-1\">Ann\u00e9e<\/th><th class=\"column-2\">Nom<\/th><th class=\"column-3\">Endroit de remise<\/th>\n<\/tr>\n<\/thead>\n<tbody class=\"row-striping\">\n<tr class=\"row-2\">\n\t<td class=\"column-1\">2020<\/td><td class=\"column-2\">2e prix en art r\u00e9aliste figuratif<\/td><td class=\"column-3\">Festival des arts de Mascouche<\/td>\n<\/tr>\n<tr class=\"row-3\">\n\t<td class=\"column-1\">2019<\/td><td class=\"column-2\">Mention honorable<\/td><td class=\"column-3\">Pastel toujours, Psec<\/td>\n<\/tr>\n<tr class=\"row-4\">\n\t<td class=\"column-1\">2018<\/td><td class=\"column-2\">Mention honorifique<\/td><td class=\"column-3\">Expo concours automnale de l' AAPARS <\/td>\n<\/tr>\n<tr class=\"row-5\">\n\t<td class=\"column-1\">2014<\/td><td class=\"column-2\">1er prix Coup de c\u0153ur du public<\/td><td class=\"column-3\">Symposium EstivArts de Magog<\/td>\n<\/tr>\n<tr class=\"row-6\">\n\t<td class=\"column-1\">2014<\/td><td class=\"column-2\">Mention du public<\/td><td class=\"column-3\">Exposition du printemps de l\u2019ALPB<\/td>\n<\/tr>\n<tr class=\"row-7\">\n\t<td class=\"column-1\">2013<\/td><td class=\"column-2\">3e prix en art figuratif<\/td><td class=\"column-3\">Expo concours automnale de l' AAPARS <\/td>\n<\/tr>\n<tr class=\"row-8\">\n\t<td class=\"column-1\">2013<\/td><td class=\"column-2\">Mention du public, huile et acrylique<\/td><td class=\"column-3\">Exposition du printemps de l\u2019ALPB<\/td>\n<\/tr>\n<\/tbody>\n<\/table>\n<!-- #tablepress-5 from cache -->\n<h2>M\u00e9dias<\/h2>\n\n<table id=\"tablepress-7\" class=\"tablepress tablepress-id-7\">\n<thead>\n<tr class=\"row-1\">\n\t<th class=\"column-1\">Ann\u00e9e<\/th><th class=\"column-2\">Titre<\/th><th class=\"column-3\">Auteur<\/th><th class=\"column-4\">Source<\/th>\n<\/tr>\n<\/thead>\n<tbody class=\"row-striping\">\n<tr class=\"row-2\">\n\t<td class=\"column-1\">2019<\/td><td class=\"column-2\">Les gens qui font l'\u00e9v\u00e9nement<\/td><td class=\"column-3\">AAPARS<\/td><td class=\"column-4\">Magazin'Art, Hiver 2019 no122, vol 31<\/td>\n<\/tr>\n<tr class=\"row-3\">\n\t<td class=\"column-1\">2014<\/td><td class=\"column-2\">Le coup de c\u0153ur du public remis \u00e0 France Godbout<\/td><td class=\"column-3\">Dany Jacques<\/td><td class=\"column-4\">Le Reflet du Lac.com, publi\u00e9 le 11 ao\u00fbt 2014<\/td>\n<\/tr>\n<tr class=\"row-4\">\n\t<td class=\"column-1\">2014<\/td><td class=\"column-2\">Un vernissage remarquable, un succ\u00e8s in\u00e9gal\u00e9.<\/td><td class=\"column-3\">AAPARS<\/td><td class=\"column-4\">Magazin'Art, Les gens qui font l'\u00e9v\u00e9nement, Hiver 2014 p.34<\/td>\n<\/tr>\n<tr class=\"row-5\">\n\t<td class=\"column-1\">2013<\/td><td class=\"column-2\">Un vernissage remarquable, un succ\u00e8s in\u00e9gal\u00e9.<\/td><td class=\"column-3\">AAPARS<\/td><td class=\"column-4\">Journal L'\u0152il r\u00e9gional, 27  nov. 2013<\/td>\n<\/tr>\n<tr class=\"row-6\">\n\t<td class=\"column-1\">2013<\/td><td class=\"column-2\">Grand succ\u00e8s de l'exposition concours des artistes peintres<\/td><td class=\"column-3\">AAPARS<\/td><td class=\"column-4\">Journal de Saint-Bruno, 27 nov. 2013<\/td>\n<\/tr>\n<tr class=\"row-7\">\n\t<td class=\"column-1\">2013<\/td><td class=\"column-2\">Micheline Godin et France Godbout exposent en duo<\/td><td class=\"column-3\">Frank Rodi<\/td><td class=\"column-4\">www.versants.com, 13 nov. 2013<\/td>\n<\/tr>\n<\/tbody>\n<\/table>\n<!-- #tablepress-7 from cache -->\n<h2>Autres informations<\/h2>\n<p>Informations suppl\u00e9mentaires. Directrice au recrutement de l&#8217;AAPARS<\/p>\n","protected":false},"excerpt":{"rendered":"<p>D\u00e9marche L&#8217;activit\u00e9 privil\u00e9gi\u00e9e de mon enfance se r\u00e9sumait au bricolage et \u00e0 l\u2019application de la couleur sur du papier. Par la suite, ma formation en biologie confirme mon amour pour la nature et le vivant. Depuis ma retraite en juin 2009,&nbsp; je partage mon temps entre la photographie, la peinture et l\u2019exploration en nature. Par &#8230; <\/p>\n<p class=\"read-more-container\"><a title=\"France Godbout\" class=\"read-more button\" href=\"https:\/\/aapars.com\/france-godbout\/#more-2\" aria-label=\"En savoir plus sur France Godbout\">Lire plus<\/a><\/p>\n","protected":false},"author":612,"featured_media":0,"parent":0,"menu_order":0,"comment_status":"closed","ping_status":"closed","template":"","meta":{"_s2mail":"yes","ngg_post_thumbnail":0,"iawp_total_views":178,"footnotes":""},"class_list":["post-2","page","type-page","status-publish"],"yoast_head":"<!-- This site is optimized with the Yoast SEO plugin v27.5 - https:\/\/yoast.com\/product\/yoast-seo-wordpress\/ -->\n<title>France Godbout - France Godbout - Un site utilisant R\u00e9seau AAPARS et galeries virtuelles<\/title>\n<meta name=\"description\" content=\"D\u00e9marche L&#039;activit\u00e9 privil\u00e9gi\u00e9e de mon enfance se r\u00e9sumait au bricolage et \u00e0 l\u2019application de la couleur sur du papier. Par la suite, ma formation en\" \/>\n<meta name=\"robots\" content=\"index, follow, max-snippet:-1, max-image-preview:large, max-video-preview:-1\" \/>\n<link rel=\"canonical\" href=\"https:\/\/aapars.com\/france-godbout\/\" \/>\n<meta property=\"og:locale\" content=\"fr_FR\" \/>\n<meta property=\"og:type\" content=\"article\" \/>\n<meta property=\"og:title\" content=\"France Godbout - France Godbout - Un site utilisant R\u00e9seau AAPARS et galeries virtuelles\" \/>\n<meta property=\"og:description\" content=\"D\u00e9marche L&#039;activit\u00e9 privil\u00e9gi\u00e9e de mon enfance se r\u00e9sumait au bricolage et \u00e0 l\u2019application de la couleur sur du papier. Par la suite, ma formation en\" \/>\n<meta property=\"og:url\" content=\"https:\/\/aapars.com\/france-godbout\/\" \/>\n<meta property=\"og:site_name\" content=\"France Godbout\" \/>\n<meta property=\"article:modified_time\" content=\"2024-03-26T19:51:38+00:00\" \/>\n<meta property=\"og:image\" content=\"https:\/\/aapars.com\/france-godbout\/files\/2010\/10\/IMG_0816CWEBAAPARS72-200x200.jpg\" \/>\n<meta name=\"twitter:label1\" content=\"Dur\u00e9e de lecture estim\u00e9e\" \/>\n\t<meta name=\"twitter:data1\" content=\"2 minutes\" \/>\n<script type=\"application\/ld+json\" class=\"yoast-schema-graph\">{\"@context\":\"https:\\\/\\\/schema.org\",\"@graph\":[{\"@type\":\"WebPage\",\"@id\":\"https:\\\/\\\/aapars.com\\\/france-godbout\\\/\",\"url\":\"https:\\\/\\\/aapars.com\\\/france-godbout\\\/\",\"name\":\"France Godbout - France Godbout - Un site utilisant R\u00e9seau AAPARS et galeries virtuelles\",\"isPartOf\":{\"@id\":\"https:\\\/\\\/aapars.com\\\/france-godbout\\\/#website\"},\"primaryImageOfPage\":{\"@id\":\"https:\\\/\\\/aapars.com\\\/france-godbout\\\/#primaryimage\"},\"image\":{\"@id\":\"https:\\\/\\\/aapars.com\\\/france-godbout\\\/#primaryimage\"},\"thumbnailUrl\":\"https:\\\/\\\/aapars.com\\\/france-godbout\\\/files\\\/2010\\\/10\\\/IMG_0816CWEBAAPARS72-200x200.jpg\",\"datePublished\":\"2010-10-03T05:11:36+00:00\",\"dateModified\":\"2024-03-26T19:51:38+00:00\",\"description\":\"D\u00e9marche L'activit\u00e9 privil\u00e9gi\u00e9e de mon enfance se r\u00e9sumait au bricolage et \u00e0 l\u2019application de la couleur sur du papier. Par la suite, ma formation en\",\"breadcrumb\":{\"@id\":\"https:\\\/\\\/aapars.com\\\/france-godbout\\\/#breadcrumb\"},\"inLanguage\":\"fr-FR\",\"potentialAction\":[{\"@type\":\"ReadAction\",\"target\":[\"https:\\\/\\\/aapars.com\\\/france-godbout\\\/\"]}]},{\"@type\":\"ImageObject\",\"inLanguage\":\"fr-FR\",\"@id\":\"https:\\\/\\\/aapars.com\\\/france-godbout\\\/#primaryimage\",\"url\":\"https:\\\/\\\/aapars.com\\\/france-godbout\\\/files\\\/2010\\\/10\\\/IMG_0816CWEBAAPARS72.jpg\",\"contentUrl\":\"https:\\\/\\\/aapars.com\\\/france-godbout\\\/files\\\/2010\\\/10\\\/IMG_0816CWEBAAPARS72.jpg\",\"width\":538,\"height\":600},{\"@type\":\"BreadcrumbList\",\"@id\":\"https:\\\/\\\/aapars.com\\\/france-godbout\\\/#breadcrumb\",\"itemListElement\":[{\"@type\":\"ListItem\",\"position\":1,\"name\":\"Accueil\",\"item\":\"https:\\\/\\\/aapars.com\\\/france-godbout\\\/\"},{\"@type\":\"ListItem\",\"position\":2,\"name\":\"France Godbout\"}]},{\"@type\":\"WebSite\",\"@id\":\"https:\\\/\\\/aapars.com\\\/france-godbout\\\/#website\",\"url\":\"https:\\\/\\\/aapars.com\\\/france-godbout\\\/\",\"name\":\"France Godbout\",\"description\":\"Un site utilisant R\u00e9seau AAPARS et galeries virtuelles\",\"publisher\":{\"@id\":\"https:\\\/\\\/aapars.com\\\/france-godbout\\\/#organization\"},\"potentialAction\":[{\"@type\":\"SearchAction\",\"target\":{\"@type\":\"EntryPoint\",\"urlTemplate\":\"https:\\\/\\\/aapars.com\\\/france-godbout\\\/?s={search_term_string}\"},\"query-input\":{\"@type\":\"PropertyValueSpecification\",\"valueRequired\":true,\"valueName\":\"search_term_string\"}}],\"inLanguage\":\"fr-FR\"},{\"@type\":\"Organization\",\"@id\":\"https:\\\/\\\/aapars.com\\\/france-godbout\\\/#organization\",\"name\":\"France Godbout\",\"url\":\"https:\\\/\\\/aapars.com\\\/france-godbout\\\/\",\"logo\":{\"@type\":\"ImageObject\",\"inLanguage\":\"fr-FR\",\"@id\":\"https:\\\/\\\/aapars.com\\\/france-godbout\\\/#\\\/schema\\\/logo\\\/image\\\/\",\"url\":\"https:\\\/\\\/aapars.com\\\/france-godbout\\\/files\\\/2012\\\/04\\\/logo-aapars-@2x.png\",\"contentUrl\":\"https:\\\/\\\/aapars.com\\\/france-godbout\\\/files\\\/2012\\\/04\\\/logo-aapars-@2x.png\",\"width\":560,\"height\":306,\"caption\":\"France Godbout\"},\"image\":{\"@id\":\"https:\\\/\\\/aapars.com\\\/france-godbout\\\/#\\\/schema\\\/logo\\\/image\\\/\"}}]}<\/script>\n<!-- \/ Yoast SEO plugin. -->","yoast_head_json":{"title":"France Godbout - France Godbout - Un site utilisant R\u00e9seau AAPARS et galeries virtuelles","description":"D\u00e9marche L'activit\u00e9 privil\u00e9gi\u00e9e de mon enfance se r\u00e9sumait au bricolage et \u00e0 l\u2019application de la couleur sur du papier. Par la suite, ma formation en","robots":{"index":"index","follow":"follow","max-snippet":"max-snippet:-1","max-image-preview":"max-image-preview:large","max-video-preview":"max-video-preview:-1"},"canonical":"https:\/\/aapars.com\/france-godbout\/","og_locale":"fr_FR","og_type":"article","og_title":"France Godbout - France Godbout - Un site utilisant R\u00e9seau AAPARS et galeries virtuelles","og_description":"D\u00e9marche L'activit\u00e9 privil\u00e9gi\u00e9e de mon enfance se r\u00e9sumait au bricolage et \u00e0 l\u2019application de la couleur sur du papier. Par la suite, ma formation en","og_url":"https:\/\/aapars.com\/france-godbout\/","og_site_name":"France Godbout","article_modified_time":"2024-03-26T19:51:38+00:00","og_image":[{"url":"https:\/\/aapars.com\/france-godbout\/files\/2010\/10\/IMG_0816CWEBAAPARS72-200x200.jpg","type":"","width":"","height":""}],"twitter_misc":{"Dur\u00e9e de lecture estim\u00e9e":"2 minutes"},"schema":{"@context":"https:\/\/schema.org","@graph":[{"@type":"WebPage","@id":"https:\/\/aapars.com\/france-godbout\/","url":"https:\/\/aapars.com\/france-godbout\/","name":"France Godbout - France Godbout - Un site utilisant R\u00e9seau AAPARS et galeries virtuelles","isPartOf":{"@id":"https:\/\/aapars.com\/france-godbout\/#website"},"primaryImageOfPage":{"@id":"https:\/\/aapars.com\/france-godbout\/#primaryimage"},"image":{"@id":"https:\/\/aapars.com\/france-godbout\/#primaryimage"},"thumbnailUrl":"https:\/\/aapars.com\/france-godbout\/files\/2010\/10\/IMG_0816CWEBAAPARS72-200x200.jpg","datePublished":"2010-10-03T05:11:36+00:00","dateModified":"2024-03-26T19:51:38+00:00","description":"D\u00e9marche L'activit\u00e9 privil\u00e9gi\u00e9e de mon enfance se r\u00e9sumait au bricolage et \u00e0 l\u2019application de la couleur sur du papier. Par la suite, ma formation en","breadcrumb":{"@id":"https:\/\/aapars.com\/france-godbout\/#breadcrumb"},"inLanguage":"fr-FR","potentialAction":[{"@type":"ReadAction","target":["https:\/\/aapars.com\/france-godbout\/"]}]},{"@type":"ImageObject","inLanguage":"fr-FR","@id":"https:\/\/aapars.com\/france-godbout\/#primaryimage","url":"https:\/\/aapars.com\/france-godbout\/files\/2010\/10\/IMG_0816CWEBAAPARS72.jpg","contentUrl":"https:\/\/aapars.com\/france-godbout\/files\/2010\/10\/IMG_0816CWEBAAPARS72.jpg","width":538,"height":600},{"@type":"BreadcrumbList","@id":"https:\/\/aapars.com\/france-godbout\/#breadcrumb","itemListElement":[{"@type":"ListItem","position":1,"name":"Accueil","item":"https:\/\/aapars.com\/france-godbout\/"},{"@type":"ListItem","position":2,"name":"France Godbout"}]},{"@type":"WebSite","@id":"https:\/\/aapars.com\/france-godbout\/#website","url":"https:\/\/aapars.com\/france-godbout\/","name":"France Godbout","description":"Un site utilisant R\u00e9seau AAPARS et galeries virtuelles","publisher":{"@id":"https:\/\/aapars.com\/france-godbout\/#organization"},"potentialAction":[{"@type":"SearchAction","target":{"@type":"EntryPoint","urlTemplate":"https:\/\/aapars.com\/france-godbout\/?s={search_term_string}"},"query-input":{"@type":"PropertyValueSpecification","valueRequired":true,"valueName":"search_term_string"}}],"inLanguage":"fr-FR"},{"@type":"Organization","@id":"https:\/\/aapars.com\/france-godbout\/#organization","name":"France Godbout","url":"https:\/\/aapars.com\/france-godbout\/","logo":{"@type":"ImageObject","inLanguage":"fr-FR","@id":"https:\/\/aapars.com\/france-godbout\/#\/schema\/logo\/image\/","url":"https:\/\/aapars.com\/france-godbout\/files\/2012\/04\/logo-aapars-@2x.png","contentUrl":"https:\/\/aapars.com\/france-godbout\/files\/2012\/04\/logo-aapars-@2x.png","width":560,"height":306,"caption":"France Godbout"},"image":{"@id":"https:\/\/aapars.com\/france-godbout\/#\/schema\/logo\/image\/"}}]}},"_links":{"self":[{"href":"https:\/\/aapars.com\/france-godbout\/wp-json\/wp\/v2\/pages\/2","targetHints":{"allow":["GET"]}}],"collection":[{"href":"https:\/\/aapars.com\/france-godbout\/wp-json\/wp\/v2\/pages"}],"about":[{"href":"https:\/\/aapars.com\/france-godbout\/wp-json\/wp\/v2\/types\/page"}],"author":[{"embeddable":true,"href":"https:\/\/aapars.com\/france-godbout\/wp-json\/wp\/v2\/users\/612"}],"replies":[{"embeddable":true,"href":"https:\/\/aapars.com\/france-godbout\/wp-json\/wp\/v2\/comments?post=2"}],"version-history":[{"count":4,"href":"https:\/\/aapars.com\/france-godbout\/wp-json\/wp\/v2\/pages\/2\/revisions"}],"predecessor-version":[{"id":328,"href":"https:\/\/aapars.com\/france-godbout\/wp-json\/wp\/v2\/pages\/2\/revisions\/328"}],"wp:attachment":[{"href":"https:\/\/aapars.com\/france-godbout\/wp-json\/wp\/v2\/media?parent=2"}],"curies":[{"name":"wp","href":"https:\/\/api.w.org\/{rel}","templated":true}]}}