{"id":2,"date":"2010-10-03T05:11:36","date_gmt":"2010-10-03T09:11:36","guid":{"rendered":"https:\/\/aapars.com\/jacques-landry\/?page_id=2"},"modified":"2024-03-24T17:06:04","modified_gmt":"2024-03-24T21:06:04","slug":"accueil","status":"publish","type":"page","link":"https:\/\/aapars.com\/dominic-lemelin\/","title":{"rendered":"Dominic Lemelin"},"content":{"rendered":"<p><a href=\"https:\/\/aapars.com\/dominic-lemelin\/files\/2023\/11\/Dominic-Lemelin-e1699017891974.jpg\"><img loading=\"lazy\" decoding=\"async\" class=\"alignnone size-full wp-image-341\" src=\"https:\/\/aapars.com\/dominic-lemelin\/files\/2023\/11\/Dominic-Lemelin-e1699017891974.jpg\" alt=\"Dominic Lemelin\" width=\"150\" height=\"200\"\/><\/a><\/p>\n\n<table id=\"tablepress-1\" class=\"tablepress tablepress-id-1\">\n<tbody class=\"row-striping\">\n<tr class=\"row-1\">\n\t<td class=\"column-1\">Technique :<\/td><td class=\"column-2\">mixte, huile\/acrylique<\/td>\n<\/tr>\n<tr class=\"row-2\">\n\t<td class=\"column-1\">Affiliations professionelles :<\/td><td class=\"column-2\">AAPARS<\/td>\n<\/tr>\n<tr class=\"row-3\">\n\t<td class=\"column-1\">T\u00e9l\u00e9phone :<\/td><td class=\"column-2\">514-941-3470<\/td>\n<\/tr>\n<tr class=\"row-4\">\n\t<td class=\"column-1\">Courriel :<\/td><td class=\"column-2\"><a href=\"mailto:domlemelin@hotmail.com\">domlemelin@hotmail.com<\/a><\/td>\n<\/tr>\n<tr class=\"row-5\">\n\t<td class=\"column-1\">Site Internet :<\/td><td class=\"column-2\"><a href=\"https:\/\/aapars.com\/dominic-lemelin\/\" rel=\"noopener\" target=\"_blank\">\/\/aapars.com\/dominic-lemelin\/<\/a><\/td>\n<\/tr>\n<\/tbody>\n<\/table>\n<!-- #tablepress-1 from cache -->\n<h2>D\u00e9marche<\/h2>\n<p>Je demeure \u00e0 St-Basile-Le-Grand depuis mon enfance. Ayant toujours \u00e9t\u00e9 en contact avec les arts, mon cheminement a d\u00e9but\u00e9 avec la musique. J&#8217;ai fait mes \u00e9tudes en musique (guitare classique) au c\u00e9gep de St-Laurent. Pour ce qui est des arts visuels, c&#8217;est gr\u00e2ce \u00e0 ma fille que j&#8217;ai eu la chance de go\u00fbter \u00e0 ce merveilleux monde. \u00c0 l&#8217;\u00e2ge de 4 ans environ, elle dessinait \u00e0 la table et j&#8217;ai eu envie de vivre ce moment avec elle. C&#8217;est \u00e0 ce moment que la flamme est n\u00e9e. Depuis ce jour, j&#8217;exp\u00e9rimente et fait des d\u00e9couvertes gr\u00e2ce aux couleurs que nous offre la vie.<\/p>\n<p>Le mouvement a toujours fait partie de ma vie et il influence directement mes toiles. Ombre, lumi\u00e8re et courbe sont int\u00e9gr\u00e9s \u00e0 mes projets. Ma d\u00e9marche a d\u00e9but\u00e9 avec la peinture acrylique pour ensuite se diriger vers l&#8217;huile. Aujourd&#8217;hui, je commence bien souvent mon fond \u00e0 l&#8217;acrylique, pour y ajouter ensuite, mon sujet principal \u00e0 la peinture \u00e0 l&#8217;huile. Il m&#8217;arrive aussi d&#8217;utiliser des mat\u00e9riaux comme le tissu, le sable ou ce qui m&#8217;inspire dans le moment pour r\u00e9pondre au besoin de ma cr\u00e9ation. Si je peux partager mon art, mes \u00e9motions et ma paix int\u00e9rieur \u00e0 travers mes toiles, ma mission d&#8217;artiste sera r\u00e9ussi.<\/p>\n<h1>Formation<\/h1>\n\n<table id=\"tablepress-2\" class=\"tablepress tablepress-id-2\">\n<thead>\n<tr class=\"row-1\">\n\t<th class=\"column-1\">Ann\u00e9e<\/th><th class=\"column-2\">Institution\/Professeur<\/th><th class=\"column-3\">Programme<\/th>\n<\/tr>\n<\/thead>\n<tbody class=\"row-striping\">\n<tr class=\"row-2\">\n\t<td class=\"column-1\">2013-2016<\/td><td class=\"column-2\">Pratt Whitney Canada\/Jacques Downs<\/td><td class=\"column-3\">introduction \u00e0 la peinture<\/td>\n<\/tr>\n<\/tbody>\n<\/table>\n<!-- #tablepress-2 from cache -->\n<h2>Expositions<\/h2>\n\n<table id=\"tablepress-3\" class=\"tablepress tablepress-id-3 tbody-has-connected-cells\">\n<thead>\n<tr class=\"row-1\">\n\t<th class=\"column-1\">Ann\u00e9e<\/th><th class=\"column-2\">Nom<\/th><th class=\"column-3\">Endroit<\/th>\n<\/tr>\n<\/thead>\n<tbody class=\"row-striping\">\n<tr class=\"row-2\">\n\t<td colspan=\"3\" class=\"column-1\">Collectives<\/td>\n<\/tr>\n<tr class=\"row-3\">\n\t<td class=\"column-1\">2018<\/td><td class=\"column-2\">Expo PWC<\/td><td class=\"column-3\">centre Recherche et D\u00e9velop. de PWC longueuil<\/td>\n<\/tr>\n<tr class=\"row-4\">\n\t<td class=\"column-1\">2015<\/td><td class=\"column-2\">Expo PWC<\/td><td class=\"column-3\">La maison K\u00e9part longueuil<\/td>\n<\/tr>\n<\/tbody>\n<\/table>\n<!-- #tablepress-3 from cache -->\n<h2>Reconnaissances<\/h2>\n\n<table id=\"tablepress-5\" class=\"tablepress tablepress-id-5\">\n<thead>\n<tr class=\"row-1\">\n\t<th class=\"column-1\">Ann\u00e9e<\/th><th class=\"column-2\">Nom<\/th><th class=\"column-3\">Endroit de remise<\/th>\n<\/tr>\n<\/thead>\n<tbody class=\"row-striping\">\n<tr class=\"row-2\">\n\t<td class=\"column-1\">2018<\/td><td class=\"column-2\">choix du public<\/td><td class=\"column-3\">Caisse Populaire St-Charles longueuil<\/td>\n<\/tr>\n<\/tbody>\n<\/table>\n<!-- #tablepress-5 from cache -->\n","protected":false},"excerpt":{"rendered":"<p>D\u00e9marche Je demeure \u00e0 St-Basile-Le-Grand depuis mon enfance. Ayant toujours \u00e9t\u00e9 en contact avec les arts, mon cheminement a d\u00e9but\u00e9 avec la musique. J&#8217;ai fait mes \u00e9tudes en musique (guitare classique) au c\u00e9gep de St-Laurent. Pour ce qui est des arts visuels, c&#8217;est gr\u00e2ce \u00e0 ma fille que j&#8217;ai eu la chance de go\u00fbter \u00e0 &#8230; <\/p>\n<p class=\"read-more-container\"><a title=\"Dominic Lemelin\" class=\"read-more button\" href=\"https:\/\/aapars.com\/dominic-lemelin\/#more-2\" aria-label=\"En savoir plus sur Dominic Lemelin\">Lire plus<\/a><\/p>\n","protected":false},"author":4043,"featured_media":0,"parent":0,"menu_order":0,"comment_status":"closed","ping_status":"closed","template":"","meta":{"_s2mail":"yes","ngg_post_thumbnail":0,"iawp_total_views":0,"footnotes":""},"class_list":["post-2","page","type-page","status-publish"],"yoast_head":"<!-- This site is optimized with the Yoast SEO plugin v27.3 - https:\/\/yoast.com\/product\/yoast-seo-wordpress\/ -->\n<title>Dominic Lemelin | Un site de la galerie virtuelle de l&#039;AAPARS<\/title>\n<meta name=\"description\" content=\"D\u00e9marche Je demeure \u00e0 St-Basile-Le-Grand depuis mon enfance. Ayant toujours \u00e9t\u00e9 en contact avec les arts, mon cheminement a d\u00e9but\u00e9 avec la musique. J&#039;ai\" \/>\n<meta name=\"robots\" content=\"index, follow, max-snippet:-1, max-image-preview:large, max-video-preview:-1\" \/>\n<link rel=\"canonical\" href=\"https:\/\/aapars.com\/dominic-lemelin\/\" \/>\n<meta property=\"og:locale\" content=\"fr_FR\" \/>\n<meta property=\"og:type\" content=\"article\" \/>\n<meta property=\"og:title\" content=\"Dominic Lemelin | Un site de la galerie virtuelle de l&#039;AAPARS\" \/>\n<meta property=\"og:description\" content=\"D\u00e9marche Je demeure \u00e0 St-Basile-Le-Grand depuis mon enfance. Ayant toujours \u00e9t\u00e9 en contact avec les arts, mon cheminement a d\u00e9but\u00e9 avec la musique. J&#039;ai\" \/>\n<meta property=\"og:url\" content=\"https:\/\/aapars.com\/dominic-lemelin\/\" \/>\n<meta property=\"og:site_name\" content=\"Dominic Lemelin\" \/>\n<meta property=\"article:modified_time\" content=\"2024-03-24T21:06:04+00:00\" \/>\n<meta property=\"og:image\" content=\"https:\/\/aapars.com\/dominic-lemelin\/files\/2023\/11\/Dominic-Lemelin-e1699017891974.jpg\" \/>\n<meta name=\"twitter:label1\" content=\"Dur\u00e9e de lecture estim\u00e9e\" \/>\n\t<meta name=\"twitter:data1\" content=\"2 minutes\" \/>\n<script type=\"application\/ld+json\" class=\"yoast-schema-graph\">{\"@context\":\"https:\\\/\\\/schema.org\",\"@graph\":[{\"@type\":\"WebPage\",\"@id\":\"https:\\\/\\\/aapars.com\\\/dominic-lemelin\\\/\",\"url\":\"https:\\\/\\\/aapars.com\\\/dominic-lemelin\\\/\",\"name\":\"Dominic Lemelin | Un site de la galerie virtuelle de l&#039;AAPARS\",\"isPartOf\":{\"@id\":\"https:\\\/\\\/aapars.com\\\/dominic-lemelin\\\/#website\"},\"primaryImageOfPage\":{\"@id\":\"https:\\\/\\\/aapars.com\\\/dominic-lemelin\\\/#primaryimage\"},\"image\":{\"@id\":\"https:\\\/\\\/aapars.com\\\/dominic-lemelin\\\/#primaryimage\"},\"thumbnailUrl\":\"https:\\\/\\\/aapars.com\\\/dominic-lemelin\\\/files\\\/2023\\\/11\\\/Dominic-Lemelin-e1699017891974.jpg\",\"datePublished\":\"2010-10-03T09:11:36+00:00\",\"dateModified\":\"2024-03-24T21:06:04+00:00\",\"description\":\"D\u00e9marche Je demeure \u00e0 St-Basile-Le-Grand depuis mon enfance. Ayant toujours \u00e9t\u00e9 en contact avec les arts, mon cheminement a d\u00e9but\u00e9 avec la musique. J'ai\",\"breadcrumb\":{\"@id\":\"https:\\\/\\\/aapars.com\\\/dominic-lemelin\\\/#breadcrumb\"},\"inLanguage\":\"fr-FR\",\"potentialAction\":[{\"@type\":\"ReadAction\",\"target\":[\"https:\\\/\\\/aapars.com\\\/dominic-lemelin\\\/\"]}]},{\"@type\":\"ImageObject\",\"inLanguage\":\"fr-FR\",\"@id\":\"https:\\\/\\\/aapars.com\\\/dominic-lemelin\\\/#primaryimage\",\"url\":\"https:\\\/\\\/aapars.com\\\/dominic-lemelin\\\/files\\\/2023\\\/11\\\/Dominic-Lemelin-e1699017891974.jpg\",\"contentUrl\":\"https:\\\/\\\/aapars.com\\\/dominic-lemelin\\\/files\\\/2023\\\/11\\\/Dominic-Lemelin-e1699017891974.jpg\",\"width\":150,\"height\":200,\"caption\":\"Dominic Lemelin\"},{\"@type\":\"BreadcrumbList\",\"@id\":\"https:\\\/\\\/aapars.com\\\/dominic-lemelin\\\/#breadcrumb\",\"itemListElement\":[{\"@type\":\"ListItem\",\"position\":1,\"name\":\"Accueil\",\"item\":\"https:\\\/\\\/aapars.com\\\/dominic-lemelin\\\/\"},{\"@type\":\"ListItem\",\"position\":2,\"name\":\"Dominic Lemelin\"}]},{\"@type\":\"WebSite\",\"@id\":\"https:\\\/\\\/aapars.com\\\/dominic-lemelin\\\/#website\",\"url\":\"https:\\\/\\\/aapars.com\\\/dominic-lemelin\\\/\",\"name\":\"Dominic Lemelin\",\"description\":\"Un site de la galerie virtuelle de l&#039;AAPARS\",\"publisher\":{\"@id\":\"https:\\\/\\\/aapars.com\\\/dominic-lemelin\\\/#\\\/schema\\\/person\\\/67e727643cc38d6d0d58bde5c504a2f5\"},\"potentialAction\":[{\"@type\":\"SearchAction\",\"target\":{\"@type\":\"EntryPoint\",\"urlTemplate\":\"https:\\\/\\\/aapars.com\\\/dominic-lemelin\\\/?s={search_term_string}\"},\"query-input\":{\"@type\":\"PropertyValueSpecification\",\"valueRequired\":true,\"valueName\":\"search_term_string\"}}],\"inLanguage\":\"fr-FR\"},{\"@type\":[\"Person\",\"Organization\"],\"@id\":\"https:\\\/\\\/aapars.com\\\/dominic-lemelin\\\/#\\\/schema\\\/person\\\/67e727643cc38d6d0d58bde5c504a2f5\",\"name\":\"Jean Test\",\"image\":{\"@type\":\"ImageObject\",\"inLanguage\":\"fr-FR\",\"@id\":\"https:\\\/\\\/aapars.com\\\/dominic-lemelin\\\/files\\\/2012\\\/04\\\/logo-aapars-@2x.png\",\"url\":\"https:\\\/\\\/aapars.com\\\/dominic-lemelin\\\/files\\\/2012\\\/04\\\/logo-aapars-@2x.png\",\"contentUrl\":\"https:\\\/\\\/aapars.com\\\/dominic-lemelin\\\/files\\\/2012\\\/04\\\/logo-aapars-@2x.png\",\"width\":560,\"height\":306,\"caption\":\"Jean Test\"},\"logo\":{\"@id\":\"https:\\\/\\\/aapars.com\\\/dominic-lemelin\\\/files\\\/2012\\\/04\\\/logo-aapars-@2x.png\"}}]}<\/script>\n<!-- \/ Yoast SEO plugin. -->","yoast_head_json":{"title":"Dominic Lemelin | Un site de la galerie virtuelle de l&#039;AAPARS","description":"D\u00e9marche Je demeure \u00e0 St-Basile-Le-Grand depuis mon enfance. Ayant toujours \u00e9t\u00e9 en contact avec les arts, mon cheminement a d\u00e9but\u00e9 avec la musique. J'ai","robots":{"index":"index","follow":"follow","max-snippet":"max-snippet:-1","max-image-preview":"max-image-preview:large","max-video-preview":"max-video-preview:-1"},"canonical":"https:\/\/aapars.com\/dominic-lemelin\/","og_locale":"fr_FR","og_type":"article","og_title":"Dominic Lemelin | Un site de la galerie virtuelle de l&#039;AAPARS","og_description":"D\u00e9marche Je demeure \u00e0 St-Basile-Le-Grand depuis mon enfance. Ayant toujours \u00e9t\u00e9 en contact avec les arts, mon cheminement a d\u00e9but\u00e9 avec la musique. J'ai","og_url":"https:\/\/aapars.com\/dominic-lemelin\/","og_site_name":"Dominic Lemelin","article_modified_time":"2024-03-24T21:06:04+00:00","og_image":[{"url":"https:\/\/aapars.com\/dominic-lemelin\/files\/2023\/11\/Dominic-Lemelin-e1699017891974.jpg","type":"","width":"","height":""}],"twitter_misc":{"Dur\u00e9e de lecture estim\u00e9e":"2 minutes"},"schema":{"@context":"https:\/\/schema.org","@graph":[{"@type":"WebPage","@id":"https:\/\/aapars.com\/dominic-lemelin\/","url":"https:\/\/aapars.com\/dominic-lemelin\/","name":"Dominic Lemelin | Un site de la galerie virtuelle de l&#039;AAPARS","isPartOf":{"@id":"https:\/\/aapars.com\/dominic-lemelin\/#website"},"primaryImageOfPage":{"@id":"https:\/\/aapars.com\/dominic-lemelin\/#primaryimage"},"image":{"@id":"https:\/\/aapars.com\/dominic-lemelin\/#primaryimage"},"thumbnailUrl":"https:\/\/aapars.com\/dominic-lemelin\/files\/2023\/11\/Dominic-Lemelin-e1699017891974.jpg","datePublished":"2010-10-03T09:11:36+00:00","dateModified":"2024-03-24T21:06:04+00:00","description":"D\u00e9marche Je demeure \u00e0 St-Basile-Le-Grand depuis mon enfance. Ayant toujours \u00e9t\u00e9 en contact avec les arts, mon cheminement a d\u00e9but\u00e9 avec la musique. J'ai","breadcrumb":{"@id":"https:\/\/aapars.com\/dominic-lemelin\/#breadcrumb"},"inLanguage":"fr-FR","potentialAction":[{"@type":"ReadAction","target":["https:\/\/aapars.com\/dominic-lemelin\/"]}]},{"@type":"ImageObject","inLanguage":"fr-FR","@id":"https:\/\/aapars.com\/dominic-lemelin\/#primaryimage","url":"https:\/\/aapars.com\/dominic-lemelin\/files\/2023\/11\/Dominic-Lemelin-e1699017891974.jpg","contentUrl":"https:\/\/aapars.com\/dominic-lemelin\/files\/2023\/11\/Dominic-Lemelin-e1699017891974.jpg","width":150,"height":200,"caption":"Dominic Lemelin"},{"@type":"BreadcrumbList","@id":"https:\/\/aapars.com\/dominic-lemelin\/#breadcrumb","itemListElement":[{"@type":"ListItem","position":1,"name":"Accueil","item":"https:\/\/aapars.com\/dominic-lemelin\/"},{"@type":"ListItem","position":2,"name":"Dominic Lemelin"}]},{"@type":"WebSite","@id":"https:\/\/aapars.com\/dominic-lemelin\/#website","url":"https:\/\/aapars.com\/dominic-lemelin\/","name":"Dominic Lemelin","description":"Un site de la galerie virtuelle de l&#039;AAPARS","publisher":{"@id":"https:\/\/aapars.com\/dominic-lemelin\/#\/schema\/person\/67e727643cc38d6d0d58bde5c504a2f5"},"potentialAction":[{"@type":"SearchAction","target":{"@type":"EntryPoint","urlTemplate":"https:\/\/aapars.com\/dominic-lemelin\/?s={search_term_string}"},"query-input":{"@type":"PropertyValueSpecification","valueRequired":true,"valueName":"search_term_string"}}],"inLanguage":"fr-FR"},{"@type":["Person","Organization"],"@id":"https:\/\/aapars.com\/dominic-lemelin\/#\/schema\/person\/67e727643cc38d6d0d58bde5c504a2f5","name":"Jean Test","image":{"@type":"ImageObject","inLanguage":"fr-FR","@id":"https:\/\/aapars.com\/dominic-lemelin\/files\/2012\/04\/logo-aapars-@2x.png","url":"https:\/\/aapars.com\/dominic-lemelin\/files\/2012\/04\/logo-aapars-@2x.png","contentUrl":"https:\/\/aapars.com\/dominic-lemelin\/files\/2012\/04\/logo-aapars-@2x.png","width":560,"height":306,"caption":"Jean Test"},"logo":{"@id":"https:\/\/aapars.com\/dominic-lemelin\/files\/2012\/04\/logo-aapars-@2x.png"}}]}},"_links":{"self":[{"href":"https:\/\/aapars.com\/dominic-lemelin\/wp-json\/wp\/v2\/pages\/2","targetHints":{"allow":["GET"]}}],"collection":[{"href":"https:\/\/aapars.com\/dominic-lemelin\/wp-json\/wp\/v2\/pages"}],"about":[{"href":"https:\/\/aapars.com\/dominic-lemelin\/wp-json\/wp\/v2\/types\/page"}],"author":[{"embeddable":true,"href":"https:\/\/aapars.com\/dominic-lemelin\/wp-json\/wp\/v2\/users\/4043"}],"replies":[{"embeddable":true,"href":"https:\/\/aapars.com\/dominic-lemelin\/wp-json\/wp\/v2\/comments?post=2"}],"version-history":[{"count":10,"href":"https:\/\/aapars.com\/dominic-lemelin\/wp-json\/wp\/v2\/pages\/2\/revisions"}],"predecessor-version":[{"id":383,"href":"https:\/\/aapars.com\/dominic-lemelin\/wp-json\/wp\/v2\/pages\/2\/revisions\/383"}],"wp:attachment":[{"href":"https:\/\/aapars.com\/dominic-lemelin\/wp-json\/wp\/v2\/media?parent=2"}],"curies":[{"name":"wp","href":"https:\/\/api.w.org\/{rel}","templated":true}]}}