{"id":30,"date":"2010-10-03T05:11:36","date_gmt":"2010-10-03T05:11:36","guid":{"rendered":"https:\/\/aapars.com\/jacques-landry\/?page_id=2"},"modified":"2026-03-09T13:39:56","modified_gmt":"2026-03-09T17:39:56","slug":"accueil","status":"publish","type":"page","link":"https:\/\/aapars.com\/danielle-molleur\/","title":{"rendered":"Danielle Molleur"},"content":{"rendered":"<h5>&nbsp;<\/h5>\n<p><img loading=\"lazy\" decoding=\"async\" class=\"alignnone wp-image-321 size-medium\" src=\"https:\/\/aapars.com\/danielle-molleur\/wp-content\/blogs.dir\/341\/files\/2026\/02\/DANIELLE-copie-300x270.jpg\" alt=\"\" width=\"300\" height=\"270\" srcset=\"https:\/\/aapars.com\/danielle-molleur\/wp-content\/blogs.dir\/341\/files\/2026\/02\/DANIELLE-copie-300x270.jpg 300w, https:\/\/aapars.com\/danielle-molleur\/wp-content\/blogs.dir\/341\/files\/2026\/02\/DANIELLE-copie.jpg 305w\" sizes=\"auto, (max-width: 300px) 100vw, 300px\" \/><\/p>\n\n<table id=\"tablepress-1\" class=\"tablepress tablepress-id-1\">\n<tbody class=\"row-striping\">\n<tr class=\"row-1\">\n\t<td class=\"column-1\">Technique :<\/td><td class=\"column-2\">acrylique et techniques mixtes<\/td>\n<\/tr>\n<tr class=\"row-2\">\n\t<td class=\"column-1\">Affiliations professionelles :<\/td><td class=\"column-2\">AAPARS, ART(O)<\/td>\n<\/tr>\n<tr class=\"row-3\">\n\t<td class=\"column-1\">T\u00e9l\u00e9phone :<\/td><td class=\"column-2\">438-274-9655<\/td>\n<\/tr>\n<tr class=\"row-4\">\n\t<td class=\"column-1\">Courriel :<\/td><td class=\"column-2\">daniellemolleur@hotmail.com<\/td>\n<\/tr>\n<tr class=\"row-5\">\n\t<td class=\"column-1\">Site Internet :<\/td><td class=\"column-2\">http:\/\/aapars.com\/danielle-molleur<\/td>\n<\/tr>\n<\/tbody>\n<\/table>\n<!-- #tablepress-1 from cache -->\n<h2>D\u00e9marche<\/h2>\n<p>Issue d\u2019une famille nombreuse, les arts ont fait partis tr\u00e8s t\u00f4t dans mon enfance<\/p>\n<p>J\u2019ai suivi plusieurs formations pour d\u00e9couvrir que la peinture me procurait le plus grand plaisir face \u00e0 d\u2019autres disciplines.<\/p>\n<p>Mon choix de peindre des femmes d\u00e9coule de mon enfance.&nbsp; J\u2019ai toujours aim\u00e9 la mode, les belles robes et les tissus.<\/p>\n<p>Ma d\u00e9marche est de cr\u00e9er des femmes qui d\u00e9gagent douceur et myst\u00e8re. En les peignant de dos, celui ou celle qui les regarde, s\u2019imagine cette femme avec leur propre \u00e9motion.<\/p>\n<p>J\u2019applique la peinture sur la toile dans le but de la colorer, je d\u00e9pose diff\u00e9rents m\u00e9diums avec la spatule ou en utilisant des pochoirs.&nbsp;&nbsp;<\/p>\n<p>Je fais une esquisse de ma dame et par la suite, le plaisir commence.&nbsp; Les couleurs et les impressions de papier sur la robe viennent donner le ton.&nbsp; En cr\u00e9ant la chevelure, je me permets un laisser-aller pour donner du mouvement.<\/p>\n<p>Mes femmes ne sont pas parfaites, mais qui est parfait dans ce monde.&nbsp; Mon but est de cr\u00e9er un certain \u00e9moi dans l\u2019\u0153il de l\u2019observateur.<\/p>\n<p>Je prends toujours plaisir \u00e0 peindre<\/p>\n<h2>Formation<\/h2>\n\n<table id=\"tablepress-2\" class=\"tablepress tablepress-id-2\">\n<thead>\n<tr class=\"row-1\">\n\t<th class=\"column-1\">Ann\u00e9e<\/th><th class=\"column-2\">Institution\/Professeur<\/th><th class=\"column-3\">Programme<\/th>\n<\/tr>\n<\/thead>\n<tbody class=\"row-striping\">\n<tr class=\"row-2\">\n\t<td class=\"column-1\">2023<\/td><td class=\"column-2\">Atelier mod\u00e8les vivants<\/td><td class=\"column-3\">AAPARS<\/td>\n<\/tr>\n<tr class=\"row-3\">\n\t<td class=\"column-1\">2021<\/td><td class=\"column-2\">Atelier de cr\u00e9ation<\/td><td class=\"column-3\">Marie-Jos\u00e9e Bergeron<\/td>\n<\/tr>\n<tr class=\"row-4\">\n\t<td class=\"column-1\">2019<\/td><td class=\"column-2\">Atelier de cr\u00e9ation<\/td><td class=\"column-3\">Marjolaine Gagnon<\/td>\n<\/tr>\n<tr class=\"row-5\">\n\t<td class=\"column-1\">2018<\/td><td class=\"column-2\">Atelier sur les encres<\/td><td class=\"column-3\">Hachem<\/td>\n<\/tr>\n<tr class=\"row-6\">\n\t<td class=\"column-1\">2016-2017<\/td><td class=\"column-2\">Dessin<\/td><td class=\"column-3\">Acad\u00e9mie des Beaux-Arts<\/td>\n<\/tr>\n<tr class=\"row-7\">\n\t<td class=\"column-1\">2001-2002<\/td><td class=\"column-2\">Portrait et dessin<\/td><td class=\"column-3\">Ateliers Multi-Arts, <\/td>\n<\/tr>\n<\/tbody>\n<\/table>\n<!-- #tablepress-2 from cache -->\n<h2>Expositions<\/h2>\n\n<table id=\"tablepress-3\" class=\"tablepress tablepress-id-3\">\n<thead>\n<tr class=\"row-1\">\n\t<th class=\"column-1\">Ann\u00e9e<\/th><th class=\"column-2\">Nom<\/th><th class=\"column-3\">Endroit<\/th>\n<\/tr>\n<\/thead>\n<tbody class=\"row-striping\">\n<tr class=\"row-2\">\n\t<td class=\"column-1\">2018<\/td><td class=\"column-2\">44 Arts Events, Dix 30<\/td><td class=\"column-3\">Brossard<\/td>\n<\/tr>\n<tr class=\"row-3\">\n\t<td class=\"column-1\">2015-2016<\/td><td class=\"column-2\">Expo concours AAPARS<\/td><td class=\"column-3\">St-Bruno de Montarville<\/td>\n<\/tr>\n<tr class=\"row-4\">\n\t<td class=\"column-1\">2018-2021<\/td><td class=\"column-2\">Symposium du Haut-Richelieu<\/td><td class=\"column-3\">Symposium du Haut-Richelieu<\/td>\n<\/tr>\n<tr class=\"row-5\">\n\t<td class=\"column-1\">2018-2024<\/td><td class=\"column-2\">Symposium Artistes en F\u00eate<\/td><td class=\"column-3\">Sainte-Flavie<\/td>\n<\/tr>\n<tr class=\"row-6\">\n\t<td class=\"column-1\">2016-2017<\/td><td class=\"column-2\">Symposium de peinture<\/td><td class=\"column-3\">Cap Sant\u00e9<\/td>\n<\/tr>\n<tr class=\"row-7\">\n\t<td class=\"column-1\">2022-2026<\/td><td class=\"column-2\">Symposium Arts et reflets<\/td><td class=\"column-3\">Louiseville<\/td>\n<\/tr>\n<tr class=\"row-8\">\n\t<td class=\"column-1\">2014-2025<\/td><td class=\"column-2\">Symposium Bromont en Art<\/td><td class=\"column-3\">Bromont<\/td>\n<\/tr>\n<tr class=\"row-9\">\n\t<td class=\"column-1\">2025<\/td><td class=\"column-2\">Symposium Couleurs Urbaines<\/td><td class=\"column-3\">Granby<\/td>\n<\/tr>\n<tr class=\"row-10\">\n\t<td class=\"column-1\">2025<\/td><td class=\"column-2\">Symposium provincial des villages en couleurs<\/td><td class=\"column-3\">Anse-Saint-Jean<\/td>\n<\/tr>\n<tr class=\"row-11\">\n\t<td class=\"column-1\">2024<\/td><td class=\"column-2\">Symposium Arts visuels <\/td><td class=\"column-3\">Salaberry de Valleyfield<\/td>\n<\/tr>\n<tr class=\"row-12\">\n\t<td class=\"column-1\">2010-2024<\/td><td class=\"column-2\">Symposium Waterloo l'Art d'aimer<\/td><td class=\"column-3\">Waterloo<\/td>\n<\/tr>\n<\/tbody>\n<\/table>\n<!-- #tablepress-3 from cache -->\n<h2>Collections<\/h2>\n\n<table id=\"tablepress-6\" class=\"tablepress tablepress-id-6\">\n<thead>\n<tr class=\"row-1\">\n\t<th class=\"column-1\">Cat\u00e9gorie<\/th><th class=\"column-2\">Nom du lieu <\/th><th class=\"column-3\">Ville<\/th>\n<\/tr>\n<\/thead>\n<tbody class=\"row-striping\">\n<tr class=\"row-2\">\n\t<td class=\"column-1\">Bureau du d\u00e9put\u00e9 <\/td><td class=\"column-2\">Dave Turcotte, d\u00e9put\u00e9 Assembl\u00e9e Nationale 2015<\/td><td class=\"column-3\">Saint-Jean-sur-Richelieu<\/td>\n<\/tr>\n<tr class=\"row-3\">\n\t<td class=\"column-1\">Bureau du d\u00e9put\u00e9 <\/td><td class=\"column-2\">Louis Lemieux, d\u00e9put\u00e9, Assembl\u00e9e nationale 2019<\/td><td class=\"column-3\">Saint-Jean-sur-Richelieu<\/td>\n<\/tr>\n<\/tbody>\n<\/table>\n<!-- #tablepress-6 from cache -->\n<h2>EXPOSITIONS \u00c0 VENIR<\/h2>\n<p>Symposium des arts visuels de Louiseville &#8211; 27 et 28 juin 2026<\/p>\n","protected":false},"excerpt":{"rendered":"<p>&nbsp; D\u00e9marche Issue d\u2019une famille nombreuse, les arts ont fait partis tr\u00e8s t\u00f4t dans mon enfance J\u2019ai suivi plusieurs formations pour d\u00e9couvrir que la peinture me procurait le plus grand plaisir face \u00e0 d\u2019autres disciplines. Mon choix de peindre des femmes d\u00e9coule de mon enfance.&nbsp; J\u2019ai toujours aim\u00e9 la mode, les belles robes et les &#8230; <\/p>\n<p class=\"read-more-container\"><a title=\"Danielle Molleur\" class=\"read-more button\" href=\"https:\/\/aapars.com\/danielle-molleur\/#more-30\" aria-label=\"En savoir plus sur Danielle Molleur\">Lire plus<\/a><\/p>\n","protected":false},"author":3901,"featured_media":0,"parent":0,"menu_order":0,"comment_status":"closed","ping_status":"closed","template":"","meta":{"_s2mail":"yes","ngg_post_thumbnail":0,"iawp_total_views":29,"footnotes":""},"class_list":["post-30","page","type-page","status-publish"],"yoast_head":"<!-- This site is optimized with the Yoast SEO plugin v27.3 - https:\/\/yoast.com\/product\/yoast-seo-wordpress\/ -->\n<title>Danielle Molleur | Un site de la galerie virtuelle de l&#039;AAPARS<\/title>\n<meta name=\"description\" content=\"&nbsp; D\u00e9marche Issue d\u2019une famille nombreuse, les arts ont fait partis tr\u00e8s t\u00f4t dans mon enfance J\u2019ai suivi plusieurs formations pour d\u00e9couvrir que la\" \/>\n<meta name=\"robots\" content=\"index, follow, max-snippet:-1, max-image-preview:large, max-video-preview:-1\" \/>\n<link rel=\"canonical\" href=\"https:\/\/aapars.com\/danielle-molleur\/\" \/>\n<meta property=\"og:locale\" content=\"fr_FR\" \/>\n<meta property=\"og:type\" content=\"article\" \/>\n<meta property=\"og:title\" content=\"Danielle Molleur | Un site de la galerie virtuelle de l&#039;AAPARS\" \/>\n<meta property=\"og:description\" content=\"&nbsp; D\u00e9marche Issue d\u2019une famille nombreuse, les arts ont fait partis tr\u00e8s t\u00f4t dans mon enfance J\u2019ai suivi plusieurs formations pour d\u00e9couvrir que la\" \/>\n<meta property=\"og:url\" content=\"https:\/\/aapars.com\/danielle-molleur\/\" \/>\n<meta property=\"og:site_name\" content=\"Danielle Molleur\" \/>\n<meta property=\"article:modified_time\" content=\"2026-03-09T17:39:56+00:00\" \/>\n<meta property=\"og:image\" content=\"https:\/\/aapars.com\/danielle-molleur\/wp-content\/blogs.dir\/341\/files\/2026\/02\/DANIELLE-copie.jpg\" \/>\n\t<meta property=\"og:image:width\" content=\"305\" \/>\n\t<meta property=\"og:image:height\" content=\"274\" \/>\n\t<meta property=\"og:image:type\" content=\"image\/jpeg\" \/>\n<meta name=\"twitter:label1\" content=\"Dur\u00e9e de lecture estim\u00e9e\" \/>\n\t<meta name=\"twitter:data1\" content=\"2 minutes\" \/>\n<script type=\"application\/ld+json\" class=\"yoast-schema-graph\">{\"@context\":\"https:\\\/\\\/schema.org\",\"@graph\":[{\"@type\":\"WebPage\",\"@id\":\"https:\\\/\\\/aapars.com\\\/danielle-molleur\\\/\",\"url\":\"https:\\\/\\\/aapars.com\\\/danielle-molleur\\\/\",\"name\":\"Danielle Molleur | Un site de la galerie virtuelle de l&#039;AAPARS\",\"isPartOf\":{\"@id\":\"https:\\\/\\\/aapars.com\\\/danielle-molleur\\\/#website\"},\"primaryImageOfPage\":{\"@id\":\"https:\\\/\\\/aapars.com\\\/danielle-molleur\\\/#primaryimage\"},\"image\":{\"@id\":\"https:\\\/\\\/aapars.com\\\/danielle-molleur\\\/#primaryimage\"},\"thumbnailUrl\":\"https:\\\/\\\/aapars.com\\\/danielle-molleur\\\/wp-content\\\/blogs.dir\\\/341\\\/files\\\/2026\\\/02\\\/DANIELLE-copie-300x270.jpg\",\"datePublished\":\"2010-10-03T05:11:36+00:00\",\"dateModified\":\"2026-03-09T17:39:56+00:00\",\"description\":\"&nbsp; D\u00e9marche Issue d\u2019une famille nombreuse, les arts ont fait partis tr\u00e8s t\u00f4t dans mon enfance J\u2019ai suivi plusieurs formations pour d\u00e9couvrir que la\",\"breadcrumb\":{\"@id\":\"https:\\\/\\\/aapars.com\\\/danielle-molleur\\\/#breadcrumb\"},\"inLanguage\":\"fr-FR\",\"potentialAction\":[{\"@type\":\"ReadAction\",\"target\":[\"https:\\\/\\\/aapars.com\\\/danielle-molleur\\\/\"]}]},{\"@type\":\"ImageObject\",\"inLanguage\":\"fr-FR\",\"@id\":\"https:\\\/\\\/aapars.com\\\/danielle-molleur\\\/#primaryimage\",\"url\":\"https:\\\/\\\/aapars.com\\\/danielle-molleur\\\/wp-content\\\/blogs.dir\\\/341\\\/files\\\/2026\\\/02\\\/DANIELLE-copie.jpg\",\"contentUrl\":\"https:\\\/\\\/aapars.com\\\/danielle-molleur\\\/wp-content\\\/blogs.dir\\\/341\\\/files\\\/2026\\\/02\\\/DANIELLE-copie.jpg\",\"width\":305,\"height\":274},{\"@type\":\"BreadcrumbList\",\"@id\":\"https:\\\/\\\/aapars.com\\\/danielle-molleur\\\/#breadcrumb\",\"itemListElement\":[{\"@type\":\"ListItem\",\"position\":1,\"name\":\"Accueil\",\"item\":\"https:\\\/\\\/aapars.com\\\/danielle-molleur\\\/\"},{\"@type\":\"ListItem\",\"position\":2,\"name\":\"Danielle Molleur\"}]},{\"@type\":\"WebSite\",\"@id\":\"https:\\\/\\\/aapars.com\\\/danielle-molleur\\\/#website\",\"url\":\"https:\\\/\\\/aapars.com\\\/danielle-molleur\\\/\",\"name\":\"Danielle Molleur\",\"description\":\"Un site de la galerie virtuelle de l&#039;AAPARS\",\"publisher\":{\"@id\":\"https:\\\/\\\/aapars.com\\\/danielle-molleur\\\/#\\\/schema\\\/person\\\/67e727643cc38d6d0d58bde5c504a2f5\"},\"potentialAction\":[{\"@type\":\"SearchAction\",\"target\":{\"@type\":\"EntryPoint\",\"urlTemplate\":\"https:\\\/\\\/aapars.com\\\/danielle-molleur\\\/?s={search_term_string}\"},\"query-input\":{\"@type\":\"PropertyValueSpecification\",\"valueRequired\":true,\"valueName\":\"search_term_string\"}}],\"inLanguage\":\"fr-FR\"},{\"@type\":[\"Person\",\"Organization\"],\"@id\":\"https:\\\/\\\/aapars.com\\\/danielle-molleur\\\/#\\\/schema\\\/person\\\/67e727643cc38d6d0d58bde5c504a2f5\",\"name\":\"Jean Test\",\"image\":{\"@type\":\"ImageObject\",\"inLanguage\":\"fr-FR\",\"@id\":\"https:\\\/\\\/aapars.com\\\/danielle-molleur\\\/wp-content\\\/blogs.dir\\\/341\\\/files\\\/2026\\\/02\\\/logo-aapars-@2x.png\",\"url\":\"https:\\\/\\\/aapars.com\\\/danielle-molleur\\\/wp-content\\\/blogs.dir\\\/341\\\/files\\\/2026\\\/02\\\/logo-aapars-@2x.png\",\"contentUrl\":\"https:\\\/\\\/aapars.com\\\/danielle-molleur\\\/wp-content\\\/blogs.dir\\\/341\\\/files\\\/2026\\\/02\\\/logo-aapars-@2x.png\",\"width\":560,\"height\":306,\"caption\":\"Jean Test\"},\"logo\":{\"@id\":\"https:\\\/\\\/aapars.com\\\/danielle-molleur\\\/wp-content\\\/blogs.dir\\\/341\\\/files\\\/2026\\\/02\\\/logo-aapars-@2x.png\"}}]}<\/script>\n<!-- \/ Yoast SEO plugin. -->","yoast_head_json":{"title":"Danielle Molleur | Un site de la galerie virtuelle de l&#039;AAPARS","description":"&nbsp; D\u00e9marche Issue d\u2019une famille nombreuse, les arts ont fait partis tr\u00e8s t\u00f4t dans mon enfance J\u2019ai suivi plusieurs formations pour d\u00e9couvrir que la","robots":{"index":"index","follow":"follow","max-snippet":"max-snippet:-1","max-image-preview":"max-image-preview:large","max-video-preview":"max-video-preview:-1"},"canonical":"https:\/\/aapars.com\/danielle-molleur\/","og_locale":"fr_FR","og_type":"article","og_title":"Danielle Molleur | Un site de la galerie virtuelle de l&#039;AAPARS","og_description":"&nbsp; D\u00e9marche Issue d\u2019une famille nombreuse, les arts ont fait partis tr\u00e8s t\u00f4t dans mon enfance J\u2019ai suivi plusieurs formations pour d\u00e9couvrir que la","og_url":"https:\/\/aapars.com\/danielle-molleur\/","og_site_name":"Danielle Molleur","article_modified_time":"2026-03-09T17:39:56+00:00","og_image":[{"width":305,"height":274,"url":"https:\/\/aapars.com\/danielle-molleur\/wp-content\/blogs.dir\/341\/files\/2026\/02\/DANIELLE-copie.jpg","type":"image\/jpeg"}],"twitter_misc":{"Dur\u00e9e de lecture estim\u00e9e":"2 minutes"},"schema":{"@context":"https:\/\/schema.org","@graph":[{"@type":"WebPage","@id":"https:\/\/aapars.com\/danielle-molleur\/","url":"https:\/\/aapars.com\/danielle-molleur\/","name":"Danielle Molleur | Un site de la galerie virtuelle de l&#039;AAPARS","isPartOf":{"@id":"https:\/\/aapars.com\/danielle-molleur\/#website"},"primaryImageOfPage":{"@id":"https:\/\/aapars.com\/danielle-molleur\/#primaryimage"},"image":{"@id":"https:\/\/aapars.com\/danielle-molleur\/#primaryimage"},"thumbnailUrl":"https:\/\/aapars.com\/danielle-molleur\/wp-content\/blogs.dir\/341\/files\/2026\/02\/DANIELLE-copie-300x270.jpg","datePublished":"2010-10-03T05:11:36+00:00","dateModified":"2026-03-09T17:39:56+00:00","description":"&nbsp; D\u00e9marche Issue d\u2019une famille nombreuse, les arts ont fait partis tr\u00e8s t\u00f4t dans mon enfance J\u2019ai suivi plusieurs formations pour d\u00e9couvrir que la","breadcrumb":{"@id":"https:\/\/aapars.com\/danielle-molleur\/#breadcrumb"},"inLanguage":"fr-FR","potentialAction":[{"@type":"ReadAction","target":["https:\/\/aapars.com\/danielle-molleur\/"]}]},{"@type":"ImageObject","inLanguage":"fr-FR","@id":"https:\/\/aapars.com\/danielle-molleur\/#primaryimage","url":"https:\/\/aapars.com\/danielle-molleur\/wp-content\/blogs.dir\/341\/files\/2026\/02\/DANIELLE-copie.jpg","contentUrl":"https:\/\/aapars.com\/danielle-molleur\/wp-content\/blogs.dir\/341\/files\/2026\/02\/DANIELLE-copie.jpg","width":305,"height":274},{"@type":"BreadcrumbList","@id":"https:\/\/aapars.com\/danielle-molleur\/#breadcrumb","itemListElement":[{"@type":"ListItem","position":1,"name":"Accueil","item":"https:\/\/aapars.com\/danielle-molleur\/"},{"@type":"ListItem","position":2,"name":"Danielle Molleur"}]},{"@type":"WebSite","@id":"https:\/\/aapars.com\/danielle-molleur\/#website","url":"https:\/\/aapars.com\/danielle-molleur\/","name":"Danielle Molleur","description":"Un site de la galerie virtuelle de l&#039;AAPARS","publisher":{"@id":"https:\/\/aapars.com\/danielle-molleur\/#\/schema\/person\/67e727643cc38d6d0d58bde5c504a2f5"},"potentialAction":[{"@type":"SearchAction","target":{"@type":"EntryPoint","urlTemplate":"https:\/\/aapars.com\/danielle-molleur\/?s={search_term_string}"},"query-input":{"@type":"PropertyValueSpecification","valueRequired":true,"valueName":"search_term_string"}}],"inLanguage":"fr-FR"},{"@type":["Person","Organization"],"@id":"https:\/\/aapars.com\/danielle-molleur\/#\/schema\/person\/67e727643cc38d6d0d58bde5c504a2f5","name":"Jean Test","image":{"@type":"ImageObject","inLanguage":"fr-FR","@id":"https:\/\/aapars.com\/danielle-molleur\/wp-content\/blogs.dir\/341\/files\/2026\/02\/logo-aapars-@2x.png","url":"https:\/\/aapars.com\/danielle-molleur\/wp-content\/blogs.dir\/341\/files\/2026\/02\/logo-aapars-@2x.png","contentUrl":"https:\/\/aapars.com\/danielle-molleur\/wp-content\/blogs.dir\/341\/files\/2026\/02\/logo-aapars-@2x.png","width":560,"height":306,"caption":"Jean Test"},"logo":{"@id":"https:\/\/aapars.com\/danielle-molleur\/wp-content\/blogs.dir\/341\/files\/2026\/02\/logo-aapars-@2x.png"}}]}},"_links":{"self":[{"href":"https:\/\/aapars.com\/danielle-molleur\/wp-json\/wp\/v2\/pages\/30","targetHints":{"allow":["GET"]}}],"collection":[{"href":"https:\/\/aapars.com\/danielle-molleur\/wp-json\/wp\/v2\/pages"}],"about":[{"href":"https:\/\/aapars.com\/danielle-molleur\/wp-json\/wp\/v2\/types\/page"}],"author":[{"embeddable":true,"href":"https:\/\/aapars.com\/danielle-molleur\/wp-json\/wp\/v2\/users\/3901"}],"replies":[{"embeddable":true,"href":"https:\/\/aapars.com\/danielle-molleur\/wp-json\/wp\/v2\/comments?post=30"}],"version-history":[{"count":10,"href":"https:\/\/aapars.com\/danielle-molleur\/wp-json\/wp\/v2\/pages\/30\/revisions"}],"predecessor-version":[{"id":439,"href":"https:\/\/aapars.com\/danielle-molleur\/wp-json\/wp\/v2\/pages\/30\/revisions\/439"}],"wp:attachment":[{"href":"https:\/\/aapars.com\/danielle-molleur\/wp-json\/wp\/v2\/media?parent=30"}],"curies":[{"name":"wp","href":"https:\/\/api.w.org\/{rel}","templated":true}]}}