{"id":2,"date":"2010-10-03T05:11:36","date_gmt":"2010-10-03T05:11:36","guid":{"rendered":"https:\/\/aapars.com\/jacques-landry\/?page_id=2"},"modified":"2024-03-26T11:05:31","modified_gmt":"2024-03-26T15:05:31","slug":"accueil","status":"publish","type":"page","link":"https:\/\/aapars.com\/claudegravel\/","title":{"rendered":"Claude Gravel"},"content":{"rendered":"<p><a href=\"https:\/\/aapars.com\/claudegravel\/files\/2010\/10\/claude.png\"><img loading=\"lazy\" decoding=\"async\" class=\"alignnone size-full wp-image-72\" src=\"https:\/\/aapars.com\/claudegravel\/files\/2018\/08\/claude.png\" alt=\"\" width=\"316\" height=\"415\" \/><\/a><\/p>\n\n<table id=\"tablepress-1\" class=\"tablepress tablepress-id-1\">\n<tbody class=\"row-striping\">\n<tr class=\"row-1\">\n\t<td class=\"column-1\">Technique :<\/td><td class=\"column-2\">Huile<\/td>\n<\/tr>\n<tr class=\"row-2\">\n\t<td class=\"column-1\">Affiliations professionelles :<\/td><td class=\"column-2\">AAPARS<\/td>\n<\/tr>\n<tr class=\"row-3\">\n\t<td class=\"column-1\">T\u00e9l\u00e9phone :<\/td><td class=\"column-2\"><\/td>\n<\/tr>\n<tr class=\"row-4\">\n\t<td class=\"column-1\">Courriel :<\/td><td class=\"column-2\"><a href=\"mailto:clgravel@videotron.ca\">clgravel@videotron.ca<\/a><\/td>\n<\/tr>\n<tr class=\"row-5\">\n\t<td class=\"column-1\">Site internet:<\/td><td class=\"column-2\"><a>aapars.com\/claudegravel\/<\/a><\/td>\n<\/tr>\n<\/tbody>\n<\/table>\n<!-- #tablepress-1 from cache -->\n<h2>D\u00e9marche<\/h2>\n<p>Je me d\u00e9finis comme un peintre autodidacte sur le tard.<\/p>\n<p>Jusqu&#8217;\u00e0 la cinquantaine, j&#8217;ignorais qu&#8217;un trait cr\u00e9e par moi pouvait \u00eatre autre chose qu&#8217;une \u00e9criture tr\u00e8s intellectuelle. Ce fut long pour moi avant d&#8217;apprivoiser l&#8217;id\u00e9e que mon crayon , plus tard mon pinceau, pouvait m&#8217;ouvrir la voie a ma propre cr\u00e9ation.<\/p>\n<p>Le premier sens \u00e0 se transformer chez moi a \u00e9t\u00e9 la vue, apprendre \u00e0 voir les formes, les perspectives et les couleurs avec plus d\u00e9tachement. La fr\u00e9quentation des salles d&#8217;exposition d&#8217;arts y a \u00e9t\u00e9 pour quelque chose. J&#8217;ai toujours \u00e9t\u00e9 un peu surpris de voir comment beaucoup d&#8217;artistes accomplis \u00e9vitaient de faire des visages. Dans la recherche de mon style personnel, j&#8217;ai d\u00e9cid\u00e9 que les visages constitueraient mon orientation.<\/p>\n<p>Saisir la qualit\u00e9 d&#8217;un regard accrocheur sur l&#8217;un de mes proches ou sur une image \u00e0 la t\u00e9l\u00e9vision. Reproduire ensuite sur la toile les yeux, avec une forme et une \u00e9nergie \u00e0 ma mani\u00e8re. Faire la d\u00e9marche semblable pour une bouche cueillie ailleurs. Cr\u00e9er enfin de toute pi\u00e8ce un nez et des angles du visage en fonction de mon appr\u00e9ciation personnelle. La couleur c&#8217;est l&#8217;\u00e9motion, le laisser aller complet pour moi est \u00e0 la toute fin.<\/p>\n<p>Michel Tremblay a dit qu&#8217; on lit parce que on est curieux de voir ce qui se passe dans la t\u00eate d&#8217;un auteur. Moi ma peinture satisfait ma curiosit\u00e9 de savoir ce qui se passe dans ma propre t\u00eate.<\/p>\n<h2>Formation<\/h2>\n\n<table id=\"tablepress-2\" class=\"tablepress tablepress-id-2\">\n<thead>\n<tr class=\"row-1\">\n\t<th class=\"column-1\">Ann\u00e9e<\/th><th class=\"column-2\">Institution\/Professeur<\/th><th class=\"column-3\">Programme<\/th>\n<\/tr>\n<\/thead>\n<tbody class=\"row-striping\">\n<tr class=\"row-2\">\n\t<td class=\"column-1\">2007-2013<\/td><td class=\"column-2\">Atelier Chantal Mainguy<\/td><td class=\"column-3\">Huile<\/td>\n<\/tr>\n<tr class=\"row-3\">\n\t<td class=\"column-1\">2009<\/td><td class=\"column-2\">Roger Alexandre<\/td><td class=\"column-3\">Acrylique<\/td>\n<\/tr>\n<tr class=\"row-4\">\n\t<td class=\"column-1\">2015<\/td><td class=\"column-2\">Daniel Vincent<\/td><td class=\"column-3\">Acrylique<\/td>\n<\/tr>\n<tr class=\"row-5\">\n\t<td class=\"column-1\">2018<\/td><td class=\"column-2\">Michel Monnet<\/td><td class=\"column-3\">Huile<\/td>\n<\/tr>\n<\/tbody>\n<\/table>\n<!-- #tablepress-2 from cache -->\n<p>&nbsp;<\/p>\n","protected":false},"excerpt":{"rendered":"<p>D\u00e9marche Je me d\u00e9finis comme un peintre autodidacte sur le tard. Jusqu&#8217;\u00e0 la cinquantaine, j&#8217;ignorais qu&#8217;un trait cr\u00e9e par moi pouvait \u00eatre autre chose qu&#8217;une \u00e9criture tr\u00e8s intellectuelle. Ce fut long pour moi avant d&#8217;apprivoiser l&#8217;id\u00e9e que mon crayon , plus tard mon pinceau, pouvait m&#8217;ouvrir la voie a ma propre cr\u00e9ation. Le premier sens &#8230; <\/p>\n<p class=\"read-more-container\"><a title=\"Claude Gravel\" class=\"read-more button\" href=\"https:\/\/aapars.com\/claudegravel\/#more-2\" aria-label=\"En savoir plus sur Claude Gravel\">Lire plus<\/a><\/p>\n","protected":false},"author":867,"featured_media":0,"parent":0,"menu_order":0,"comment_status":"closed","ping_status":"closed","template":"","meta":{"_s2mail":"yes","ngg_post_thumbnail":0,"iawp_total_views":119,"footnotes":""},"class_list":["post-2","page","type-page","status-publish"],"yoast_head":"<!-- This site is optimized with the Yoast SEO plugin v27.5 - https:\/\/yoast.com\/product\/yoast-seo-wordpress\/ -->\n<title>Claude Gravel - Claude Gravel - Un site de la galerie virtuelle de l&#039;AAPARS<\/title>\n<meta name=\"description\" content=\"D\u00e9marche Je me d\u00e9finis comme un peintre autodidacte sur le tard. Jusqu&#039;\u00e0 la cinquantaine, j&#039;ignorais qu&#039;un trait cr\u00e9e par moi pouvait \u00eatre autre chose\" \/>\n<meta name=\"robots\" content=\"index, follow, max-snippet:-1, max-image-preview:large, max-video-preview:-1\" \/>\n<link rel=\"canonical\" href=\"https:\/\/aapars.com\/claudegravel\/\" \/>\n<meta property=\"og:locale\" content=\"fr_FR\" \/>\n<meta property=\"og:type\" content=\"article\" \/>\n<meta property=\"og:title\" content=\"Claude Gravel - Claude Gravel - Un site de la galerie virtuelle de l&#039;AAPARS\" \/>\n<meta property=\"og:description\" content=\"D\u00e9marche Je me d\u00e9finis comme un peintre autodidacte sur le tard. Jusqu&#039;\u00e0 la cinquantaine, j&#039;ignorais qu&#039;un trait cr\u00e9e par moi pouvait \u00eatre autre chose\" \/>\n<meta property=\"og:url\" content=\"https:\/\/aapars.com\/claudegravel\/\" \/>\n<meta property=\"og:site_name\" content=\"Claude Gravel\" \/>\n<meta property=\"article:modified_time\" content=\"2024-03-26T15:05:31+00:00\" \/>\n<meta property=\"og:image\" content=\"https:\/\/aapars.com\/claudegravel\/files\/2018\/08\/claude.png\" \/>\n<meta name=\"twitter:label1\" content=\"Dur\u00e9e de lecture estim\u00e9e\" \/>\n\t<meta name=\"twitter:data1\" content=\"1 minute\" \/>\n<script type=\"application\/ld+json\" class=\"yoast-schema-graph\">{\"@context\":\"https:\\\/\\\/schema.org\",\"@graph\":[{\"@type\":\"WebPage\",\"@id\":\"https:\\\/\\\/aapars.com\\\/claudegravel\\\/\",\"url\":\"https:\\\/\\\/aapars.com\\\/claudegravel\\\/\",\"name\":\"Claude Gravel - Claude Gravel - Un site de la galerie virtuelle de l&#039;AAPARS\",\"isPartOf\":{\"@id\":\"https:\\\/\\\/aapars.com\\\/claudegravel\\\/#website\"},\"primaryImageOfPage\":{\"@id\":\"https:\\\/\\\/aapars.com\\\/claudegravel\\\/#primaryimage\"},\"image\":{\"@id\":\"https:\\\/\\\/aapars.com\\\/claudegravel\\\/#primaryimage\"},\"thumbnailUrl\":\"https:\\\/\\\/aapars.com\\\/claudegravel\\\/files\\\/2018\\\/08\\\/claude.png\",\"datePublished\":\"2010-10-03T05:11:36+00:00\",\"dateModified\":\"2024-03-26T15:05:31+00:00\",\"description\":\"D\u00e9marche Je me d\u00e9finis comme un peintre autodidacte sur le tard. Jusqu'\u00e0 la cinquantaine, j'ignorais qu'un trait cr\u00e9e par moi pouvait \u00eatre autre chose\",\"breadcrumb\":{\"@id\":\"https:\\\/\\\/aapars.com\\\/claudegravel\\\/#breadcrumb\"},\"inLanguage\":\"fr-FR\",\"potentialAction\":[{\"@type\":\"ReadAction\",\"target\":[\"https:\\\/\\\/aapars.com\\\/claudegravel\\\/\"]}]},{\"@type\":\"ImageObject\",\"inLanguage\":\"fr-FR\",\"@id\":\"https:\\\/\\\/aapars.com\\\/claudegravel\\\/#primaryimage\",\"url\":\"https:\\\/\\\/aapars.com\\\/claudegravel\\\/files\\\/2018\\\/08\\\/claude.png\",\"contentUrl\":\"https:\\\/\\\/aapars.com\\\/claudegravel\\\/files\\\/2018\\\/08\\\/claude.png\",\"width\":316,\"height\":415},{\"@type\":\"BreadcrumbList\",\"@id\":\"https:\\\/\\\/aapars.com\\\/claudegravel\\\/#breadcrumb\",\"itemListElement\":[{\"@type\":\"ListItem\",\"position\":1,\"name\":\"Accueil\",\"item\":\"https:\\\/\\\/aapars.com\\\/claudegravel\\\/\"},{\"@type\":\"ListItem\",\"position\":2,\"name\":\"Claude Gravel\"}]},{\"@type\":\"WebSite\",\"@id\":\"https:\\\/\\\/aapars.com\\\/claudegravel\\\/#website\",\"url\":\"https:\\\/\\\/aapars.com\\\/claudegravel\\\/\",\"name\":\"Claude Gravel\",\"description\":\"Un site de la galerie virtuelle de l&#039;AAPARS\",\"publisher\":{\"@id\":\"https:\\\/\\\/aapars.com\\\/claudegravel\\\/#organization\"},\"potentialAction\":[{\"@type\":\"SearchAction\",\"target\":{\"@type\":\"EntryPoint\",\"urlTemplate\":\"https:\\\/\\\/aapars.com\\\/claudegravel\\\/?s={search_term_string}\"},\"query-input\":{\"@type\":\"PropertyValueSpecification\",\"valueRequired\":true,\"valueName\":\"search_term_string\"}}],\"inLanguage\":\"fr-FR\"},{\"@type\":\"Organization\",\"@id\":\"https:\\\/\\\/aapars.com\\\/claudegravel\\\/#organization\",\"name\":\"Claude Gravel\",\"url\":\"https:\\\/\\\/aapars.com\\\/claudegravel\\\/\",\"logo\":{\"@type\":\"ImageObject\",\"inLanguage\":\"fr-FR\",\"@id\":\"https:\\\/\\\/aapars.com\\\/claudegravel\\\/#\\\/schema\\\/logo\\\/image\\\/\",\"url\":\"https:\\\/\\\/aapars.com\\\/claudegravel\\\/files\\\/2012\\\/04\\\/logo-aapars-@2x.png\",\"contentUrl\":\"https:\\\/\\\/aapars.com\\\/claudegravel\\\/files\\\/2012\\\/04\\\/logo-aapars-@2x.png\",\"width\":560,\"height\":306,\"caption\":\"Claude Gravel\"},\"image\":{\"@id\":\"https:\\\/\\\/aapars.com\\\/claudegravel\\\/#\\\/schema\\\/logo\\\/image\\\/\"}}]}<\/script>\n<!-- \/ Yoast SEO plugin. -->","yoast_head_json":{"title":"Claude Gravel - Claude Gravel - Un site de la galerie virtuelle de l&#039;AAPARS","description":"D\u00e9marche Je me d\u00e9finis comme un peintre autodidacte sur le tard. Jusqu'\u00e0 la cinquantaine, j'ignorais qu'un trait cr\u00e9e par moi pouvait \u00eatre autre chose","robots":{"index":"index","follow":"follow","max-snippet":"max-snippet:-1","max-image-preview":"max-image-preview:large","max-video-preview":"max-video-preview:-1"},"canonical":"https:\/\/aapars.com\/claudegravel\/","og_locale":"fr_FR","og_type":"article","og_title":"Claude Gravel - Claude Gravel - Un site de la galerie virtuelle de l&#039;AAPARS","og_description":"D\u00e9marche Je me d\u00e9finis comme un peintre autodidacte sur le tard. Jusqu'\u00e0 la cinquantaine, j'ignorais qu'un trait cr\u00e9e par moi pouvait \u00eatre autre chose","og_url":"https:\/\/aapars.com\/claudegravel\/","og_site_name":"Claude Gravel","article_modified_time":"2024-03-26T15:05:31+00:00","og_image":[{"url":"https:\/\/aapars.com\/claudegravel\/files\/2018\/08\/claude.png","type":"","width":"","height":""}],"twitter_misc":{"Dur\u00e9e de lecture estim\u00e9e":"1 minute"},"schema":{"@context":"https:\/\/schema.org","@graph":[{"@type":"WebPage","@id":"https:\/\/aapars.com\/claudegravel\/","url":"https:\/\/aapars.com\/claudegravel\/","name":"Claude Gravel - Claude Gravel - Un site de la galerie virtuelle de l&#039;AAPARS","isPartOf":{"@id":"https:\/\/aapars.com\/claudegravel\/#website"},"primaryImageOfPage":{"@id":"https:\/\/aapars.com\/claudegravel\/#primaryimage"},"image":{"@id":"https:\/\/aapars.com\/claudegravel\/#primaryimage"},"thumbnailUrl":"https:\/\/aapars.com\/claudegravel\/files\/2018\/08\/claude.png","datePublished":"2010-10-03T05:11:36+00:00","dateModified":"2024-03-26T15:05:31+00:00","description":"D\u00e9marche Je me d\u00e9finis comme un peintre autodidacte sur le tard. Jusqu'\u00e0 la cinquantaine, j'ignorais qu'un trait cr\u00e9e par moi pouvait \u00eatre autre chose","breadcrumb":{"@id":"https:\/\/aapars.com\/claudegravel\/#breadcrumb"},"inLanguage":"fr-FR","potentialAction":[{"@type":"ReadAction","target":["https:\/\/aapars.com\/claudegravel\/"]}]},{"@type":"ImageObject","inLanguage":"fr-FR","@id":"https:\/\/aapars.com\/claudegravel\/#primaryimage","url":"https:\/\/aapars.com\/claudegravel\/files\/2018\/08\/claude.png","contentUrl":"https:\/\/aapars.com\/claudegravel\/files\/2018\/08\/claude.png","width":316,"height":415},{"@type":"BreadcrumbList","@id":"https:\/\/aapars.com\/claudegravel\/#breadcrumb","itemListElement":[{"@type":"ListItem","position":1,"name":"Accueil","item":"https:\/\/aapars.com\/claudegravel\/"},{"@type":"ListItem","position":2,"name":"Claude Gravel"}]},{"@type":"WebSite","@id":"https:\/\/aapars.com\/claudegravel\/#website","url":"https:\/\/aapars.com\/claudegravel\/","name":"Claude Gravel","description":"Un site de la galerie virtuelle de l&#039;AAPARS","publisher":{"@id":"https:\/\/aapars.com\/claudegravel\/#organization"},"potentialAction":[{"@type":"SearchAction","target":{"@type":"EntryPoint","urlTemplate":"https:\/\/aapars.com\/claudegravel\/?s={search_term_string}"},"query-input":{"@type":"PropertyValueSpecification","valueRequired":true,"valueName":"search_term_string"}}],"inLanguage":"fr-FR"},{"@type":"Organization","@id":"https:\/\/aapars.com\/claudegravel\/#organization","name":"Claude Gravel","url":"https:\/\/aapars.com\/claudegravel\/","logo":{"@type":"ImageObject","inLanguage":"fr-FR","@id":"https:\/\/aapars.com\/claudegravel\/#\/schema\/logo\/image\/","url":"https:\/\/aapars.com\/claudegravel\/files\/2012\/04\/logo-aapars-@2x.png","contentUrl":"https:\/\/aapars.com\/claudegravel\/files\/2012\/04\/logo-aapars-@2x.png","width":560,"height":306,"caption":"Claude Gravel"},"image":{"@id":"https:\/\/aapars.com\/claudegravel\/#\/schema\/logo\/image\/"}}]}},"_links":{"self":[{"href":"https:\/\/aapars.com\/claudegravel\/wp-json\/wp\/v2\/pages\/2","targetHints":{"allow":["GET"]}}],"collection":[{"href":"https:\/\/aapars.com\/claudegravel\/wp-json\/wp\/v2\/pages"}],"about":[{"href":"https:\/\/aapars.com\/claudegravel\/wp-json\/wp\/v2\/types\/page"}],"author":[{"embeddable":true,"href":"https:\/\/aapars.com\/claudegravel\/wp-json\/wp\/v2\/users\/867"}],"replies":[{"embeddable":true,"href":"https:\/\/aapars.com\/claudegravel\/wp-json\/wp\/v2\/comments?post=2"}],"version-history":[{"count":1,"href":"https:\/\/aapars.com\/claudegravel\/wp-json\/wp\/v2\/pages\/2\/revisions"}],"predecessor-version":[{"id":357,"href":"https:\/\/aapars.com\/claudegravel\/wp-json\/wp\/v2\/pages\/2\/revisions\/357"}],"wp:attachment":[{"href":"https:\/\/aapars.com\/claudegravel\/wp-json\/wp\/v2\/media?parent=2"}],"curies":[{"name":"wp","href":"https:\/\/api.w.org\/{rel}","templated":true}]}}