{"id":30,"date":"2010-10-03T05:11:36","date_gmt":"2010-10-03T05:11:36","guid":{"rendered":"https:\/\/aapars.com\/jacques-landry\/?page_id=2"},"modified":"2024-04-05T13:18:17","modified_gmt":"2024-04-05T17:18:17","slug":"accueil","status":"publish","type":"page","link":"https:\/\/aapars.com\/claire-beauregard\/","title":{"rendered":"Claire Beauregard"},"content":{"rendered":"<p><a href=\"https:\/\/aapars.com\/claire-beauregard\/files\/2024\/04\/CBeauregard-photo-e1712258445339.jpg\"><img loading=\"lazy\" decoding=\"async\" class=\"alignnone wp-image-336 size-medium\" src=\"https:\/\/aapars.com\/claire-beauregard\/files\/2024\/04\/CBeauregard-photo-214x300.jpg\" alt=\"Claire Beauregard\" width=\"214\" height=\"300\"><\/a><\/p>\n\n<table id=\"tablepress-1\" class=\"tablepress tablepress-id-1\">\n<tbody class=\"row-striping\">\n<tr class=\"row-1\">\n\t<td class=\"column-1\">Technique :<\/td><td class=\"column-2\">Acrylique, techniques mixtes<\/td>\n<\/tr>\n<tr class=\"row-2\">\n\t<td class=\"column-1\">Affiliations professionelles :<\/td><td class=\"column-2\">AAPARS<\/td>\n<\/tr>\n<tr class=\"row-3\">\n\t<td class=\"column-1\">T\u00e9l\u00e9phone :<\/td><td class=\"column-2\">438-402-9544<\/td>\n<\/tr>\n<tr class=\"row-4\">\n\t<td class=\"column-1\">Courriel :<\/td><td class=\"column-2\"><a href=\"mailto:info@clairebeauregard.com\">info@clairebeauregard.com<\/a><\/td>\n<\/tr>\n<tr class=\"row-5\">\n\t<td class=\"column-1\">Site Internet :<\/td><td class=\"column-2\"><a href=\"https:\/\/clairebeauregard.com\/\" rel=\"noopener\" target=\"_blank\">clairebeauregard.com<\/a><\/td>\n<\/tr>\n<\/tbody>\n<\/table>\n<!-- #tablepress-1 from cache -->\n<h2>D\u00e9marche<\/h2>\n<p>Tout naturellement, mes int\u00e9r\u00eats se concentrent autour du paysage et de ses composantes. Il s\u2019agit de mat\u00e9rialiser l\u2019\u00e9motion ressentie lors de la visualisation d\u2019un lieu ou d\u2019un objet, de permettre \u00e0 l\u2019observateur de la \u00ab visiter \u00bb : l\u2019art visuel est le moyen le plus simple pour moi d\u2019y parvenir, m\u00eame si \u00e7a reste un d\u00e9fi. On m\u2019a dit qu\u2019on reconnaissait des endroits que j\u2019ai repr\u00e9sent\u00e9s, m\u00eame s\u2019ils n\u2019existaient<br \/>\npas. Je cherche ainsi \u00e0 susciter la nostalgie, \u00e0 offrir une perspective ouverte vers des souvenirs oubli\u00e9s.<\/p>\n<p>La premi\u00e8re \u00e9tape du processus se d\u00e9roule le plus souvent en num\u00e9rique, mais parfois sur papier : petites esquisses et \u00e9tudes sont d\u00e9velopp\u00e9es, ce qui me permet d\u2019identifier rapidement l\u2019\u00e9motion et d\u2019\u00e9valuer quelle perception j\u2019ai du message v\u00e9hicul\u00e9, mais aussi la composition. Suit ensuite l\u2019\u00e9bauche num\u00e9rique, o\u00f9 je r\u00e9unis mes meilleures id\u00e9es. Le support num\u00e9rique me permet une grande flexibilit\u00e9 et une rapidit\u00e9 d\u2019ex\u00e9cution dans la s\u00e9lection des couleurs, mais aussi dans l\u2019ajustement progressif de l\u2019image pour traduire l\u2019ambiance souhait\u00e9e.<\/p>\n<p>Finalement, l\u2019\u00e9tape de production de l\u2019\u0153uvre en tant que telle, \u00e0 la peinture acrylique, me permet d\u2019augmenter l\u2019image avec des d\u00e9tails et des textures. Mes \u0153uvres traduisent en g\u00e9n\u00e9ral divers effets de lumi\u00e8re (transparence, dispersion, r\u00e9flexion\u2026) appr\u00e9hend\u00e9s \u00e0 la fois globalement dans l\u2019image, mais aussi sp\u00e9cifiquement en portant attention \u00e0 l\u2019interaction de l\u2019\u00e9clairage avec chaque surface. C\u2019est un point important pour moi car c\u2019est la lumi\u00e8re qui influe sur notre perception \u00e9motionnelle des choses.<\/p>\n<p>De l\u2019insecte au paysage, j\u2019aime repr\u00e9senter les composantes de la biodiversit\u00e9 \u00e0 des \u00e9chelles vari\u00e9es. Mon but est de toucher \u00e0 la composante affective du milieu naturel en suscitant un sentiment d\u2019appartenance, de faire preuve de sensibilit\u00e9 \u00e0 l\u2019\u00e9gard des effets du milieu naturel sur notre bien-\u00eatre, et de valoriser la richesse de notre capital naturel en puisant dans ma biblioth\u00e8que de souvenirs\u2026 et<br \/>\nde livres!<\/p>\n<h2>Formation<\/h2>\n\n<table id=\"tablepress-2\" class=\"tablepress tablepress-id-2\">\n<thead>\n<tr class=\"row-1\">\n\t<th class=\"column-1\">Ann\u00e9e<\/th><th class=\"column-2\">Institution\/Professeur<\/th><th class=\"column-3\">Programme<\/th>\n<\/tr>\n<\/thead>\n<tbody class=\"row-striping\">\n<tr class=\"row-2\">\n\t<td class=\"column-1\">2012-2016<\/td><td class=\"column-2\">C\u00e9gep du Vieux-Montr\u00e9al<\/td><td class=\"column-3\">Dessin anim\u00e9<\/td>\n<\/tr>\n<\/tbody>\n<\/table>\n<!-- #tablepress-2 from cache -->\n<h2>Expositions<\/h2>\n\n<table id=\"tablepress-3\" class=\"tablepress tablepress-id-3 tbody-has-connected-cells\">\n<thead>\n<tr class=\"row-1\">\n\t<th class=\"column-1\">Ann\u00e9e<\/th><th class=\"column-2\">Nom<\/th><th class=\"column-3\">Endroit<\/th>\n<\/tr>\n<\/thead>\n<tbody class=\"row-striping\">\n<tr class=\"row-2\">\n\t<td colspan=\"3\" class=\"column-1\">Collectives<\/td>\n<\/tr>\n<tr class=\"row-3\">\n\t<td class=\"column-1\">2024<\/td><td class=\"column-2\">Expo Galerie AAPARS<\/td><td class=\"column-3\">Centre multifonctionnel Francine-Gadbois de Boucherville<\/td>\n<\/tr>\n<tr class=\"row-4\">\n\t<td class=\"column-1\">2023<\/td><td class=\"column-2\">March\u00e9 de No\u00ebl St. Raymond Parish<\/td><td class=\"column-3\">Complexe Rom\u00e9o-V.-Patenaude, Candiac<\/td>\n<\/tr>\n<tr class=\"row-5\">\n\t<td class=\"column-1\">2018<\/td><td class=\"column-2\">March\u00e9 Bidules et Boustifailles<\/td><td class=\"column-3\">Centre Multifonctionnel de Saint-Lambert<\/td>\n<\/tr>\n<\/tbody>\n<\/table>\n<!-- #tablepress-3 from cache -->\n<h2>Reconnaissances<\/h2>\n\n<table id=\"tablepress-5\" class=\"tablepress tablepress-id-5\">\n<thead>\n<tr class=\"row-1\">\n\t<th class=\"column-1\">Ann\u00e9e<\/th><th class=\"column-2\">Nom<\/th><th class=\"column-3\">Endroit de remise<\/th>\n<\/tr>\n<\/thead>\n<tbody class=\"row-striping\">\n<tr class=\"row-2\">\n\t<td class=\"column-1\">2016<\/td><td class=\"column-2\">Bourse Pascal Blais Animation<\/td><td class=\"column-3\">C\u00e9gep du Vieux-Montr\u00e9al<\/td>\n<\/tr>\n<\/tbody>\n<\/table>\n<!-- #tablepress-5 from cache -->\n<h2>Biographie<\/h2>\n<p>J\u2019ai grandi \u00e0 Boucherville avec une m\u00e8re artiste peintre amatrice et un p\u00e8re amoureux de la nature qui m\u2019ont transmis tr\u00e8s t\u00f4t leurs passions. \u00c9tant une enfant observatrice et curieuse, je passais des heures avec mes guides d\u2019identification \u00e0 observer avec attention le monde ext\u00e9rieur.<\/p>\n<p>Bien qu\u2019ayant appris jeune, je peins de fa\u00e7on continue depuis 2020. D\u2019abord essentiellement autodidacte, j\u2019ai constamment entretenu un int\u00e9r\u00eat pour l\u2019exp\u00e9rimentation de diff\u00e9rents m\u00e9diums comme l\u2019huile, l\u2019acrylique, le pastel, le fusain, etc. Par la suite, ma formation coll\u00e9giale en dessin anim\u00e9 a \u00e9toff\u00e9 mes habilet\u00e9s artistiques et num\u00e9riques.<\/p>\n<p>Mon m\u00e9dium de pr\u00e9dilection demeure depuis longtemps l\u2019acrylique puisqu\u2019elle me permet de travailler avec rapidit\u00e9 et facilit\u00e9 sur la toile selon l\u2019impression voulue. Mes \u0153uvres se distinguent par l\u2019attention au d\u00e9tail ainsi que le travail de la lumi\u00e8re et de ses ambiances feutr\u00e9es. Sans m\u2019y limiter, les sujets qui me passionnent actuellement sont la faune, la flore et les paysages du Qu\u00e9bec.<\/p>\n","protected":false},"excerpt":{"rendered":"<p>D\u00e9marche Tout naturellement, mes int\u00e9r\u00eats se concentrent autour du paysage et de ses composantes. Il s\u2019agit de mat\u00e9rialiser l\u2019\u00e9motion ressentie lors de la visualisation d\u2019un lieu ou d\u2019un objet, de permettre \u00e0 l\u2019observateur de la \u00ab visiter \u00bb : l\u2019art visuel est le moyen le plus simple pour moi d\u2019y parvenir, m\u00eame si \u00e7a reste &#8230; <\/p>\n<p class=\"read-more-container\"><a title=\"Claire Beauregard\" class=\"read-more button\" href=\"https:\/\/aapars.com\/claire-beauregard\/#more-30\" aria-label=\"En savoir plus sur Claire Beauregard\">Lire plus<\/a><\/p>\n","protected":false},"author":4069,"featured_media":0,"parent":0,"menu_order":0,"comment_status":"closed","ping_status":"closed","template":"","meta":{"_s2mail":"yes","ngg_post_thumbnail":0,"iawp_total_views":142,"footnotes":""},"class_list":["post-30","page","type-page","status-publish"],"yoast_head":"<!-- This site is optimized with the Yoast SEO plugin v27.3 - https:\/\/yoast.com\/product\/yoast-seo-wordpress\/ -->\n<title>Claire Beauregard | Un site de la galerie virtuelle de l&#039;AAPARS<\/title>\n<meta name=\"description\" content=\"D\u00e9marche Tout naturellement, mes int\u00e9r\u00eats se concentrent autour du paysage et de ses composantes. Il s\u2019agit de mat\u00e9rialiser l\u2019\u00e9motion ressentie lors de la\" \/>\n<meta name=\"robots\" content=\"index, follow, max-snippet:-1, max-image-preview:large, max-video-preview:-1\" \/>\n<link rel=\"canonical\" href=\"https:\/\/aapars.com\/claire-beauregard\/\" \/>\n<meta property=\"og:locale\" content=\"fr_FR\" \/>\n<meta property=\"og:type\" content=\"article\" \/>\n<meta property=\"og:title\" content=\"Claire Beauregard | Un site de la galerie virtuelle de l&#039;AAPARS\" \/>\n<meta property=\"og:description\" content=\"D\u00e9marche Tout naturellement, mes int\u00e9r\u00eats se concentrent autour du paysage et de ses composantes. Il s\u2019agit de mat\u00e9rialiser l\u2019\u00e9motion ressentie lors de la\" \/>\n<meta property=\"og:url\" content=\"https:\/\/aapars.com\/claire-beauregard\/\" \/>\n<meta property=\"og:site_name\" content=\"Claire Beauregard\" \/>\n<meta property=\"article:modified_time\" content=\"2024-04-05T17:18:17+00:00\" \/>\n<meta property=\"og:image\" content=\"https:\/\/aapars.com\/claire-beauregard\/files\/2024\/04\/CBeauregard-photo-214x300.jpg\" \/>\n<meta name=\"twitter:label1\" content=\"Dur\u00e9e de lecture estim\u00e9e\" \/>\n\t<meta name=\"twitter:data1\" content=\"3 minutes\" \/>\n<script type=\"application\/ld+json\" class=\"yoast-schema-graph\">{\"@context\":\"https:\\\/\\\/schema.org\",\"@graph\":[{\"@type\":\"WebPage\",\"@id\":\"https:\\\/\\\/aapars.com\\\/claire-beauregard\\\/\",\"url\":\"https:\\\/\\\/aapars.com\\\/claire-beauregard\\\/\",\"name\":\"Claire Beauregard | Un site de la galerie virtuelle de l&#039;AAPARS\",\"isPartOf\":{\"@id\":\"https:\\\/\\\/aapars.com\\\/claire-beauregard\\\/#website\"},\"primaryImageOfPage\":{\"@id\":\"https:\\\/\\\/aapars.com\\\/claire-beauregard\\\/#primaryimage\"},\"image\":{\"@id\":\"https:\\\/\\\/aapars.com\\\/claire-beauregard\\\/#primaryimage\"},\"thumbnailUrl\":\"https:\\\/\\\/aapars.com\\\/claire-beauregard\\\/files\\\/2024\\\/04\\\/CBeauregard-photo-214x300.jpg\",\"datePublished\":\"2010-10-03T05:11:36+00:00\",\"dateModified\":\"2024-04-05T17:18:17+00:00\",\"description\":\"D\u00e9marche Tout naturellement, mes int\u00e9r\u00eats se concentrent autour du paysage et de ses composantes. Il s\u2019agit de mat\u00e9rialiser l\u2019\u00e9motion ressentie lors de la\",\"breadcrumb\":{\"@id\":\"https:\\\/\\\/aapars.com\\\/claire-beauregard\\\/#breadcrumb\"},\"inLanguage\":\"fr-FR\",\"potentialAction\":[{\"@type\":\"ReadAction\",\"target\":[\"https:\\\/\\\/aapars.com\\\/claire-beauregard\\\/\"]}]},{\"@type\":\"ImageObject\",\"inLanguage\":\"fr-FR\",\"@id\":\"https:\\\/\\\/aapars.com\\\/claire-beauregard\\\/#primaryimage\",\"url\":\"https:\\\/\\\/aapars.com\\\/claire-beauregard\\\/files\\\/2024\\\/04\\\/CBeauregard-photo-e1712258445339.jpg\",\"contentUrl\":\"https:\\\/\\\/aapars.com\\\/claire-beauregard\\\/files\\\/2024\\\/04\\\/CBeauregard-photo-e1712258445339.jpg\",\"width\":150,\"height\":210,\"caption\":\"Claire Beauregard\"},{\"@type\":\"BreadcrumbList\",\"@id\":\"https:\\\/\\\/aapars.com\\\/claire-beauregard\\\/#breadcrumb\",\"itemListElement\":[{\"@type\":\"ListItem\",\"position\":1,\"name\":\"Accueil\",\"item\":\"https:\\\/\\\/aapars.com\\\/claire-beauregard\\\/\"},{\"@type\":\"ListItem\",\"position\":2,\"name\":\"Claire Beauregard\"}]},{\"@type\":\"WebSite\",\"@id\":\"https:\\\/\\\/aapars.com\\\/claire-beauregard\\\/#website\",\"url\":\"https:\\\/\\\/aapars.com\\\/claire-beauregard\\\/\",\"name\":\"Claire Beauregard\",\"description\":\"Un site de la galerie virtuelle de l&#039;AAPARS\",\"publisher\":{\"@id\":\"https:\\\/\\\/aapars.com\\\/claire-beauregard\\\/#\\\/schema\\\/person\\\/67e727643cc38d6d0d58bde5c504a2f5\"},\"potentialAction\":[{\"@type\":\"SearchAction\",\"target\":{\"@type\":\"EntryPoint\",\"urlTemplate\":\"https:\\\/\\\/aapars.com\\\/claire-beauregard\\\/?s={search_term_string}\"},\"query-input\":{\"@type\":\"PropertyValueSpecification\",\"valueRequired\":true,\"valueName\":\"search_term_string\"}}],\"inLanguage\":\"fr-FR\"},{\"@type\":[\"Person\",\"Organization\"],\"@id\":\"https:\\\/\\\/aapars.com\\\/claire-beauregard\\\/#\\\/schema\\\/person\\\/67e727643cc38d6d0d58bde5c504a2f5\",\"name\":\"Jean Test\",\"image\":{\"@type\":\"ImageObject\",\"inLanguage\":\"fr-FR\",\"@id\":\"https:\\\/\\\/aapars.com\\\/claire-beauregard\\\/files\\\/2024\\\/03\\\/logo-aapars-@2x.png\",\"url\":\"https:\\\/\\\/aapars.com\\\/claire-beauregard\\\/files\\\/2024\\\/03\\\/logo-aapars-@2x.png\",\"contentUrl\":\"https:\\\/\\\/aapars.com\\\/claire-beauregard\\\/files\\\/2024\\\/03\\\/logo-aapars-@2x.png\",\"width\":560,\"height\":306,\"caption\":\"Jean Test\"},\"logo\":{\"@id\":\"https:\\\/\\\/aapars.com\\\/claire-beauregard\\\/files\\\/2024\\\/03\\\/logo-aapars-@2x.png\"}}]}<\/script>\n<!-- \/ Yoast SEO plugin. -->","yoast_head_json":{"title":"Claire Beauregard | Un site de la galerie virtuelle de l&#039;AAPARS","description":"D\u00e9marche Tout naturellement, mes int\u00e9r\u00eats se concentrent autour du paysage et de ses composantes. Il s\u2019agit de mat\u00e9rialiser l\u2019\u00e9motion ressentie lors de la","robots":{"index":"index","follow":"follow","max-snippet":"max-snippet:-1","max-image-preview":"max-image-preview:large","max-video-preview":"max-video-preview:-1"},"canonical":"https:\/\/aapars.com\/claire-beauregard\/","og_locale":"fr_FR","og_type":"article","og_title":"Claire Beauregard | Un site de la galerie virtuelle de l&#039;AAPARS","og_description":"D\u00e9marche Tout naturellement, mes int\u00e9r\u00eats se concentrent autour du paysage et de ses composantes. Il s\u2019agit de mat\u00e9rialiser l\u2019\u00e9motion ressentie lors de la","og_url":"https:\/\/aapars.com\/claire-beauregard\/","og_site_name":"Claire Beauregard","article_modified_time":"2024-04-05T17:18:17+00:00","og_image":[{"url":"https:\/\/aapars.com\/claire-beauregard\/files\/2024\/04\/CBeauregard-photo-214x300.jpg","type":"","width":"","height":""}],"twitter_misc":{"Dur\u00e9e de lecture estim\u00e9e":"3 minutes"},"schema":{"@context":"https:\/\/schema.org","@graph":[{"@type":"WebPage","@id":"https:\/\/aapars.com\/claire-beauregard\/","url":"https:\/\/aapars.com\/claire-beauregard\/","name":"Claire Beauregard | Un site de la galerie virtuelle de l&#039;AAPARS","isPartOf":{"@id":"https:\/\/aapars.com\/claire-beauregard\/#website"},"primaryImageOfPage":{"@id":"https:\/\/aapars.com\/claire-beauregard\/#primaryimage"},"image":{"@id":"https:\/\/aapars.com\/claire-beauregard\/#primaryimage"},"thumbnailUrl":"https:\/\/aapars.com\/claire-beauregard\/files\/2024\/04\/CBeauregard-photo-214x300.jpg","datePublished":"2010-10-03T05:11:36+00:00","dateModified":"2024-04-05T17:18:17+00:00","description":"D\u00e9marche Tout naturellement, mes int\u00e9r\u00eats se concentrent autour du paysage et de ses composantes. Il s\u2019agit de mat\u00e9rialiser l\u2019\u00e9motion ressentie lors de la","breadcrumb":{"@id":"https:\/\/aapars.com\/claire-beauregard\/#breadcrumb"},"inLanguage":"fr-FR","potentialAction":[{"@type":"ReadAction","target":["https:\/\/aapars.com\/claire-beauregard\/"]}]},{"@type":"ImageObject","inLanguage":"fr-FR","@id":"https:\/\/aapars.com\/claire-beauregard\/#primaryimage","url":"https:\/\/aapars.com\/claire-beauregard\/files\/2024\/04\/CBeauregard-photo-e1712258445339.jpg","contentUrl":"https:\/\/aapars.com\/claire-beauregard\/files\/2024\/04\/CBeauregard-photo-e1712258445339.jpg","width":150,"height":210,"caption":"Claire Beauregard"},{"@type":"BreadcrumbList","@id":"https:\/\/aapars.com\/claire-beauregard\/#breadcrumb","itemListElement":[{"@type":"ListItem","position":1,"name":"Accueil","item":"https:\/\/aapars.com\/claire-beauregard\/"},{"@type":"ListItem","position":2,"name":"Claire Beauregard"}]},{"@type":"WebSite","@id":"https:\/\/aapars.com\/claire-beauregard\/#website","url":"https:\/\/aapars.com\/claire-beauregard\/","name":"Claire Beauregard","description":"Un site de la galerie virtuelle de l&#039;AAPARS","publisher":{"@id":"https:\/\/aapars.com\/claire-beauregard\/#\/schema\/person\/67e727643cc38d6d0d58bde5c504a2f5"},"potentialAction":[{"@type":"SearchAction","target":{"@type":"EntryPoint","urlTemplate":"https:\/\/aapars.com\/claire-beauregard\/?s={search_term_string}"},"query-input":{"@type":"PropertyValueSpecification","valueRequired":true,"valueName":"search_term_string"}}],"inLanguage":"fr-FR"},{"@type":["Person","Organization"],"@id":"https:\/\/aapars.com\/claire-beauregard\/#\/schema\/person\/67e727643cc38d6d0d58bde5c504a2f5","name":"Jean Test","image":{"@type":"ImageObject","inLanguage":"fr-FR","@id":"https:\/\/aapars.com\/claire-beauregard\/files\/2024\/03\/logo-aapars-@2x.png","url":"https:\/\/aapars.com\/claire-beauregard\/files\/2024\/03\/logo-aapars-@2x.png","contentUrl":"https:\/\/aapars.com\/claire-beauregard\/files\/2024\/03\/logo-aapars-@2x.png","width":560,"height":306,"caption":"Jean Test"},"logo":{"@id":"https:\/\/aapars.com\/claire-beauregard\/files\/2024\/03\/logo-aapars-@2x.png"}}]}},"_links":{"self":[{"href":"https:\/\/aapars.com\/claire-beauregard\/wp-json\/wp\/v2\/pages\/30","targetHints":{"allow":["GET"]}}],"collection":[{"href":"https:\/\/aapars.com\/claire-beauregard\/wp-json\/wp\/v2\/pages"}],"about":[{"href":"https:\/\/aapars.com\/claire-beauregard\/wp-json\/wp\/v2\/types\/page"}],"author":[{"embeddable":true,"href":"https:\/\/aapars.com\/claire-beauregard\/wp-json\/wp\/v2\/users\/4069"}],"replies":[{"embeddable":true,"href":"https:\/\/aapars.com\/claire-beauregard\/wp-json\/wp\/v2\/comments?post=30"}],"version-history":[{"count":7,"href":"https:\/\/aapars.com\/claire-beauregard\/wp-json\/wp\/v2\/pages\/30\/revisions"}],"predecessor-version":[{"id":386,"href":"https:\/\/aapars.com\/claire-beauregard\/wp-json\/wp\/v2\/pages\/30\/revisions\/386"}],"wp:attachment":[{"href":"https:\/\/aapars.com\/claire-beauregard\/wp-json\/wp\/v2\/media?parent=30"}],"curies":[{"name":"wp","href":"https:\/\/api.w.org\/{rel}","templated":true}]}}