{"id":7,"date":"2010-10-03T14:04:32","date_gmt":"2010-10-03T18:04:32","guid":{"rendered":"https:\/\/aapars.com\/site-gabarit\/"},"modified":"2022-01-26T15:22:00","modified_gmt":"2022-01-26T20:22:00","slug":"portfolio","status":"publish","type":"page","link":"https:\/\/aapars.com\/chantal-paquin\/portfolio\/","title":{"rendered":"Portfolio"},"content":{"rendered":"<h2>Fruits et c\u00e9ramiques<\/h2>\nngg_shortcode_0_placeholder\n<h2>Paysages<\/h2>\nngg_shortcode_1_placeholder\n<h2>Le Fleuve Saint-Laurent<\/h2>\nngg_shortcode_2_placeholder\n<h2>Fen\u00eatre sur l&#8217;\u00e9t\u00e9<\/h2>\nngg_shortcode_3_placeholder\n<h2>Paysages de Mont-Saint-Hilaire<\/h2>\nngg_shortcode_4_placeholder\n<h2>Arbres et saisons<\/h2>\nngg_shortcode_5_placeholder\n<h2>Natures mortes<\/h2>\nngg_shortcode_6_placeholder\n<h2>Expression libre<\/h2>\nngg_shortcode_7_placeholder\n<h2>Personnages<\/h2>\nngg_shortcode_8_placeholder\n","protected":false},"excerpt":{"rendered":"<p>Fruits et c\u00e9ramiques Paysages Le Fleuve Saint-Laurent Fen\u00eatre sur l&#8217;\u00e9t\u00e9 Paysages de Mont-Saint-Hilaire Arbres et saisons Natures mortes Expression libre Personnages<\/p>\n","protected":false},"author":497,"featured_media":0,"parent":0,"menu_order":1,"comment_status":"closed","ping_status":"closed","template":"","meta":{"_s2mail":"yes","ngg_post_thumbnail":0,"iawp_total_views":80,"footnotes":""},"class_list":["post-7","page","type-page","status-publish"],"yoast_head":"<!-- This site is optimized with the Yoast SEO plugin v27.3 - https:\/\/yoast.com\/product\/yoast-seo-wordpress\/ -->\n<title>Portfolio - Chantal Paquin - Un site de la galerie virtuelle de l&#039;AAPARS<\/title>\n<meta name=\"description\" content=\"Fruits et c\u00e9ramiques Paysages Le Fleuve Saint-Laurent Fen\u00eatre sur l&#039;\u00e9t\u00e9 Paysages de Mont-Saint-Hilaire Arbres et saisons Natures mortes Expression libre\" \/>\n<meta name=\"robots\" content=\"index, follow, max-snippet:-1, max-image-preview:large, max-video-preview:-1\" \/>\n<link rel=\"canonical\" href=\"https:\/\/aapars.com\/chantal-paquin\/portfolio\/\" \/>\n<meta property=\"og:locale\" content=\"fr_FR\" \/>\n<meta property=\"og:type\" content=\"article\" \/>\n<meta property=\"og:title\" content=\"Portfolio - Chantal Paquin - Un site de la galerie virtuelle de l&#039;AAPARS\" \/>\n<meta property=\"og:description\" content=\"Fruits et c\u00e9ramiques Paysages Le Fleuve Saint-Laurent Fen\u00eatre sur l&#039;\u00e9t\u00e9 Paysages de Mont-Saint-Hilaire Arbres et saisons Natures mortes Expression libre\" \/>\n<meta property=\"og:url\" content=\"https:\/\/aapars.com\/chantal-paquin\/portfolio\/\" \/>\n<meta property=\"og:site_name\" content=\"Chantal Paquin\" \/>\n<meta property=\"article:modified_time\" content=\"2022-01-26T20:22:00+00:00\" \/>\n<meta name=\"twitter:label1\" content=\"Dur\u00e9e de lecture estim\u00e9e\" \/>\n\t<meta name=\"twitter:data1\" content=\"1 minute\" \/>\n<script type=\"application\/ld+json\" class=\"yoast-schema-graph\">{\"@context\":\"https:\\\/\\\/schema.org\",\"@graph\":[{\"@type\":\"WebPage\",\"@id\":\"https:\\\/\\\/aapars.com\\\/chantal-paquin\\\/portfolio\\\/\",\"url\":\"https:\\\/\\\/aapars.com\\\/chantal-paquin\\\/portfolio\\\/\",\"name\":\"Portfolio - Chantal Paquin - Un site de la galerie virtuelle de l&#039;AAPARS\",\"isPartOf\":{\"@id\":\"https:\\\/\\\/aapars.com\\\/chantal-paquin\\\/#website\"},\"datePublished\":\"2010-10-03T18:04:32+00:00\",\"dateModified\":\"2022-01-26T20:22:00+00:00\",\"description\":\"Fruits et c\u00e9ramiques Paysages Le Fleuve Saint-Laurent Fen\u00eatre sur l'\u00e9t\u00e9 Paysages de Mont-Saint-Hilaire Arbres et saisons Natures mortes Expression libre\",\"breadcrumb\":{\"@id\":\"https:\\\/\\\/aapars.com\\\/chantal-paquin\\\/portfolio\\\/#breadcrumb\"},\"inLanguage\":\"fr-FR\",\"potentialAction\":[{\"@type\":\"ReadAction\",\"target\":[\"https:\\\/\\\/aapars.com\\\/chantal-paquin\\\/portfolio\\\/\"]}]},{\"@type\":\"BreadcrumbList\",\"@id\":\"https:\\\/\\\/aapars.com\\\/chantal-paquin\\\/portfolio\\\/#breadcrumb\",\"itemListElement\":[{\"@type\":\"ListItem\",\"position\":1,\"name\":\"Accueil\",\"item\":\"https:\\\/\\\/aapars.com\\\/chantal-paquin\\\/\"},{\"@type\":\"ListItem\",\"position\":2,\"name\":\"Portfolio\"}]},{\"@type\":\"WebSite\",\"@id\":\"https:\\\/\\\/aapars.com\\\/chantal-paquin\\\/#website\",\"url\":\"https:\\\/\\\/aapars.com\\\/chantal-paquin\\\/\",\"name\":\"Chantal Paquin\",\"description\":\"Un site de la galerie virtuelle de l&#039;AAPARS\",\"publisher\":{\"@id\":\"https:\\\/\\\/aapars.com\\\/chantal-paquin\\\/#organization\"},\"potentialAction\":[{\"@type\":\"SearchAction\",\"target\":{\"@type\":\"EntryPoint\",\"urlTemplate\":\"https:\\\/\\\/aapars.com\\\/chantal-paquin\\\/?s={search_term_string}\"},\"query-input\":{\"@type\":\"PropertyValueSpecification\",\"valueRequired\":true,\"valueName\":\"search_term_string\"}}],\"inLanguage\":\"fr-FR\"},{\"@type\":\"Organization\",\"@id\":\"https:\\\/\\\/aapars.com\\\/chantal-paquin\\\/#organization\",\"name\":\"Chantal Paquin\",\"url\":\"https:\\\/\\\/aapars.com\\\/chantal-paquin\\\/\",\"logo\":{\"@type\":\"ImageObject\",\"inLanguage\":\"fr-FR\",\"@id\":\"https:\\\/\\\/aapars.com\\\/chantal-paquin\\\/#\\\/schema\\\/logo\\\/image\\\/\",\"url\":\"https:\\\/\\\/aapars.com\\\/chantal-paquin\\\/files\\\/2012\\\/04\\\/logo-aapars-@2x.png\",\"contentUrl\":\"https:\\\/\\\/aapars.com\\\/chantal-paquin\\\/files\\\/2012\\\/04\\\/logo-aapars-@2x.png\",\"width\":560,\"height\":306,\"caption\":\"Chantal Paquin\"},\"image\":{\"@id\":\"https:\\\/\\\/aapars.com\\\/chantal-paquin\\\/#\\\/schema\\\/logo\\\/image\\\/\"}}]}<\/script>\n<!-- \/ Yoast SEO plugin. -->","yoast_head_json":{"title":"Portfolio - Chantal Paquin - Un site de la galerie virtuelle de l&#039;AAPARS","description":"Fruits et c\u00e9ramiques Paysages Le Fleuve Saint-Laurent Fen\u00eatre sur l'\u00e9t\u00e9 Paysages de Mont-Saint-Hilaire Arbres et saisons Natures mortes Expression libre","robots":{"index":"index","follow":"follow","max-snippet":"max-snippet:-1","max-image-preview":"max-image-preview:large","max-video-preview":"max-video-preview:-1"},"canonical":"https:\/\/aapars.com\/chantal-paquin\/portfolio\/","og_locale":"fr_FR","og_type":"article","og_title":"Portfolio - Chantal Paquin - Un site de la galerie virtuelle de l&#039;AAPARS","og_description":"Fruits et c\u00e9ramiques Paysages Le Fleuve Saint-Laurent Fen\u00eatre sur l'\u00e9t\u00e9 Paysages de Mont-Saint-Hilaire Arbres et saisons Natures mortes Expression libre","og_url":"https:\/\/aapars.com\/chantal-paquin\/portfolio\/","og_site_name":"Chantal Paquin","article_modified_time":"2022-01-26T20:22:00+00:00","twitter_misc":{"Dur\u00e9e de lecture estim\u00e9e":"1 minute"},"schema":{"@context":"https:\/\/schema.org","@graph":[{"@type":"WebPage","@id":"https:\/\/aapars.com\/chantal-paquin\/portfolio\/","url":"https:\/\/aapars.com\/chantal-paquin\/portfolio\/","name":"Portfolio - Chantal Paquin - Un site de la galerie virtuelle de l&#039;AAPARS","isPartOf":{"@id":"https:\/\/aapars.com\/chantal-paquin\/#website"},"datePublished":"2010-10-03T18:04:32+00:00","dateModified":"2022-01-26T20:22:00+00:00","description":"Fruits et c\u00e9ramiques Paysages Le Fleuve Saint-Laurent Fen\u00eatre sur l'\u00e9t\u00e9 Paysages de Mont-Saint-Hilaire Arbres et saisons Natures mortes Expression libre","breadcrumb":{"@id":"https:\/\/aapars.com\/chantal-paquin\/portfolio\/#breadcrumb"},"inLanguage":"fr-FR","potentialAction":[{"@type":"ReadAction","target":["https:\/\/aapars.com\/chantal-paquin\/portfolio\/"]}]},{"@type":"BreadcrumbList","@id":"https:\/\/aapars.com\/chantal-paquin\/portfolio\/#breadcrumb","itemListElement":[{"@type":"ListItem","position":1,"name":"Accueil","item":"https:\/\/aapars.com\/chantal-paquin\/"},{"@type":"ListItem","position":2,"name":"Portfolio"}]},{"@type":"WebSite","@id":"https:\/\/aapars.com\/chantal-paquin\/#website","url":"https:\/\/aapars.com\/chantal-paquin\/","name":"Chantal Paquin","description":"Un site de la galerie virtuelle de l&#039;AAPARS","publisher":{"@id":"https:\/\/aapars.com\/chantal-paquin\/#organization"},"potentialAction":[{"@type":"SearchAction","target":{"@type":"EntryPoint","urlTemplate":"https:\/\/aapars.com\/chantal-paquin\/?s={search_term_string}"},"query-input":{"@type":"PropertyValueSpecification","valueRequired":true,"valueName":"search_term_string"}}],"inLanguage":"fr-FR"},{"@type":"Organization","@id":"https:\/\/aapars.com\/chantal-paquin\/#organization","name":"Chantal Paquin","url":"https:\/\/aapars.com\/chantal-paquin\/","logo":{"@type":"ImageObject","inLanguage":"fr-FR","@id":"https:\/\/aapars.com\/chantal-paquin\/#\/schema\/logo\/image\/","url":"https:\/\/aapars.com\/chantal-paquin\/files\/2012\/04\/logo-aapars-@2x.png","contentUrl":"https:\/\/aapars.com\/chantal-paquin\/files\/2012\/04\/logo-aapars-@2x.png","width":560,"height":306,"caption":"Chantal Paquin"},"image":{"@id":"https:\/\/aapars.com\/chantal-paquin\/#\/schema\/logo\/image\/"}}]}},"_links":{"self":[{"href":"https:\/\/aapars.com\/chantal-paquin\/wp-json\/wp\/v2\/pages\/7","targetHints":{"allow":["GET"]}}],"collection":[{"href":"https:\/\/aapars.com\/chantal-paquin\/wp-json\/wp\/v2\/pages"}],"about":[{"href":"https:\/\/aapars.com\/chantal-paquin\/wp-json\/wp\/v2\/types\/page"}],"author":[{"embeddable":true,"href":"https:\/\/aapars.com\/chantal-paquin\/wp-json\/wp\/v2\/users\/497"}],"replies":[{"embeddable":true,"href":"https:\/\/aapars.com\/chantal-paquin\/wp-json\/wp\/v2\/comments?post=7"}],"version-history":[{"count":0,"href":"https:\/\/aapars.com\/chantal-paquin\/wp-json\/wp\/v2\/pages\/7\/revisions"}],"wp:attachment":[{"href":"https:\/\/aapars.com\/chantal-paquin\/wp-json\/wp\/v2\/media?parent=7"}],"curies":[{"name":"wp","href":"https:\/\/api.w.org\/{rel}","templated":true}]}}