{"id":2,"date":"2010-10-03T05:11:36","date_gmt":"2010-10-03T05:11:36","guid":{"rendered":"https:\/\/aapars.com\/jacques-landry\/?page_id=2"},"modified":"2023-09-14T23:36:58","modified_gmt":"2023-09-15T03:36:58","slug":"profil","status":"publish","type":"page","link":"https:\/\/aapars.com\/catherine-carbonnel\/","title":{"rendered":"Catherine Carbonnel"},"content":{"rendered":"<p><a href=\"https:\/\/aapars.com\/catherine-carbonnel\/files\/2011\/11\/CARBONNEL-CATHERINE-2011.jpg\"><img loading=\"lazy\" decoding=\"async\" class=\"alignnone size-thumbnail wp-image-42\" src=\"https:\/\/aapars.com\/catherine-carbonnel\/files\/2011\/11\/CARBONNEL-CATHERINE-2011-150x150.jpg\" alt=\"\" width=\"150\" height=\"150\"\/><\/a><\/p>\n\n<table id=\"tablepress-1\" class=\"tablepress tablepress-id-1\">\n<tbody class=\"row-striping\">\n<tr class=\"row-1\">\n\t<td class=\"column-1\">Technique :<\/td><td class=\"column-2\">Acrylique<\/td>\n<\/tr>\n<tr class=\"row-2\">\n\t<td class=\"column-1\">Affiliations professionelles :<\/td><td class=\"column-2\">AAPARS, TAC<br \/>\n<\/td>\n<\/tr>\n<tr class=\"row-3\">\n\t<td class=\"column-1\">Courriel :<\/td><td class=\"column-2\"><a href=\"mailto:catherinecarbonnel@videotron.ca\">catherinecarbonnel@videotron.ca<\/a><\/td>\n<\/tr>\n<tr class=\"row-4\">\n\t<td class=\"column-1\">Site Internet :<\/td><td class=\"column-2\"><a href=\"http:\/\/www.carbonnel.ca\">www.carbonnel.ca<\/a><\/td>\n<\/tr>\n<\/tbody>\n<\/table>\n<!-- #tablepress-1 from cache -->\n<h2>D\u00e9marche<\/h2>\n<p>Interpeller,intriguer,d\u00e9clencher une interrogation,une \u00e9motion:pour moi,l&#8217;art sert aussi \u00e0 cela.<br \/>\nJe cherche la libert\u00e9 du geste par l&#8217;utilisation de la spatule pour repr\u00e9senter l&#8217;essentiel du volume,de l&#8217;espace et de la lumi\u00e8re.Peindre avec spontan\u00e9it\u00e9,apposer la touche qui exprime le mieux l&#8217;\u00e9motion instinctive et \u00e9viter les d\u00e9tails qui emprisonnent et \u00e9touffent l&#8217;\u00e9lan cr\u00e9ateur.voil\u00e0 quand la magie op\u00e8re.<\/p>\n<h2><strong>MES PROCHAINES EXPOSITIONS<\/strong><\/h2>\n<div>\n<h3>Petits formats pour No\u00ebl \u00e0 Repentigny<\/h3>\n<div>\n<div>Publi\u00e9 7 d\u00e9cembre 2011 par Catherine Carbonnel dans <a title=\"Voir tous les articles dans Nouvelles\" href=\"http:\/\/danoulynn.com\/category\/nouvelles\/\" rel=\"category tag\">Nouvelles<\/a><\/div>\n<\/div>\n<div>\n<p>Le Centre d\u2019exposition de Repentigny pr\u00e9sente<\/p>\n<p align=\"LEFT\">Petits formats \u00e0 offrir pour No\u00ebl<\/p>\n<p align=\"LEFT\">Du 11 au 18 d\u00e9cembre 201<\/p>\n<p align=\"LEFT\">Le vernissage se d\u00e9roulera <strong>le dimanche 11 d\u00e9cembre \u00e0 14 h et je serai pr\u00e9sente . <\/strong><\/p>\n<p align=\"LEFT\">Les amateurs d\u2019art sont attendus en grand nombre au Centre d\u2019exposition de Repentigny durant la p\u00e9riode des f\u00eates. Des oeuvres originales de petit format y seront expos\u00e9es.Voici une occasion exceptionnelle de vous procurer ou d\u2019offrir des oeuvres d\u2019art exclusives tout en encourageant la production des cr\u00e9ateurs d\u2019ici et d\u2019ailleurs.Faites vite\u2026 l\u2019exposition ne durera qu\u2019une semaine !<\/p>\n<p align=\"LEFT\">Centre d\u2019exposition de Repentigny<\/p>\n<p align=\"LEFT\">3, place d\u2019\u00c9vry<\/p>\n<p align=\"LEFT\">Repentigny (Qu\u00e9bec) J6A 8H7<\/p>\n<p align=\"LEFT\">Horaire sp\u00e9cial du temps des f\u00eates :<\/p>\n<p align=\"LEFT\">Mardi, mercredi et jeudi : de 13 h \u00e0 17 h, 19 h \u00e0 21 h;<\/p>\n<p align=\"LEFT\">Vendredi, samedi et dimanche : de 13 h \u00e0 17 h.<\/p>\n<p align=\"LEFT\">Entr\u00e9e libre<\/p>\n<p align=\"LEFT\">Pour obtenir plus de d\u00e9tails sur l\u2019exposition, nous vous invitons \u00e0 consulter le site<\/p>\n<p align=\"LEFT\">Internet de la Ville de Repentigny :www.ville.repentigny.qc.ca\/expositions<\/p>\n<p>ou \u00e0 composer le 450 470-2787 pour joindre la ligne Info-Arts.<\/p>\n<\/div>\n<div>\n<div>0 Commentaires &#8211; <a title=\"Respond to Petits formats pour No\u00ebl \u00e0 Repentigny\" href=\"http:\/\/danoulynn.com\/2011\/12\/07\/petits-formats-pour-nol-repentigny\/#respond\">Laissez-moi un commentaire !<\/a><\/div>\n<\/div>\n<p><a href=\"http:\/\/danoulynn.com\/2011\/11\/21\/les-arts-semballent\/\" rel=\"prev\">\u00abArticle pr\u00e9c\u00e9dent<\/a><\/p>\n<\/div>\n\n<table id=\"tablepress-3\" class=\"tablepress tablepress-id-3 tbody-has-connected-cells\">\n<thead>\n<tr class=\"row-1\">\n\t<th class=\"column-1\">Ann\u00e9e<\/th><th class=\"column-2\">Nom<\/th><th class=\"column-3\">Endroit<\/th>\n<\/tr>\n<\/thead>\n<tbody class=\"row-striping\">\n<tr class=\"row-2\">\n\t<td colspan=\"3\" class=\"column-1\">Collectives<\/td>\n<\/tr>\n<tr class=\"row-3\">\n\t<td class=\"column-1\">2009<\/td><td class=\"column-2\">Toronto Art Expo<\/td><td class=\"column-3\">Toronto<\/td>\n<\/tr>\n<tr class=\"row-4\">\n\t<td class=\"column-1\">2009<\/td><td class=\"column-2\">Groupe des Dix<\/td><td class=\"column-3\">Mus\u00e9e R\u00e9gional de Saint-Jean-sur-Richelieu<\/td>\n<\/tr>\n<tr class=\"row-5\">\n\t<td class=\"column-1\">2009<\/td><td class=\"column-2\">Arts et Reflets<\/td><td class=\"column-3\">Ch\u00e2teau-Richer<\/td>\n<\/tr>\n<tr class=\"row-6\">\n\t<td class=\"column-1\">2009<\/td><td class=\"column-2\">Symposium des arts de Danville<\/td><td class=\"column-3\">Danville<\/td>\n<\/tr>\n<tr class=\"row-7\">\n\t<td class=\"column-1\">2009<\/td><td class=\"column-2\">Coloris sur la Baie<\/td><td class=\"column-3\">River Rock,Ontario<\/td>\n<\/tr>\n<tr class=\"row-8\">\n\t<td class=\"column-1\"> 2008-2009<\/td><td class=\"column-2\">Symposium de Sainte-Rose<\/td><td class=\"column-3\">Sainte-Rose<\/td>\n<\/tr>\n<tr class=\"row-9\">\n\t<td class=\"column-1\"> 2008<\/td><td class=\"column-2\">Place aux Artistes<\/td><td class=\"column-3\">Alma<\/td>\n<\/tr>\n<tr class=\"row-10\">\n\t<td class=\"column-1\"> 2007-2008-2009<\/td><td class=\"column-2\">Rencontre des Arts<\/td><td class=\"column-3\">Saint-Jean-sur-Richelieu<\/td>\n<\/tr>\n<tr class=\"row-11\">\n\t<td class=\"column-1\"> 2007-2008-2009<\/td><td class=\"column-2\">Couleurs Urbaines<\/td><td class=\"column-3\">Granby<\/td>\n<\/tr>\n<tr class=\"row-12\">\n\t<td class=\"column-1\"> 2007-2008-2009<\/td><td class=\"column-2\">Festival International Montr\u00e9al en art<\/td><td class=\"column-3\">Montr\u00e9al<\/td>\n<\/tr>\n<tr class=\"row-13\">\n\t<td class=\"column-1\"> 2007-2008<\/td><td class=\"column-2\">Symposium de peinture du Kamouraska<\/td><td class=\"column-3\">Kamouraska<\/td>\n<\/tr>\n<tr class=\"row-14\">\n\t<td class=\"column-1\">2006<\/td><td class=\"column-2\">Art et Passion<\/td><td class=\"column-3\">Sainte-Julie<\/td>\n<\/tr>\n<tr class=\"row-15\">\n\t<td class=\"column-1\"> 2005-2006<\/td><td class=\"column-2\">Mus\u00e9e dans la rue<\/td><td class=\"column-3\">Mus\u00e9e Marc-Aur\u00e8le Fortin<\/td>\n<\/tr>\n<tr class=\"row-16\">\n\t<td class=\"column-1\"> 2005-2006<\/td><td class=\"column-2\">Symposium des Rivi\u00e8res<\/td><td class=\"column-3\">Sherbrooke<\/td>\n<\/tr>\n<tr class=\"row-17\">\n\t<td class=\"column-1\">2005<\/td><td class=\"column-2\">La diversit\u00e9 dans l'art<\/td><td class=\"column-3\">Mus\u00e9e de Tunis<\/td>\n<\/tr>\n<tr class=\"row-18\">\n\t<td class=\"column-1\">2003<\/td><td class=\"column-2\">20e concours CAPSQ<\/td><td class=\"column-3\">Mus\u00e9e du Ch\u00e2teau Dufresne<\/td>\n<\/tr>\n<tr class=\"row-19\">\n\t<td class=\"column-1\"> 2001-2003-2006<\/td><td class=\"column-2\">Rencontres toutes tendances<\/td><td class=\"column-3\">Montr\u00e9al<\/td>\n<\/tr>\n<\/tbody>\n<\/table>\n<!-- #tablepress-3 from cache -->\n<h2>Galeries<\/h2>\n\n<table id=\"tablepress-4\" class=\"tablepress tablepress-id-4\">\n<thead>\n<tr class=\"row-1\">\n\t<th class=\"column-1\">Nom de la galerie<\/th><th class=\"column-2\">Lieu<\/th>\n<\/tr>\n<\/thead>\n<tbody class=\"row-striping\">\n<tr class=\"row-2\">\n\t<td class=\"column-1\">Galerie d'Art de Danville<\/td><td class=\"column-2\">Danville<\/td>\n<\/tr>\n<tr class=\"row-3\">\n\t<td class=\"column-1\">Minerva<\/td><td class=\"column-2\">Hull<\/td>\n<\/tr>\n<tr class=\"row-4\">\n\t<td class=\"column-1\">Galerie Berick<\/td><td class=\"column-2\">Bromont<\/td>\n<\/tr>\n<\/tbody>\n<\/table>\n<!-- #tablepress-4 from cache -->\n<h2>Reconnaissances<\/h2>\n\n<table id=\"tablepress-5\" class=\"tablepress tablepress-id-5\">\n<thead>\n<tr class=\"row-1\">\n\t<th class=\"column-1\">2011<\/th><th class=\"column-2\">2\u00e8me Mention du Jury<\/th><th class=\"column-3\">Peinture en \u00c9veil,Repentigny<br \/>\r\n<\/th>\n<\/tr>\n<\/thead>\n<tbody class=\"row-striping\">\n<tr class=\"row-2\">\n\t<td class=\"column-1\">2010<\/td><td class=\"column-2\">Mention Sp\u00e9ciale du Jury<\/td><td class=\"column-3\">Artistes sur le Champ.Chambly<\/td>\n<\/tr>\n<tr class=\"row-3\">\n\t<td class=\"column-1\">2010<\/td><td class=\"column-2\">3\u00e8me Prix du Jury<\/td><td class=\"column-3\">Art et Passion ,Ste-Julie<\/td>\n<\/tr>\n<tr class=\"row-4\">\n\t<td class=\"column-1\">2010<\/td><td class=\"column-2\">2e prix Art figuratif<\/td><td class=\"column-3\">Expo-concours annuel de l'AAPARS, Saint-Bruno-de-Montarville<\/td>\n<\/tr>\n<tr class=\"row-5\">\n\t<td class=\"column-1\">2008<\/td><td class=\"column-2\">Prix d'excellence pour l'ensemble de l'oeuvre<\/td><td class=\"column-3\">Montagne-Art,St-Hippolyte<\/td>\n<\/tr>\n<tr class=\"row-6\">\n\t<td class=\"column-1\">2008<\/td><td class=\"column-2\">3\u00e8me mention du jury<\/td><td class=\"column-3\">Sain-Jean-sur-Richelieu<\/td>\n<\/tr>\n<tr class=\"row-7\">\n\t<td class=\"column-1\">2003<\/td><td class=\"column-2\">Grande Distinction<\/td><td class=\"column-3\">CAPSQ<\/td>\n<\/tr>\n<tr class=\"row-8\">\n\t<td class=\"column-1\">2001<\/td><td class=\"column-2\">Grande Distinction<\/td><td class=\"column-3\">CAPSQ<\/td>\n<\/tr>\n<\/tbody>\n<\/table>\n<!-- #tablepress-5 from cache -->\n<h2>Collections<\/h2>\n\n<table id=\"tablepress-6\" class=\"tablepress tablepress-id-6\">\n<thead>\n<tr class=\"row-1\">\n\t<th class=\"column-1\">Cat\u00e9gorie<\/th><th class=\"column-2\">Nom du lieu<\/th><th class=\"column-3\">Ville<\/th>\n<\/tr>\n<\/thead>\n<tbody class=\"row-striping\">\n<tr class=\"row-2\">\n\t<td class=\"column-1\">Priv\u00e9e<\/td><td class=\"column-2\">Rolls Royce Canada<\/td><td class=\"column-3\"><\/td>\n<\/tr>\n<\/tbody>\n<\/table>\n<!-- #tablepress-6 from cache -->\n<h2>M\u00e9dias<\/h2>\n\n<table id=\"tablepress-7\" class=\"tablepress tablepress-id-7\">\n<thead>\n<tr class=\"row-1\">\n\t<th class=\"column-1\">Ann\u00e9e<\/th><th class=\"column-2\">Titre<\/th><th class=\"column-3\">Auteur<\/th><th class=\"column-4\">Source<\/th>\n<\/tr>\n<\/thead>\n<tbody class=\"row-striping\">\n<tr class=\"row-2\">\n\t<td class=\"column-1\">depuis 2006<\/td><td class=\"column-2\">R\u00e9pertoire Biennal des Artistes Canadiens en Galerie<\/td><td class=\"column-3\"><\/td><td class=\"column-4\">Magazin'Art<\/td>\n<\/tr>\n<tr class=\"row-3\">\n\t<td class=\"column-1\">2008<\/td><td class=\"column-2\">L'Art en soi expose \u00e0 Boucherville<\/td><td class=\"column-3\">Roxane Martin<\/td><td class=\"column-4\">L'Action R\u00e9gionale,Vol.14 No.31A<\/td>\n<\/tr>\n<tr class=\"row-4\">\n\t<td class=\"column-1\">2008<\/td><td class=\"column-2\">Une cure minceur pour la 18e Rencontre des Arts<\/td><td class=\"column-3\">Val\u00e9rie Legault<\/td><td class=\"column-4\">Le Canada Fran\u00e7ais<\/td>\n<\/tr>\n<tr class=\"row-5\">\n\t<td class=\"column-1\">2008<\/td><td class=\"column-2\">La Fiert\u00e9 Culturelle de Montagne-Art<\/td><td class=\"column-3\">Nathalie Vigneault<\/td><td class=\"column-4\">Le Sentier<\/td>\n<\/tr>\n<tr class=\"row-6\">\n\t<td class=\"column-1\">2007<\/td><td class=\"column-2\">Valentino<\/td><td class=\"column-3\">Roxane Martin<\/td><td class=\"column-4\">L'Action R\u00e9gionale,Vol.13 No.5B<\/td>\n<\/tr>\n<tr class=\"row-7\">\n\t<td class=\"column-1\">2007<\/td><td class=\"column-2\">Toujours un rendez-vous de qualit\u00e9<\/td><td class=\"column-3\">Michel Phaneuf<\/td><td class=\"column-4\">Le Canada Fran\u00e7ais<\/td>\n<\/tr>\n<\/tbody>\n<\/table>\n<!-- #tablepress-7 from cache -->\n","protected":false},"excerpt":{"rendered":"<p>D\u00e9marche Interpeller,intriguer,d\u00e9clencher une interrogation,une \u00e9motion:pour moi,l&#8217;art sert aussi \u00e0 cela. Je cherche la libert\u00e9 du geste par l&#8217;utilisation de la spatule pour repr\u00e9senter l&#8217;essentiel du volume,de l&#8217;espace et de la lumi\u00e8re.Peindre avec spontan\u00e9it\u00e9,apposer la touche qui exprime le mieux l&#8217;\u00e9motion instinctive et \u00e9viter les d\u00e9tails qui emprisonnent et \u00e9touffent l&#8217;\u00e9lan cr\u00e9ateur.voil\u00e0 quand la magie op\u00e8re. &#8230; <\/p>\n<p class=\"read-more-container\"><a title=\"Catherine Carbonnel\" class=\"read-more button\" href=\"https:\/\/aapars.com\/catherine-carbonnel\/#more-2\" aria-label=\"En savoir plus sur Catherine Carbonnel\">Lire plus<\/a><\/p>\n","protected":false},"author":24,"featured_media":0,"parent":0,"menu_order":0,"comment_status":"closed","ping_status":"closed","template":"","meta":{"_s2mail":"","ngg_post_thumbnail":0,"iawp_total_views":163,"footnotes":""},"class_list":["post-2","page","type-page","status-publish"],"yoast_head":"<!-- This site is optimized with the Yoast SEO plugin v27.5 - https:\/\/yoast.com\/product\/yoast-seo-wordpress\/ -->\n<title>Catherine Carbonnel - Catherine Carbonnel - Un site de la galerie virtuelle de l&#039;AAPARS<\/title>\n<meta name=\"description\" content=\"D\u00e9marche Interpeller,intriguer,d\u00e9clencher une interrogation,une \u00e9motion:pour moi,l&#039;art sert aussi \u00e0 cela. Je cherche la libert\u00e9 du geste par l&#039;utilisation\" \/>\n<meta name=\"robots\" content=\"index, follow, max-snippet:-1, max-image-preview:large, max-video-preview:-1\" \/>\n<link rel=\"canonical\" href=\"https:\/\/aapars.com\/catherine-carbonnel\/\" \/>\n<meta property=\"og:locale\" content=\"fr_FR\" \/>\n<meta property=\"og:type\" content=\"article\" \/>\n<meta property=\"og:title\" content=\"Catherine Carbonnel - Catherine Carbonnel - Un site de la galerie virtuelle de l&#039;AAPARS\" \/>\n<meta property=\"og:description\" content=\"D\u00e9marche Interpeller,intriguer,d\u00e9clencher une interrogation,une \u00e9motion:pour moi,l&#039;art sert aussi \u00e0 cela. Je cherche la libert\u00e9 du geste par l&#039;utilisation\" \/>\n<meta property=\"og:url\" content=\"https:\/\/aapars.com\/catherine-carbonnel\/\" \/>\n<meta property=\"og:site_name\" content=\"Catherine Carbonnel\" \/>\n<meta property=\"article:modified_time\" content=\"2023-09-15T03:36:58+00:00\" \/>\n<meta property=\"og:image\" content=\"https:\/\/aapars.com\/catherine-carbonnel\/files\/2011\/11\/CARBONNEL-CATHERINE-2011-150x150.jpg\" \/>\n<meta name=\"twitter:label1\" content=\"Dur\u00e9e de lecture estim\u00e9e\" \/>\n\t<meta name=\"twitter:data1\" content=\"2 minutes\" \/>\n<script type=\"application\/ld+json\" class=\"yoast-schema-graph\">{\"@context\":\"https:\\\/\\\/schema.org\",\"@graph\":[{\"@type\":\"WebPage\",\"@id\":\"https:\\\/\\\/aapars.com\\\/catherine-carbonnel\\\/\",\"url\":\"https:\\\/\\\/aapars.com\\\/catherine-carbonnel\\\/\",\"name\":\"Catherine Carbonnel - Catherine Carbonnel - Un site de la galerie virtuelle de l&#039;AAPARS\",\"isPartOf\":{\"@id\":\"https:\\\/\\\/aapars.com\\\/catherine-carbonnel\\\/#website\"},\"primaryImageOfPage\":{\"@id\":\"https:\\\/\\\/aapars.com\\\/catherine-carbonnel\\\/#primaryimage\"},\"image\":{\"@id\":\"https:\\\/\\\/aapars.com\\\/catherine-carbonnel\\\/#primaryimage\"},\"thumbnailUrl\":\"https:\\\/\\\/aapars.com\\\/catherine-carbonnel\\\/files\\\/2011\\\/11\\\/CARBONNEL-CATHERINE-2011-150x150.jpg\",\"datePublished\":\"2010-10-03T05:11:36+00:00\",\"dateModified\":\"2023-09-15T03:36:58+00:00\",\"description\":\"D\u00e9marche Interpeller,intriguer,d\u00e9clencher une interrogation,une \u00e9motion:pour moi,l'art sert aussi \u00e0 cela. Je cherche la libert\u00e9 du geste par l'utilisation\",\"breadcrumb\":{\"@id\":\"https:\\\/\\\/aapars.com\\\/catherine-carbonnel\\\/#breadcrumb\"},\"inLanguage\":\"fr-FR\",\"potentialAction\":[{\"@type\":\"ReadAction\",\"target\":[\"https:\\\/\\\/aapars.com\\\/catherine-carbonnel\\\/\"]}]},{\"@type\":\"ImageObject\",\"inLanguage\":\"fr-FR\",\"@id\":\"https:\\\/\\\/aapars.com\\\/catherine-carbonnel\\\/#primaryimage\",\"url\":\"https:\\\/\\\/aapars.com\\\/catherine-carbonnel\\\/files\\\/2011\\\/11\\\/CARBONNEL-CATHERINE-2011.jpg\",\"contentUrl\":\"https:\\\/\\\/aapars.com\\\/catherine-carbonnel\\\/files\\\/2011\\\/11\\\/CARBONNEL-CATHERINE-2011.jpg\",\"width\":1227,\"height\":1367},{\"@type\":\"BreadcrumbList\",\"@id\":\"https:\\\/\\\/aapars.com\\\/catherine-carbonnel\\\/#breadcrumb\",\"itemListElement\":[{\"@type\":\"ListItem\",\"position\":1,\"name\":\"Accueil\",\"item\":\"https:\\\/\\\/aapars.com\\\/catherine-carbonnel\\\/\"},{\"@type\":\"ListItem\",\"position\":2,\"name\":\"Catherine Carbonnel\"}]},{\"@type\":\"WebSite\",\"@id\":\"https:\\\/\\\/aapars.com\\\/catherine-carbonnel\\\/#website\",\"url\":\"https:\\\/\\\/aapars.com\\\/catherine-carbonnel\\\/\",\"name\":\"Catherine Carbonnel\",\"description\":\"Un site de la galerie virtuelle de l&#039;AAPARS\",\"publisher\":{\"@id\":\"https:\\\/\\\/aapars.com\\\/catherine-carbonnel\\\/#organization\"},\"potentialAction\":[{\"@type\":\"SearchAction\",\"target\":{\"@type\":\"EntryPoint\",\"urlTemplate\":\"https:\\\/\\\/aapars.com\\\/catherine-carbonnel\\\/?s={search_term_string}\"},\"query-input\":{\"@type\":\"PropertyValueSpecification\",\"valueRequired\":true,\"valueName\":\"search_term_string\"}}],\"inLanguage\":\"fr-FR\"},{\"@type\":\"Organization\",\"@id\":\"https:\\\/\\\/aapars.com\\\/catherine-carbonnel\\\/#organization\",\"name\":\"Catherine Carbonnel\",\"url\":\"https:\\\/\\\/aapars.com\\\/catherine-carbonnel\\\/\",\"logo\":{\"@type\":\"ImageObject\",\"inLanguage\":\"fr-FR\",\"@id\":\"https:\\\/\\\/aapars.com\\\/catherine-carbonnel\\\/#\\\/schema\\\/logo\\\/image\\\/\",\"url\":\"https:\\\/\\\/aapars.com\\\/catherine-carbonnel\\\/files\\\/2012\\\/04\\\/logo-aapars-@2x.png\",\"contentUrl\":\"https:\\\/\\\/aapars.com\\\/catherine-carbonnel\\\/files\\\/2012\\\/04\\\/logo-aapars-@2x.png\",\"width\":560,\"height\":306,\"caption\":\"Catherine Carbonnel\"},\"image\":{\"@id\":\"https:\\\/\\\/aapars.com\\\/catherine-carbonnel\\\/#\\\/schema\\\/logo\\\/image\\\/\"}}]}<\/script>\n<!-- \/ Yoast SEO plugin. -->","yoast_head_json":{"title":"Catherine Carbonnel - Catherine Carbonnel - Un site de la galerie virtuelle de l&#039;AAPARS","description":"D\u00e9marche Interpeller,intriguer,d\u00e9clencher une interrogation,une \u00e9motion:pour moi,l'art sert aussi \u00e0 cela. Je cherche la libert\u00e9 du geste par l'utilisation","robots":{"index":"index","follow":"follow","max-snippet":"max-snippet:-1","max-image-preview":"max-image-preview:large","max-video-preview":"max-video-preview:-1"},"canonical":"https:\/\/aapars.com\/catherine-carbonnel\/","og_locale":"fr_FR","og_type":"article","og_title":"Catherine Carbonnel - Catherine Carbonnel - Un site de la galerie virtuelle de l&#039;AAPARS","og_description":"D\u00e9marche Interpeller,intriguer,d\u00e9clencher une interrogation,une \u00e9motion:pour moi,l'art sert aussi \u00e0 cela. Je cherche la libert\u00e9 du geste par l'utilisation","og_url":"https:\/\/aapars.com\/catherine-carbonnel\/","og_site_name":"Catherine Carbonnel","article_modified_time":"2023-09-15T03:36:58+00:00","og_image":[{"url":"https:\/\/aapars.com\/catherine-carbonnel\/files\/2011\/11\/CARBONNEL-CATHERINE-2011-150x150.jpg","type":"","width":"","height":""}],"twitter_misc":{"Dur\u00e9e de lecture estim\u00e9e":"2 minutes"},"schema":{"@context":"https:\/\/schema.org","@graph":[{"@type":"WebPage","@id":"https:\/\/aapars.com\/catherine-carbonnel\/","url":"https:\/\/aapars.com\/catherine-carbonnel\/","name":"Catherine Carbonnel - Catherine Carbonnel - Un site de la galerie virtuelle de l&#039;AAPARS","isPartOf":{"@id":"https:\/\/aapars.com\/catherine-carbonnel\/#website"},"primaryImageOfPage":{"@id":"https:\/\/aapars.com\/catherine-carbonnel\/#primaryimage"},"image":{"@id":"https:\/\/aapars.com\/catherine-carbonnel\/#primaryimage"},"thumbnailUrl":"https:\/\/aapars.com\/catherine-carbonnel\/files\/2011\/11\/CARBONNEL-CATHERINE-2011-150x150.jpg","datePublished":"2010-10-03T05:11:36+00:00","dateModified":"2023-09-15T03:36:58+00:00","description":"D\u00e9marche Interpeller,intriguer,d\u00e9clencher une interrogation,une \u00e9motion:pour moi,l'art sert aussi \u00e0 cela. Je cherche la libert\u00e9 du geste par l'utilisation","breadcrumb":{"@id":"https:\/\/aapars.com\/catherine-carbonnel\/#breadcrumb"},"inLanguage":"fr-FR","potentialAction":[{"@type":"ReadAction","target":["https:\/\/aapars.com\/catherine-carbonnel\/"]}]},{"@type":"ImageObject","inLanguage":"fr-FR","@id":"https:\/\/aapars.com\/catherine-carbonnel\/#primaryimage","url":"https:\/\/aapars.com\/catherine-carbonnel\/files\/2011\/11\/CARBONNEL-CATHERINE-2011.jpg","contentUrl":"https:\/\/aapars.com\/catherine-carbonnel\/files\/2011\/11\/CARBONNEL-CATHERINE-2011.jpg","width":1227,"height":1367},{"@type":"BreadcrumbList","@id":"https:\/\/aapars.com\/catherine-carbonnel\/#breadcrumb","itemListElement":[{"@type":"ListItem","position":1,"name":"Accueil","item":"https:\/\/aapars.com\/catherine-carbonnel\/"},{"@type":"ListItem","position":2,"name":"Catherine Carbonnel"}]},{"@type":"WebSite","@id":"https:\/\/aapars.com\/catherine-carbonnel\/#website","url":"https:\/\/aapars.com\/catherine-carbonnel\/","name":"Catherine Carbonnel","description":"Un site de la galerie virtuelle de l&#039;AAPARS","publisher":{"@id":"https:\/\/aapars.com\/catherine-carbonnel\/#organization"},"potentialAction":[{"@type":"SearchAction","target":{"@type":"EntryPoint","urlTemplate":"https:\/\/aapars.com\/catherine-carbonnel\/?s={search_term_string}"},"query-input":{"@type":"PropertyValueSpecification","valueRequired":true,"valueName":"search_term_string"}}],"inLanguage":"fr-FR"},{"@type":"Organization","@id":"https:\/\/aapars.com\/catherine-carbonnel\/#organization","name":"Catherine Carbonnel","url":"https:\/\/aapars.com\/catherine-carbonnel\/","logo":{"@type":"ImageObject","inLanguage":"fr-FR","@id":"https:\/\/aapars.com\/catherine-carbonnel\/#\/schema\/logo\/image\/","url":"https:\/\/aapars.com\/catherine-carbonnel\/files\/2012\/04\/logo-aapars-@2x.png","contentUrl":"https:\/\/aapars.com\/catherine-carbonnel\/files\/2012\/04\/logo-aapars-@2x.png","width":560,"height":306,"caption":"Catherine Carbonnel"},"image":{"@id":"https:\/\/aapars.com\/catherine-carbonnel\/#\/schema\/logo\/image\/"}}]}},"_links":{"self":[{"href":"https:\/\/aapars.com\/catherine-carbonnel\/wp-json\/wp\/v2\/pages\/2","targetHints":{"allow":["GET"]}}],"collection":[{"href":"https:\/\/aapars.com\/catherine-carbonnel\/wp-json\/wp\/v2\/pages"}],"about":[{"href":"https:\/\/aapars.com\/catherine-carbonnel\/wp-json\/wp\/v2\/types\/page"}],"author":[{"embeddable":true,"href":"https:\/\/aapars.com\/catherine-carbonnel\/wp-json\/wp\/v2\/users\/24"}],"replies":[{"embeddable":true,"href":"https:\/\/aapars.com\/catherine-carbonnel\/wp-json\/wp\/v2\/comments?post=2"}],"version-history":[{"count":3,"href":"https:\/\/aapars.com\/catherine-carbonnel\/wp-json\/wp\/v2\/pages\/2\/revisions"}],"predecessor-version":[{"id":307,"href":"https:\/\/aapars.com\/catherine-carbonnel\/wp-json\/wp\/v2\/pages\/2\/revisions\/307"}],"wp:attachment":[{"href":"https:\/\/aapars.com\/catherine-carbonnel\/wp-json\/wp\/v2\/media?parent=2"}],"curies":[{"name":"wp","href":"https:\/\/api.w.org\/{rel}","templated":true}]}}